{"id":73,"date":"2021-11-18T10:05:39","date_gmt":"2021-11-18T09:05:39","guid":{"rendered":"https:\/\/blogs.uni-paderborn.de\/zwischenmiete\/?page_id=73"},"modified":"2023-04-04T13:24:48","modified_gmt":"2023-04-04T11:24:48","slug":"2017-2","status":"publish","type":"page","link":"https:\/\/blogs.uni-paderborn.de\/zwischenmiete\/2017-2\/","title":{"rendered":"2017\/18"},"content":{"rendered":"<div class=\"twoclick_social_bookmarks_post_73 social_share_privacy clearfix 1.6.4 locale-de_DE sprite-de_DE\"><\/div><div class=\"twoclick-js\"><script type=\"text\/javascript\">\/* <![CDATA[ *\/\njQuery(document).ready(function($){if($('.twoclick_social_bookmarks_post_73')){$('.twoclick_social_bookmarks_post_73').socialSharePrivacy({\"txt_help\":\"Wenn Sie diese Felder durch einen Klick aktivieren, werden Informationen an Facebook, Twitter, Flattr, Xing, t3n, LinkedIn, Pinterest oder Google eventuell ins Ausland \\u00fcbertragen und unter Umst\\u00e4nden auch dort gespeichert. N\\u00e4heres erfahren Sie durch einen Klick auf das <em>i<\\\/em>.\",\"settings_perma\":\"Dauerhaft aktivieren und Daten\\u00fcber-tragung zustimmen:\",\"info_link\":\"http:\\\/\\\/www.heise.de\\\/ct\\\/artikel\\\/2-Klicks-fuer-mehr-Datenschutz-1333879.html\",\"uri\":\"https:\\\/\\\/blogs.uni-paderborn.de\\\/zwischenmiete\\\/2017-2\\\/\",\"post_id\":73,\"post_title_referrer_track\":\"2017%2F18\",\"display_infobox\":\"on\"});}});\n\/* ]]> *\/<\/script><\/div>\n<h2 class=\"wp-block-heading\">Zwischenmiete x Wintergr\u00fcn \u2013 Wohnzimmerkonzerte in Paderborner Studierenden-WGs<\/h2>\n\n\n\n<p>Im Dezember 2017 pr\u00e4sentierte die Veranstaltungsreihe \u201eZwischenmiete x Wintergr\u00fcn\u201c Konzerte regionaler Musiker*innen in studentischen Wohngemeinschaften in Paderborn. An drei Tagen traten insgesamt f\u00fcnf Bands aus OWL und dar\u00fcber hinaus auf, die im Vorfeld von einer Jury ausgew\u00e4hlt wurden. Das musikalische Spektrum reichte dabei von Pop und Rock \u00fcber Singer-Songwriter*innen bis hin zu Hip-Hop. Die Konzerte in den Wohngemeinschaften waren auch per Livestream zu sehen, welcher in ausgew\u00e4hlten Gastronomiebetrieben in Paderborn gezeigt wurde.<\/p>\n\n\n\n<div class=\"wp-block-group\"><div class=\"wp-block-group__inner-container is-layout-flow wp-block-group-is-layout-flow\">\n<figure class=\"wp-block-gallery has-nested-images columns-default is-cropped wp-block-gallery-1 is-layout-flex wp-block-gallery-is-layout-flex\">\n<figure class=\"wp-block-image size-large\"><img loading=\"lazy\" decoding=\"async\" width=\"732\" height=\"1024\" data-id=\"388\" src=\"https:\/\/blogs.uni-paderborn.de\/zwischenmiete\/files\/2021\/12\/7.12.2017_Three-Dollar-Hat-Hopo-Pongo-732x1024.jpg\" alt=\"\" class=\"wp-image-388\" srcset=\"https:\/\/blogs.uni-paderborn.de\/zwischenmiete\/files\/2021\/12\/7.12.2017_Three-Dollar-Hat-Hopo-Pongo-732x1024.jpg 732w, https:\/\/blogs.uni-paderborn.de\/zwischenmiete\/files\/2021\/12\/7.12.2017_Three-Dollar-Hat-Hopo-Pongo-214x300.jpg 214w, https:\/\/blogs.uni-paderborn.de\/zwischenmiete\/files\/2021\/12\/7.12.2017_Three-Dollar-Hat-Hopo-Pongo-768x1074.jpg 768w, https:\/\/blogs.uni-paderborn.de\/zwischenmiete\/files\/2021\/12\/7.12.2017_Three-Dollar-Hat-Hopo-Pongo-1098x1536.jpg 1098w, https:\/\/blogs.uni-paderborn.de\/zwischenmiete\/files\/2021\/12\/7.12.2017_Three-Dollar-Hat-Hopo-Pongo.jpg 1464w\" sizes=\"auto, (max-width: 732px) 100vw, 732px\" \/><\/figure>\n\n\n\n<figure class=\"wp-block-image size-large\"><img loading=\"lazy\" decoding=\"async\" width=\"761\" height=\"1024\" data-id=\"389\" src=\"https:\/\/blogs.uni-paderborn.de\/zwischenmiete\/files\/2021\/12\/14.12.2017_Tizz-die-Einen-761x1024.png\" alt=\"\" class=\"wp-image-389\" srcset=\"https:\/\/blogs.uni-paderborn.de\/zwischenmiete\/files\/2021\/12\/14.12.2017_Tizz-die-Einen-761x1024.png 761w, https:\/\/blogs.uni-paderborn.de\/zwischenmiete\/files\/2021\/12\/14.12.2017_Tizz-die-Einen-223x300.png 223w, https:\/\/blogs.uni-paderborn.de\/zwischenmiete\/files\/2021\/12\/14.12.2017_Tizz-die-Einen-768x1033.png 768w, https:\/\/blogs.uni-paderborn.de\/zwischenmiete\/files\/2021\/12\/14.12.2017_Tizz-die-Einen-1142x1536.png 1142w, https:\/\/blogs.uni-paderborn.de\/zwischenmiete\/files\/2021\/12\/14.12.2017_Tizz-die-Einen.png 1145w\" sizes=\"auto, (max-width: 761px) 100vw, 761px\" \/><\/figure>\n\n\n\n<figure class=\"wp-block-image size-large\"><img loading=\"lazy\" decoding=\"async\" width=\"775\" height=\"1024\" data-id=\"390\" src=\"https:\/\/blogs.uni-paderborn.de\/zwischenmiete\/files\/2021\/12\/21.12.2017_Laika-lebt-Deutsche-Botschaft-775x1024.png\" alt=\"\" class=\"wp-image-390\" srcset=\"https:\/\/blogs.uni-paderborn.de\/zwischenmiete\/files\/2021\/12\/21.12.2017_Laika-lebt-Deutsche-Botschaft-775x1024.png 775w, https:\/\/blogs.uni-paderborn.de\/zwischenmiete\/files\/2021\/12\/21.12.2017_Laika-lebt-Deutsche-Botschaft-227x300.png 227w, https:\/\/blogs.uni-paderborn.de\/zwischenmiete\/files\/2021\/12\/21.12.2017_Laika-lebt-Deutsche-Botschaft-768x1015.png 768w, https:\/\/blogs.uni-paderborn.de\/zwischenmiete\/files\/2021\/12\/21.12.2017_Laika-lebt-Deutsche-Botschaft.png 1149w\" sizes=\"auto, (max-width: 775px) 100vw, 775px\" \/><\/figure>\n<\/figure>\n\n\n\n<figure class=\"wp-block-gallery has-nested-images columns-default is-cropped wp-block-gallery-2 is-layout-flex wp-block-gallery-is-layout-flex\">\n<figure class=\"wp-block-image size-large\"><img loading=\"lazy\" decoding=\"async\" width=\"683\" height=\"1024\" data-id=\"95\" src=\"https:\/\/blogs.uni-paderborn.de\/zwischenmiete\/files\/2021\/11\/24883658_2047358992150603_2112709499755854420_o-1-683x1024.jpg\" alt=\"\" class=\"wp-image-95\" srcset=\"https:\/\/blogs.uni-paderborn.de\/zwischenmiete\/files\/2021\/11\/24883658_2047358992150603_2112709499755854420_o-1-683x1024.jpg 683w, https:\/\/blogs.uni-paderborn.de\/zwischenmiete\/files\/2021\/11\/24883658_2047358992150603_2112709499755854420_o-1-200x300.jpg 200w, https:\/\/blogs.uni-paderborn.de\/zwischenmiete\/files\/2021\/11\/24883658_2047358992150603_2112709499755854420_o-1-768x1152.jpg 768w, https:\/\/blogs.uni-paderborn.de\/zwischenmiete\/files\/2021\/11\/24883658_2047358992150603_2112709499755854420_o-1.jpg 1000w\" sizes=\"auto, (max-width: 683px) 100vw, 683px\" \/><\/figure>\n\n\n\n<figure class=\"wp-block-image size-large\"><img loading=\"lazy\" decoding=\"async\" width=\"1024\" height=\"683\" data-id=\"96\" src=\"https:\/\/blogs.uni-paderborn.de\/zwischenmiete\/files\/2021\/11\/24955374_2047358985483937_1146342648120308884_o-1-1024x683.jpg\" alt=\"\" class=\"wp-image-96\" srcset=\"https:\/\/blogs.uni-paderborn.de\/zwischenmiete\/files\/2021\/11\/24955374_2047358985483937_1146342648120308884_o-1-1024x683.jpg 1024w, https:\/\/blogs.uni-paderborn.de\/zwischenmiete\/files\/2021\/11\/24955374_2047358985483937_1146342648120308884_o-1-300x200.jpg 300w, https:\/\/blogs.uni-paderborn.de\/zwischenmiete\/files\/2021\/11\/24955374_2047358985483937_1146342648120308884_o-1-768x512.jpg 768w, https:\/\/blogs.uni-paderborn.de\/zwischenmiete\/files\/2021\/11\/24955374_2047358985483937_1146342648120308884_o-1.jpg 1500w\" sizes=\"auto, (max-width: 1024px) 100vw, 1024px\" \/><\/figure>\n\n\n\n<figure class=\"wp-block-image size-large\"><img loading=\"lazy\" decoding=\"async\" width=\"1024\" height=\"683\" data-id=\"97\" src=\"https:\/\/blogs.uni-paderborn.de\/zwischenmiete\/files\/2021\/11\/24958872_2047359172150585_3236888420533099570_o-1-1024x683.jpg\" alt=\"\" class=\"wp-image-97\" srcset=\"https:\/\/blogs.uni-paderborn.de\/zwischenmiete\/files\/2021\/11\/24958872_2047359172150585_3236888420533099570_o-1-1024x683.jpg 1024w, https:\/\/blogs.uni-paderborn.de\/zwischenmiete\/files\/2021\/11\/24958872_2047359172150585_3236888420533099570_o-1-300x200.jpg 300w, https:\/\/blogs.uni-paderborn.de\/zwischenmiete\/files\/2021\/11\/24958872_2047359172150585_3236888420533099570_o-1-768x512.jpg 768w, https:\/\/blogs.uni-paderborn.de\/zwischenmiete\/files\/2021\/11\/24958872_2047359172150585_3236888420533099570_o-1.jpg 1500w\" sizes=\"auto, (max-width: 1024px) 100vw, 1024px\" \/><\/figure>\n\n\n\n<figure class=\"wp-block-image size-large\"><img loading=\"lazy\" decoding=\"async\" width=\"1024\" height=\"683\" data-id=\"98\" src=\"https:\/\/blogs.uni-paderborn.de\/zwischenmiete\/files\/2021\/11\/25073073_2047359452150557_6513090986454060929_o-1-1024x683.jpg\" alt=\"\" class=\"wp-image-98\" srcset=\"https:\/\/blogs.uni-paderborn.de\/zwischenmiete\/files\/2021\/11\/25073073_2047359452150557_6513090986454060929_o-1-1024x683.jpg 1024w, https:\/\/blogs.uni-paderborn.de\/zwischenmiete\/files\/2021\/11\/25073073_2047359452150557_6513090986454060929_o-1-300x200.jpg 300w, https:\/\/blogs.uni-paderborn.de\/zwischenmiete\/files\/2021\/11\/25073073_2047359452150557_6513090986454060929_o-1-768x512.jpg 768w, https:\/\/blogs.uni-paderborn.de\/zwischenmiete\/files\/2021\/11\/25073073_2047359452150557_6513090986454060929_o-1.jpg 1500w\" sizes=\"auto, (max-width: 1024px) 100vw, 1024px\" \/><\/figure>\n\n\n\n<figure class=\"wp-block-image size-large\"><img loading=\"lazy\" decoding=\"async\" width=\"1024\" height=\"683\" data-id=\"99\" src=\"https:\/\/blogs.uni-paderborn.de\/zwischenmiete\/files\/2021\/11\/25073387_2047359118817257_4007582784297529686_o-1-1024x683.jpg\" alt=\"\" class=\"wp-image-99\" srcset=\"https:\/\/blogs.uni-paderborn.de\/zwischenmiete\/files\/2021\/11\/25073387_2047359118817257_4007582784297529686_o-1-1024x683.jpg 1024w, https:\/\/blogs.uni-paderborn.de\/zwischenmiete\/files\/2021\/11\/25073387_2047359118817257_4007582784297529686_o-1-300x200.jpg 300w, https:\/\/blogs.uni-paderborn.de\/zwischenmiete\/files\/2021\/11\/25073387_2047359118817257_4007582784297529686_o-1-768x512.jpg 768w, https:\/\/blogs.uni-paderborn.de\/zwischenmiete\/files\/2021\/11\/25073387_2047359118817257_4007582784297529686_o-1.jpg 1500w\" sizes=\"auto, (max-width: 1024px) 100vw, 1024px\" \/><\/figure>\n\n\n\n<figure class=\"wp-block-image size-large\"><img loading=\"lazy\" decoding=\"async\" width=\"1024\" height=\"683\" data-id=\"100\" src=\"https:\/\/blogs.uni-paderborn.de\/zwischenmiete\/files\/2021\/11\/25075235_2047359128817256_5378685861579585256_o-1-1024x683.jpg\" alt=\"\" class=\"wp-image-100\" srcset=\"https:\/\/blogs.uni-paderborn.de\/zwischenmiete\/files\/2021\/11\/25075235_2047359128817256_5378685861579585256_o-1-1024x683.jpg 1024w, https:\/\/blogs.uni-paderborn.de\/zwischenmiete\/files\/2021\/11\/25075235_2047359128817256_5378685861579585256_o-1-300x200.jpg 300w, https:\/\/blogs.uni-paderborn.de\/zwischenmiete\/files\/2021\/11\/25075235_2047359128817256_5378685861579585256_o-1-768x512.jpg 768w, https:\/\/blogs.uni-paderborn.de\/zwischenmiete\/files\/2021\/11\/25075235_2047359128817256_5378685861579585256_o-1.jpg 1500w\" sizes=\"auto, (max-width: 1024px) 100vw, 1024px\" \/><\/figure>\n\n\n\n<figure class=\"wp-block-image size-large\"><img loading=\"lazy\" decoding=\"async\" width=\"1024\" height=\"683\" data-id=\"101\" src=\"https:\/\/blogs.uni-paderborn.de\/zwischenmiete\/files\/2021\/11\/25358485_2050755685144267_748194122441737692_o-1-1024x683.jpg\" alt=\"\" class=\"wp-image-101\" srcset=\"https:\/\/blogs.uni-paderborn.de\/zwischenmiete\/files\/2021\/11\/25358485_2050755685144267_748194122441737692_o-1-1024x683.jpg 1024w, https:\/\/blogs.uni-paderborn.de\/zwischenmiete\/files\/2021\/11\/25358485_2050755685144267_748194122441737692_o-1-300x200.jpg 300w, https:\/\/blogs.uni-paderborn.de\/zwischenmiete\/files\/2021\/11\/25358485_2050755685144267_748194122441737692_o-1-768x512.jpg 768w, https:\/\/blogs.uni-paderborn.de\/zwischenmiete\/files\/2021\/11\/25358485_2050755685144267_748194122441737692_o-1.jpg 1500w\" sizes=\"auto, (max-width: 1024px) 100vw, 1024px\" \/><\/figure>\n\n\n\n<figure class=\"wp-block-image size-large\"><img loading=\"lazy\" decoding=\"async\" width=\"1024\" height=\"683\" data-id=\"102\" src=\"https:\/\/blogs.uni-paderborn.de\/zwischenmiete\/files\/2021\/11\/25394800_2050755838477585_7991307994270445564_o-1-1024x683.jpg\" alt=\"\" class=\"wp-image-102\" srcset=\"https:\/\/blogs.uni-paderborn.de\/zwischenmiete\/files\/2021\/11\/25394800_2050755838477585_7991307994270445564_o-1-1024x683.jpg 1024w, https:\/\/blogs.uni-paderborn.de\/zwischenmiete\/files\/2021\/11\/25394800_2050755838477585_7991307994270445564_o-1-300x200.jpg 300w, https:\/\/blogs.uni-paderborn.de\/zwischenmiete\/files\/2021\/11\/25394800_2050755838477585_7991307994270445564_o-1-768x512.jpg 768w, https:\/\/blogs.uni-paderborn.de\/zwischenmiete\/files\/2021\/11\/25394800_2050755838477585_7991307994270445564_o-1.jpg 1500w\" sizes=\"auto, (max-width: 1024px) 100vw, 1024px\" \/><\/figure>\n\n\n\n<figure class=\"wp-block-image size-large\"><img loading=\"lazy\" decoding=\"async\" width=\"1024\" height=\"683\" data-id=\"103\" src=\"https:\/\/blogs.uni-paderborn.de\/zwischenmiete\/files\/2021\/11\/25398194_2050756675144168_791760708521282308_o-1-1024x683.jpg\" alt=\"\" class=\"wp-image-103\" srcset=\"https:\/\/blogs.uni-paderborn.de\/zwischenmiete\/files\/2021\/11\/25398194_2050756675144168_791760708521282308_o-1-1024x683.jpg 1024w, https:\/\/blogs.uni-paderborn.de\/zwischenmiete\/files\/2021\/11\/25398194_2050756675144168_791760708521282308_o-1-300x200.jpg 300w, https:\/\/blogs.uni-paderborn.de\/zwischenmiete\/files\/2021\/11\/25398194_2050756675144168_791760708521282308_o-1-768x512.jpg 768w, https:\/\/blogs.uni-paderborn.de\/zwischenmiete\/files\/2021\/11\/25398194_2050756675144168_791760708521282308_o-1.jpg 1068w\" sizes=\"auto, (max-width: 1024px) 100vw, 1024px\" \/><\/figure>\n\n\n\n<figure class=\"wp-block-image size-large\"><img loading=\"lazy\" decoding=\"async\" width=\"1024\" height=\"683\" data-id=\"104\" src=\"https:\/\/blogs.uni-paderborn.de\/zwischenmiete\/files\/2021\/11\/25398430_2050755495144286_8722426906297762792_o-1-1024x683.jpg\" alt=\"\" class=\"wp-image-104\" srcset=\"https:\/\/blogs.uni-paderborn.de\/zwischenmiete\/files\/2021\/11\/25398430_2050755495144286_8722426906297762792_o-1-1024x683.jpg 1024w, https:\/\/blogs.uni-paderborn.de\/zwischenmiete\/files\/2021\/11\/25398430_2050755495144286_8722426906297762792_o-1-300x200.jpg 300w, https:\/\/blogs.uni-paderborn.de\/zwischenmiete\/files\/2021\/11\/25398430_2050755495144286_8722426906297762792_o-1-768x512.jpg 768w, https:\/\/blogs.uni-paderborn.de\/zwischenmiete\/files\/2021\/11\/25398430_2050755495144286_8722426906297762792_o-1.jpg 1500w\" sizes=\"auto, (max-width: 1024px) 100vw, 1024px\" \/><\/figure>\n\n\n\n<figure class=\"wp-block-image size-large\"><img loading=\"lazy\" decoding=\"async\" width=\"1024\" height=\"683\" data-id=\"105\" src=\"https:\/\/blogs.uni-paderborn.de\/zwischenmiete\/files\/2021\/11\/26025690_2055943091292193_3758986960193076603_o-1-1024x683.jpg\" alt=\"\" class=\"wp-image-105\" srcset=\"https:\/\/blogs.uni-paderborn.de\/zwischenmiete\/files\/2021\/11\/26025690_2055943091292193_3758986960193076603_o-1-1024x683.jpg 1024w, https:\/\/blogs.uni-paderborn.de\/zwischenmiete\/files\/2021\/11\/26025690_2055943091292193_3758986960193076603_o-1-300x200.jpg 300w, https:\/\/blogs.uni-paderborn.de\/zwischenmiete\/files\/2021\/11\/26025690_2055943091292193_3758986960193076603_o-1-768x512.jpg 768w, https:\/\/blogs.uni-paderborn.de\/zwischenmiete\/files\/2021\/11\/26025690_2055943091292193_3758986960193076603_o-1-1536x1024.jpg 1536w, https:\/\/blogs.uni-paderborn.de\/zwischenmiete\/files\/2021\/11\/26025690_2055943091292193_3758986960193076603_o-1.jpg 2048w\" sizes=\"auto, (max-width: 1024px) 100vw, 1024px\" \/><\/figure>\n\n\n\n<figure class=\"wp-block-image size-large\"><img loading=\"lazy\" decoding=\"async\" width=\"683\" height=\"1024\" data-id=\"106\" src=\"https:\/\/blogs.uni-paderborn.de\/zwischenmiete\/files\/2021\/11\/26172042_2055943504625485_3606988659088717033_o-1-683x1024.jpg\" alt=\"\" class=\"wp-image-106\" srcset=\"https:\/\/blogs.uni-paderborn.de\/zwischenmiete\/files\/2021\/11\/26172042_2055943504625485_3606988659088717033_o-1-683x1024.jpg 683w, https:\/\/blogs.uni-paderborn.de\/zwischenmiete\/files\/2021\/11\/26172042_2055943504625485_3606988659088717033_o-1-200x300.jpg 200w, https:\/\/blogs.uni-paderborn.de\/zwischenmiete\/files\/2021\/11\/26172042_2055943504625485_3606988659088717033_o-1-768x1152.jpg 768w, https:\/\/blogs.uni-paderborn.de\/zwischenmiete\/files\/2021\/11\/26172042_2055943504625485_3606988659088717033_o-1-1024x1536.jpg 1024w, https:\/\/blogs.uni-paderborn.de\/zwischenmiete\/files\/2021\/11\/26172042_2055943504625485_3606988659088717033_o-1.jpg 1365w\" sizes=\"auto, (max-width: 683px) 100vw, 683px\" \/><\/figure>\n\n\n\n<figure class=\"wp-block-image size-large\"><img loading=\"lazy\" decoding=\"async\" width=\"1024\" height=\"683\" data-id=\"107\" src=\"https:\/\/blogs.uni-paderborn.de\/zwischenmiete\/files\/2021\/11\/26232100_2055943804625455_5978675256710330327_o-1-1024x683.jpg\" alt=\"\" class=\"wp-image-107\" srcset=\"https:\/\/blogs.uni-paderborn.de\/zwischenmiete\/files\/2021\/11\/26232100_2055943804625455_5978675256710330327_o-1-1024x683.jpg 1024w, https:\/\/blogs.uni-paderborn.de\/zwischenmiete\/files\/2021\/11\/26232100_2055943804625455_5978675256710330327_o-1-300x200.jpg 300w, https:\/\/blogs.uni-paderborn.de\/zwischenmiete\/files\/2021\/11\/26232100_2055943804625455_5978675256710330327_o-1-768x512.jpg 768w, https:\/\/blogs.uni-paderborn.de\/zwischenmiete\/files\/2021\/11\/26232100_2055943804625455_5978675256710330327_o-1-1536x1024.jpg 1536w, https:\/\/blogs.uni-paderborn.de\/zwischenmiete\/files\/2021\/11\/26232100_2055943804625455_5978675256710330327_o-1.jpg 2048w\" sizes=\"auto, (max-width: 1024px) 100vw, 1024px\" \/><\/figure>\n<figcaption class=\"blocks-gallery-caption wp-element-caption\">Zwischenmiete x Wintergr\u00fcn 2017. Konzerte in insgesamt drei Paderborner WG&#8217;s, \u00fcbertragen in drei Paderborner Gastronomiebetriebe. Bands: Three Dollar Hat, Hopo Pongo, Tizz und die einen, Laika lebt und Deutsche Botschaft.<\/figcaption><\/figure>\n<\/div><\/div>\n\n\n\n<p><\/p>\n","protected":false},"excerpt":{"rendered":"<p>Zwischenmiete x Wintergr\u00fcn \u2013 Wohnzimmerkonzerte in Paderborner Studierenden-WGs Im Dezember 2017 pr\u00e4sentierte die Veranstaltungsreihe \u201eZwischenmiete x Wintergr\u00fcn\u201c Konzerte regionaler Musiker*innen in studentischen Wohngemeinschaften in Paderborn. An drei Tagen traten insgesamt f\u00fcnf Bands aus OWL und dar\u00fcber hinaus auf, die im Vorfeld von einer Jury ausgew\u00e4hlt wurden. Das musikalische Spektrum reichte dabei von Pop und Rock &hellip; <a href=\"https:\/\/blogs.uni-paderborn.de\/zwischenmiete\/2017-2\/\" class=\"more-link\"><span class=\"screen-reader-text\">2017\/18<\/span> weiterlesen<\/a><\/p>\n","protected":false},"author":9052,"featured_media":0,"parent":0,"menu_order":0,"comment_status":"closed","ping_status":"closed","template":"","meta":{"footnotes":""},"class_list":["post-73","page","type-page","status-publish","hentry"],"_links":{"self":[{"href":"https:\/\/blogs.uni-paderborn.de\/zwischenmiete\/wp-json\/wp\/v2\/pages\/73","targetHints":{"allow":["GET"]}}],"collection":[{"href":"https:\/\/blogs.uni-paderborn.de\/zwischenmiete\/wp-json\/wp\/v2\/pages"}],"about":[{"href":"https:\/\/blogs.uni-paderborn.de\/zwischenmiete\/wp-json\/wp\/v2\/types\/page"}],"author":[{"embeddable":true,"href":"https:\/\/blogs.uni-paderborn.de\/zwischenmiete\/wp-json\/wp\/v2\/users\/9052"}],"replies":[{"embeddable":true,"href":"https:\/\/blogs.uni-paderborn.de\/zwischenmiete\/wp-json\/wp\/v2\/comments?post=73"}],"version-history":[{"count":8,"href":"https:\/\/blogs.uni-paderborn.de\/zwischenmiete\/wp-json\/wp\/v2\/pages\/73\/revisions"}],"predecessor-version":[{"id":620,"href":"https:\/\/blogs.uni-paderborn.de\/zwischenmiete\/wp-json\/wp\/v2\/pages\/73\/revisions\/620"}],"wp:attachment":[{"href":"https:\/\/blogs.uni-paderborn.de\/zwischenmiete\/wp-json\/wp\/v2\/media?parent=73"}],"curies":[{"name":"wp","href":"https:\/\/api.w.org\/{rel}","templated":true}]}}