{"id":605,"date":"2023-01-27T14:01:40","date_gmt":"2023-01-27T13:01:40","guid":{"rendered":"https:\/\/blogs.uni-paderborn.de\/zwischenmiete\/?page_id=605"},"modified":"2023-03-08T13:30:57","modified_gmt":"2023-03-08T12:30:57","slug":"2022-23-2","status":"publish","type":"page","link":"https:\/\/blogs.uni-paderborn.de\/zwischenmiete\/2022-23-2\/","title":{"rendered":"2022\/23"},"content":{"rendered":"<div class=\"twoclick_social_bookmarks_post_605 social_share_privacy clearfix 1.6.4 locale-de_DE sprite-de_DE\"><\/div><div class=\"twoclick-js\"><script type=\"text\/javascript\">\/* <![CDATA[ *\/\njQuery(document).ready(function($){if($('.twoclick_social_bookmarks_post_605')){$('.twoclick_social_bookmarks_post_605').socialSharePrivacy({\"txt_help\":\"Wenn Sie diese Felder durch einen Klick aktivieren, werden Informationen an Facebook, Twitter, Flattr, Xing, t3n, LinkedIn, Pinterest oder Google eventuell ins Ausland \\u00fcbertragen und unter Umst\\u00e4nden auch dort gespeichert. N\\u00e4heres erfahren Sie durch einen Klick auf das <em>i<\\\/em>.\",\"settings_perma\":\"Dauerhaft aktivieren und Daten\\u00fcber-tragung zustimmen:\",\"info_link\":\"http:\\\/\\\/www.heise.de\\\/ct\\\/artikel\\\/2-Klicks-fuer-mehr-Datenschutz-1333879.html\",\"uri\":\"https:\\\/\\\/blogs.uni-paderborn.de\\\/zwischenmiete\\\/2022-23-2\\\/\",\"post_id\":605,\"post_title_referrer_track\":\"2022%2F23\",\"display_infobox\":\"on\"});}});\n\/* ]]> *\/<\/script><\/div>\n<h2 class=\"wp-block-heading\"><strong>Eine B\u00fchne f\u00fcr Diversit\u00e4t \u2013 die sechste Ausgabe der Konzertreihe \u201eZwischenmiete\u201c inszeniert SHOWFENSTER f\u00fcr musikalische Vielfalt\u00a0<\/strong><\/h2>\n\n\n\n<p>Im Januar 2023 fand die studentische Veranstaltungsreihe \u201e<strong>Zwischenmiete<\/strong>\u201c erneut statt. Bereits zum sechsten Mal konzipieren und organisierten Masterstudierende aus den Studieng\u00e4ngen \u201ePopul\u00e4re Musik und Medien\u201c und \u201eMedienwissenschaften\u201c der Universit\u00e4t Paderborn Konzerte f\u00fcr ein buntes Publikum, bei dem jede*r herzlich willkommen war! Unter dem Motto <strong>SHOWFENSTER<\/strong> sollte so in der diesj\u00e4hrigen Ausgabe musikalischer Vielfalt eine B\u00fchne geboten werden, wobei Sichtbarkeit f\u00fcr Diversit\u00e4t in der Musik im Mittelpunkt stand. Das\u00a0studentische Projekt, gef\u00f6rdert von der Stadt Paderborn, pr\u00e4sentierte an zwei Terminen Kultur im Schaufenster und verband au\u00dfergew\u00f6hnliche Locations mit aktuellen Themenschwerpunkten. Angeleitet wurden die Studierenden dabei von Prof.in Dr.in Beate Flath, Philip Kersting (Fach Musik) und Katharina Schmecht (Fach Musik), die das dazugeh\u00f6rige Seminar \u201eEventmanagement, Kulturpolitik und Transdisziplinarit\u00e4t\u201c in diesem Jahr betreuten.<\/p>\n\n\n\n<p>Im Rahmen eines Streamingkonzerts am <strong>20. Januar 2023<\/strong> um 19 Uhr kooperierte \u201eZwischenmiete\u201c dieses Jahr zum ersten Mal mit dem unabh\u00e4ngigen, lokalen Fernsehsender <strong>Kanal 21<\/strong> in Bielefeld. So lie\u00dfen sich bequem von zuhause aus interkulturelle Performances von gleich zwei Bands genie\u00dfen. Die Band \u201e<strong>radiospace.<\/strong>\u201c stand hierbei f\u00fcr modernen Rock, mit Einfl\u00fcssen der Indie-Bewegung der letzten zwei Dekaden und Partystimmung trotz der Problematik unseres Zeitgeistes. Das Duo \u201e<strong>Reverso<\/strong>\u201c begeistert jedes Publikum mit einer Mischung aus lateinamerikanischen Rhythmen und entspanntem Rock &amp; Roll. F\u00fcr Fans des Liveshow-Charakters konnten die Konzerte auch vor Ort \u2013 in der Meisenstra\u00dfe 65 auf dem Gel\u00e4nde der GAB \u2013 erlebt werden.<\/p>\n\n\n\n<p><em>Der Stream war kostenlos.<\/em><\/p>\n\n\n\n<p>F\u00fcr das zweite Konzert am <strong>25. Januar 2023<\/strong> um 18:30 Uhr stellten die Eigent\u00fcmerinnen des K\u00fcnstlerbedarfs \u201e<strong>FAST &#8211; Alles f\u00fcr die Kunst<\/strong>\u201c ihr prominentes Schaufenster im belebten Herzen Paderborns zur Verf\u00fcgung. Dort gab es in den Fenstern statt des \u00fcblichen Atelieralltags zwei bunte Performances \u2013 von Pop bis Punk-Musik \u2013 zu sehen. So lud die Fu\u00dfg\u00e4ngerzone zum Stehenbleiben ein. W\u00e4hrend \u201e<strong>Get Jealous<\/strong>\u201c Musik machte, die einer Fusion aus Skate-Punk und Pop glich, lie\u00df sich die Musik von \u201e<strong>Freitag<\/strong>\u201c \u2013 irgendwo zwischen Jazz, NDW und Chorgesang \u2013 am ehesten im deutschen Indie-Pop verorten. Das Schaufenster machte somit seinem Namen alle Ehre und animierte zum Zuschauen von der Stra\u00dfe aus!\u00a0<\/p>\n","protected":false},"excerpt":{"rendered":"<p>Eine B\u00fchne f\u00fcr Diversit\u00e4t \u2013 die sechste Ausgabe der Konzertreihe \u201eZwischenmiete\u201c inszeniert SHOWFENSTER f\u00fcr musikalische Vielfalt\u00a0 Im Januar 2023 fand die studentische Veranstaltungsreihe \u201eZwischenmiete\u201c erneut statt. Bereits zum sechsten Mal konzipieren und organisierten Masterstudierende aus den Studieng\u00e4ngen \u201ePopul\u00e4re Musik und Medien\u201c und \u201eMedienwissenschaften\u201c der Universit\u00e4t Paderborn Konzerte f\u00fcr ein buntes Publikum, bei dem jede*r herzlich &hellip; <a href=\"https:\/\/blogs.uni-paderborn.de\/zwischenmiete\/2022-23-2\/\" class=\"more-link\"><span class=\"screen-reader-text\">2022\/23<\/span> weiterlesen<\/a><\/p>\n","protected":false},"author":9052,"featured_media":0,"parent":0,"menu_order":0,"comment_status":"closed","ping_status":"closed","template":"","meta":{"footnotes":""},"class_list":["post-605","page","type-page","status-publish","hentry"],"_links":{"self":[{"href":"https:\/\/blogs.uni-paderborn.de\/zwischenmiete\/wp-json\/wp\/v2\/pages\/605","targetHints":{"allow":["GET"]}}],"collection":[{"href":"https:\/\/blogs.uni-paderborn.de\/zwischenmiete\/wp-json\/wp\/v2\/pages"}],"about":[{"href":"https:\/\/blogs.uni-paderborn.de\/zwischenmiete\/wp-json\/wp\/v2\/types\/page"}],"author":[{"embeddable":true,"href":"https:\/\/blogs.uni-paderborn.de\/zwischenmiete\/wp-json\/wp\/v2\/users\/9052"}],"replies":[{"embeddable":true,"href":"https:\/\/blogs.uni-paderborn.de\/zwischenmiete\/wp-json\/wp\/v2\/comments?post=605"}],"version-history":[{"count":4,"href":"https:\/\/blogs.uni-paderborn.de\/zwischenmiete\/wp-json\/wp\/v2\/pages\/605\/revisions"}],"predecessor-version":[{"id":634,"href":"https:\/\/blogs.uni-paderborn.de\/zwischenmiete\/wp-json\/wp\/v2\/pages\/605\/revisions\/634"}],"wp:attachment":[{"href":"https:\/\/blogs.uni-paderborn.de\/zwischenmiete\/wp-json\/wp\/v2\/media?parent=605"}],"curies":[{"name":"wp","href":"https:\/\/api.w.org\/{rel}","templated":true}]}}