{"id":579,"date":"2022-06-07T12:28:40","date_gmt":"2022-06-07T10:28:40","guid":{"rendered":"https:\/\/blogs.uni-paderborn.de\/zwischenmiete\/?page_id=579"},"modified":"2022-08-11T16:24:08","modified_gmt":"2022-08-11T14:24:08","slug":"worum-gehts","status":"publish","type":"page","link":"https:\/\/blogs.uni-paderborn.de\/zwischenmiete\/worum-gehts\/","title":{"rendered":"Worum geht&#8217;s?"},"content":{"rendered":"<div class=\"twoclick_social_bookmarks_post_579 social_share_privacy clearfix 1.6.4 locale-de_DE sprite-de_DE\"><\/div><div class=\"twoclick-js\"><script type=\"text\/javascript\">\/* <![CDATA[ *\/\njQuery(document).ready(function($){if($('.twoclick_social_bookmarks_post_579')){$('.twoclick_social_bookmarks_post_579').socialSharePrivacy({\"txt_help\":\"Wenn Sie diese Felder durch einen Klick aktivieren, werden Informationen an Facebook, Twitter, Flattr, Xing, t3n, LinkedIn, Pinterest oder Google eventuell ins Ausland \\u00fcbertragen und unter Umst\\u00e4nden auch dort gespeichert. N\\u00e4heres erfahren Sie durch einen Klick auf das <em>i<\\\/em>.\",\"settings_perma\":\"Dauerhaft aktivieren und Daten\\u00fcber-tragung zustimmen:\",\"info_link\":\"http:\\\/\\\/www.heise.de\\\/ct\\\/artikel\\\/2-Klicks-fuer-mehr-Datenschutz-1333879.html\",\"uri\":\"https:\\\/\\\/blogs.uni-paderborn.de\\\/zwischenmiete\\\/worum-gehts\\\/\",\"post_id\":579,\"post_title_referrer_track\":\"Worum+geht%26%238217%3Bs%3F\",\"display_infobox\":\"on\"});}});\n\/* ]]> *\/<\/script><\/div>\n<p class=\"has-text-align-left\">Im&nbsp;Wintersemester 2021\/2022 haben Masterstudierende des Studiengangs popul\u00e4re Musik und Medien eine Umfrage durchgef\u00fchrt, die sich auf das <strong>Freizeitverhalten <\/strong>Paderborner Studierender und den <strong>Besuch der Zwischenmiete<\/strong> fokussiert hat. Dabei haben sich die Forscher*innen besonders auf die Zeit von April 2021 bis Winter 2021, also einer Zeit von vielen Einschr\u00e4nkungen im privaten und kulturellen Leben, konzentriert.&nbsp;<\/p>\n\n\n\n<p class=\"has-text-align-left\">Aus den <a href=\"https:\/\/blogs.uni-paderborn.de\/zwischenmiete\/?page_id=479\">Ergebnissen<\/a> sollen Hinweise auf die Freizeitvorlieben der Studierenden an der Universit\u00e4t Paderborn gewonnen werden, um die studentischen Interessen zu identifizieren und Veranstaltungen wie die Zwischenmiete in Zukunft noch ansprechender zu gestalten.<\/p>\n\n\n\n<p><em>Die Inhalte der Studie wurden von\u00a0Jule\u00a0Feldner,\u00a0Masterstudentin im Studiengang &#8222;Popul\u00e4re Musik und Medien&#8220; sowie WHB am Fach Musik der kulturwissenschaftlichen Fakult\u00e4t der Universit\u00e4t Paderborn, ausgewertet und\u00a0grafisch aufbereitet. <\/em><\/p>\n","protected":false},"excerpt":{"rendered":"<p>Im&nbsp;Wintersemester 2021\/2022 haben Masterstudierende des Studiengangs popul\u00e4re Musik und Medien eine Umfrage durchgef\u00fchrt, die sich auf das Freizeitverhalten Paderborner Studierender und den Besuch der Zwischenmiete fokussiert hat. Dabei haben sich die Forscher*innen besonders auf die Zeit von April 2021 bis Winter 2021, also einer Zeit von vielen Einschr\u00e4nkungen im privaten und kulturellen Leben, konzentriert.&nbsp; Aus &hellip; <a href=\"https:\/\/blogs.uni-paderborn.de\/zwischenmiete\/worum-gehts\/\" class=\"more-link\"><span class=\"screen-reader-text\">Worum geht&#8217;s?<\/span> weiterlesen<\/a><\/p>\n","protected":false},"author":9052,"featured_media":0,"parent":0,"menu_order":0,"comment_status":"closed","ping_status":"closed","template":"","meta":{"footnotes":""},"class_list":["post-579","page","type-page","status-publish","hentry"],"_links":{"self":[{"href":"https:\/\/blogs.uni-paderborn.de\/zwischenmiete\/wp-json\/wp\/v2\/pages\/579","targetHints":{"allow":["GET"]}}],"collection":[{"href":"https:\/\/blogs.uni-paderborn.de\/zwischenmiete\/wp-json\/wp\/v2\/pages"}],"about":[{"href":"https:\/\/blogs.uni-paderborn.de\/zwischenmiete\/wp-json\/wp\/v2\/types\/page"}],"author":[{"embeddable":true,"href":"https:\/\/blogs.uni-paderborn.de\/zwischenmiete\/wp-json\/wp\/v2\/users\/9052"}],"replies":[{"embeddable":true,"href":"https:\/\/blogs.uni-paderborn.de\/zwischenmiete\/wp-json\/wp\/v2\/comments?post=579"}],"version-history":[{"count":4,"href":"https:\/\/blogs.uni-paderborn.de\/zwischenmiete\/wp-json\/wp\/v2\/pages\/579\/revisions"}],"predecessor-version":[{"id":598,"href":"https:\/\/blogs.uni-paderborn.de\/zwischenmiete\/wp-json\/wp\/v2\/pages\/579\/revisions\/598"}],"wp:attachment":[{"href":"https:\/\/blogs.uni-paderborn.de\/zwischenmiete\/wp-json\/wp\/v2\/media?parent=579"}],"curies":[{"name":"wp","href":"https:\/\/api.w.org\/{rel}","templated":true}]}}