{"id":58,"date":"2022-01-26T19:21:21","date_gmt":"2022-01-26T18:21:21","guid":{"rendered":"https:\/\/blogs.uni-paderborn.de\/upb-meets-osterlauf\/?page_id=58"},"modified":"2026-03-11T00:20:07","modified_gmt":"2026-03-10T23:20:07","slug":"sponsoren","status":"publish","type":"page","link":"https:\/\/blogs.uni-paderborn.de\/upb-meets-osterlauf\/sponsoren\/","title":{"rendered":"Sponsoren 2026"},"content":{"rendered":"<div class=\"twoclick_social_bookmarks_post_58 social_share_privacy clearfix 1.6.4 locale-de_DE sprite-de_DE\"><\/div><div class=\"twoclick-js\"><script type=\"text\/javascript\">\/* <![CDATA[ *\/\njQuery(document).ready(function($){if($('.twoclick_social_bookmarks_post_58')){$('.twoclick_social_bookmarks_post_58').socialSharePrivacy({\"txt_help\":\"Wenn Sie diese Felder durch einen Klick aktivieren, werden Informationen an Facebook, Twitter, Flattr, Xing, t3n, LinkedIn, Pinterest oder Google eventuell ins Ausland \\u00fcbertragen und unter Umst\\u00e4nden auch dort gespeichert. N\\u00e4heres erfahren Sie durch einen Klick auf das <em>i<\\\/em>.\",\"settings_perma\":\"Dauerhaft aktivieren und Daten\\u00fcber-tragung zustimmen:\",\"info_link\":\"http:\\\/\\\/www.heise.de\\\/ct\\\/artikel\\\/2-Klicks-fuer-mehr-Datenschutz-1333879.html\",\"uri\":\"https:\\\/\\\/blogs.uni-paderborn.de\\\/upb-meets-osterlauf\\\/sponsoren\\\/\",\"post_id\":58,\"post_title_referrer_track\":\"Sponsoren+2026\",\"display_infobox\":\"on\"});}});\n\/* ]]> *\/<\/script><\/div>\n<div class=\"wp-block-media-text is-stacked-on-mobile\"><figure class=\"wp-block-media-text__media\"><img loading=\"lazy\" decoding=\"async\" width=\"2362\" height=\"945\" src=\"https:\/\/blogs.uni-paderborn.de\/upb-meets-osterlauf\/files\/2026\/02\/IMG_0727.png\" alt=\"\" class=\"wp-image-1219 size-full\" srcset=\"https:\/\/blogs.uni-paderborn.de\/upb-meets-osterlauf\/files\/2026\/02\/IMG_0727.png 2362w, https:\/\/blogs.uni-paderborn.de\/upb-meets-osterlauf\/files\/2026\/02\/IMG_0727-300x120.png 300w, https:\/\/blogs.uni-paderborn.de\/upb-meets-osterlauf\/files\/2026\/02\/IMG_0727-1024x410.png 1024w, https:\/\/blogs.uni-paderborn.de\/upb-meets-osterlauf\/files\/2026\/02\/IMG_0727-768x307.png 768w, https:\/\/blogs.uni-paderborn.de\/upb-meets-osterlauf\/files\/2026\/02\/IMG_0727-1536x615.png 1536w, https:\/\/blogs.uni-paderborn.de\/upb-meets-osterlauf\/files\/2026\/02\/IMG_0727-2048x819.png 2048w, https:\/\/blogs.uni-paderborn.de\/upb-meets-osterlauf\/files\/2026\/02\/IMG_0727-624x250.png 624w\" sizes=\"auto, (max-width: 2362px) 100vw, 2362px\" \/><\/figure><div class=\"wp-block-media-text__content\">\n<p><strong>Werneke Sportcoaching<\/strong><\/p>\n\n\n\n<p>Ihr Weg zu mehr Ausdauer, Gesundheit und innerer St\u00e4rke. Mit langj\u00e4hriger Erfahrung begleite ich Sie strukturiert und individuell \u2013 auf der Basis von Bewegung, Ern\u00e4hrung und bewusster Regeneration.<\/p>\n\n\n\n<p>Beginnen Sie heute Ihren Weg zu nachhaltiger Leistungsf\u00e4higkeit und neuer Energie. Starten Sie jetzt Ihr pers\u00f6nliches Laufcoaching. Gemeinsam st\u00e4rken wir Ihre Gesundheit.<\/p>\n\n\n\n<p><a href=\"https:\/\/www.werneke-sportcoaching.de\" target=\"_blank\" rel=\"noreferrer noopener\">https:\/\/www.werneke-sportcoaching.de<\/a><\/p>\n<\/div><\/div>\n\n\n\n<hr class=\"wp-block-separator has-alpha-channel-opacity is-style-wide\" \/>\n\n\n\n<div class=\"wp-block-media-text has-media-on-the-right is-stacked-on-mobile\"><div class=\"wp-block-media-text__content\">\n<p><strong>PaderSprinter<\/strong><\/p>\n\n\n\n<p>Der PaderSprinter \u00fcbernimmt Verantwortung f\u00fcr den \u00f6ffentlichen Personennahverkehr in der Gro\u00dfstadt Paderborn. Diese logistische Herausforderung meistert der PaderSprinter mit modernster Kommunikations- und Informationstechnik. Zuverl\u00e4ssig und p\u00fcnktlich ans gew\u00fcnschte Ziel kommen \u2013 das garantiert der PaderSprinter Tag f\u00fcr Tag.<\/p>\n\n\n\n<p><a href=\"https:\/\/www.padersprinter.de\" target=\"_blank\" rel=\"noreferrer noopener\">https:\/\/www.padersprinter.de<\/a><\/p>\n<\/div><figure class=\"wp-block-media-text__media\"><img loading=\"lazy\" decoding=\"async\" width=\"2560\" height=\"1082\" src=\"https:\/\/blogs.uni-paderborn.de\/upb-meets-osterlauf\/files\/2026\/02\/IMG_0729-scaled.jpeg\" alt=\"\" class=\"wp-image-1239 size-full\" srcset=\"https:\/\/blogs.uni-paderborn.de\/upb-meets-osterlauf\/files\/2026\/02\/IMG_0729-scaled.jpeg 2560w, https:\/\/blogs.uni-paderborn.de\/upb-meets-osterlauf\/files\/2026\/02\/IMG_0729-300x127.jpeg 300w, https:\/\/blogs.uni-paderborn.de\/upb-meets-osterlauf\/files\/2026\/02\/IMG_0729-1024x433.jpeg 1024w, https:\/\/blogs.uni-paderborn.de\/upb-meets-osterlauf\/files\/2026\/02\/IMG_0729-768x325.jpeg 768w, https:\/\/blogs.uni-paderborn.de\/upb-meets-osterlauf\/files\/2026\/02\/IMG_0729-1536x649.jpeg 1536w, https:\/\/blogs.uni-paderborn.de\/upb-meets-osterlauf\/files\/2026\/02\/IMG_0729-2048x865.jpeg 2048w, https:\/\/blogs.uni-paderborn.de\/upb-meets-osterlauf\/files\/2026\/02\/IMG_0729-624x264.jpeg 624w\" sizes=\"auto, (max-width: 2560px) 100vw, 2560px\" \/><\/figure><\/div>\n\n\n\n<hr class=\"wp-block-separator has-alpha-channel-opacity is-style-wide\" \/>\n\n\n\n<div class=\"wp-block-media-text is-stacked-on-mobile\"><figure class=\"wp-block-media-text__media\"><img loading=\"lazy\" decoding=\"async\" width=\"1024\" height=\"396\" src=\"https:\/\/blogs.uni-paderborn.de\/upb-meets-osterlauf\/files\/2026\/03\/IMG_0748-1024x396.jpeg\" alt=\"\" class=\"wp-image-1258 size-full\" srcset=\"https:\/\/blogs.uni-paderborn.de\/upb-meets-osterlauf\/files\/2026\/03\/IMG_0748-1024x396.jpeg 1024w, https:\/\/blogs.uni-paderborn.de\/upb-meets-osterlauf\/files\/2026\/03\/IMG_0748-300x116.jpeg 300w, https:\/\/blogs.uni-paderborn.de\/upb-meets-osterlauf\/files\/2026\/03\/IMG_0748-768x297.jpeg 768w, https:\/\/blogs.uni-paderborn.de\/upb-meets-osterlauf\/files\/2026\/03\/IMG_0748-1536x594.jpeg 1536w, https:\/\/blogs.uni-paderborn.de\/upb-meets-osterlauf\/files\/2026\/03\/IMG_0748-2048x792.jpeg 2048w, https:\/\/blogs.uni-paderborn.de\/upb-meets-osterlauf\/files\/2026\/03\/IMG_0748-624x241.jpeg 624w\" sizes=\"auto, (max-width: 1024px) 100vw, 1024px\" \/><\/figure><div class=\"wp-block-media-text__content\">\n<p><strong>LOOK IN!<\/strong><\/p>\n\n\n\n<p>Die LOOK IN! findet j\u00e4hrlich direkt im Bibliotheksfoyer der Universit\u00e4t Paderborn statt und bringt seit \u00fcber 30 Jahren Unternehmen und Studierende zusammen.<\/p>\n\n\n\n<p><a href=\"https:\/\/lookin-messe.de\">https:\/\/lookin-messe.de<\/a><\/p>\n<\/div><\/div>\n\n\n\n<hr class=\"wp-block-separator has-alpha-channel-opacity is-style-wide\" \/>\n\n\n\n<div class=\"wp-block-media-text has-media-on-the-right is-stacked-on-mobile\"><div class=\"wp-block-media-text__content\">\n<p><strong>Die Techniker<\/strong><\/p>\n\n\n\n<p>\u00dcber 11 Millionen Menschen vertrauen uns bereits &#8211; und auch f\u00fcr Sie wollen wir mehr sein als nur eine Krankenkasse. Vielmehr verstehen wir uns als Ihr Gesundheitspartner, der Sie aktiv dabei unterst\u00fctzt, Ihre Gesundheitsziele zu erreichen. Sie m\u00f6chten Ihr Leben zum Positiven ver\u00e4ndern? Wir haben die passenden Angebote, die Ihnen helfen, Ihr volles Potenzial zu entfalten &#8211; denn wir sind Die Techniker.<\/p>\n\n\n\n<p><a href=\"https:\/\/www.tk.de\/techniker\">https:\/\/www.tk.de\/techniker<\/a><\/p>\n<\/div><figure class=\"wp-block-media-text__media\"><img loading=\"lazy\" decoding=\"async\" width=\"1024\" height=\"715\" src=\"https:\/\/blogs.uni-paderborn.de\/upb-meets-osterlauf\/files\/2026\/03\/IMG_0749-1-1024x715.png\" alt=\"\" class=\"wp-image-1261 size-full\" srcset=\"https:\/\/blogs.uni-paderborn.de\/upb-meets-osterlauf\/files\/2026\/03\/IMG_0749-1-1024x715.png 1024w, https:\/\/blogs.uni-paderborn.de\/upb-meets-osterlauf\/files\/2026\/03\/IMG_0749-1-300x210.png 300w, https:\/\/blogs.uni-paderborn.de\/upb-meets-osterlauf\/files\/2026\/03\/IMG_0749-1-768x536.png 768w, https:\/\/blogs.uni-paderborn.de\/upb-meets-osterlauf\/files\/2026\/03\/IMG_0749-1-1536x1073.png 1536w, https:\/\/blogs.uni-paderborn.de\/upb-meets-osterlauf\/files\/2026\/03\/IMG_0749-1-2048x1431.png 2048w, https:\/\/blogs.uni-paderborn.de\/upb-meets-osterlauf\/files\/2026\/03\/IMG_0749-1-624x436.png 624w\" sizes=\"auto, (max-width: 1024px) 100vw, 1024px\" \/><\/figure><\/div>\n\n\n\n<hr class=\"wp-block-separator has-alpha-channel-opacity is-style-wide\" \/>\n\n\n\n<p><em>Unser Kontakt zum Sponsoring:<\/em><\/p>\n\n\n\n<p><strong><a href=\"mailto:upb.meets.osterlauf@web.de\">upb.meets.osterlauf@web.de<\/a><\/strong><\/p>\n\n\n\n<p><\/p>\n\n\n\n<p><\/p>\n","protected":false},"excerpt":{"rendered":"<p>Werneke Sportcoaching Ihr Weg zu mehr Ausdauer, Gesundheit und innerer St\u00e4rke. Mit langj\u00e4hriger Erfahrung begleite ich Sie strukturiert und individuell \u2013 auf der Basis von Bewegung, Ern\u00e4hrung und bewusster Regeneration. Beginnen Sie heute Ihren Weg zu nachhaltiger Leistungsf\u00e4higkeit und neuer Energie. Starten Sie jetzt Ihr pers\u00f6nliches Laufcoaching. Gemeinsam st\u00e4rken wir Ihre Gesundheit. https:\/\/www.werneke-sportcoaching.de PaderSprinter Der [&hellip;]<\/p>\n","protected":false},"author":9164,"featured_media":0,"parent":0,"menu_order":0,"comment_status":"closed","ping_status":"closed","template":"","meta":{"footnotes":""},"class_list":["post-58","page","type-page","status-publish","hentry"],"_links":{"self":[{"href":"https:\/\/blogs.uni-paderborn.de\/upb-meets-osterlauf\/wp-json\/wp\/v2\/pages\/58","targetHints":{"allow":["GET"]}}],"collection":[{"href":"https:\/\/blogs.uni-paderborn.de\/upb-meets-osterlauf\/wp-json\/wp\/v2\/pages"}],"about":[{"href":"https:\/\/blogs.uni-paderborn.de\/upb-meets-osterlauf\/wp-json\/wp\/v2\/types\/page"}],"author":[{"embeddable":true,"href":"https:\/\/blogs.uni-paderborn.de\/upb-meets-osterlauf\/wp-json\/wp\/v2\/users\/9164"}],"replies":[{"embeddable":true,"href":"https:\/\/blogs.uni-paderborn.de\/upb-meets-osterlauf\/wp-json\/wp\/v2\/comments?post=58"}],"version-history":[{"count":81,"href":"https:\/\/blogs.uni-paderborn.de\/upb-meets-osterlauf\/wp-json\/wp\/v2\/pages\/58\/revisions"}],"predecessor-version":[{"id":1264,"href":"https:\/\/blogs.uni-paderborn.de\/upb-meets-osterlauf\/wp-json\/wp\/v2\/pages\/58\/revisions\/1264"}],"wp:attachment":[{"href":"https:\/\/blogs.uni-paderborn.de\/upb-meets-osterlauf\/wp-json\/wp\/v2\/media?parent=58"}],"curies":[{"name":"wp","href":"https:\/\/api.w.org\/{rel}","templated":true}]}}