{"id":34,"date":"2022-01-25T22:12:57","date_gmt":"2022-01-25T21:12:57","guid":{"rendered":"https:\/\/blogs.uni-paderborn.de\/upb-meets-osterlauf\/?page_id=34"},"modified":"2026-03-27T11:20:11","modified_gmt":"2026-03-27T10:20:11","slug":"allgemeine-informationen","status":"publish","type":"page","link":"https:\/\/blogs.uni-paderborn.de\/upb-meets-osterlauf\/","title":{"rendered":"News"},"content":{"rendered":"<div class=\"twoclick_social_bookmarks_post_34 social_share_privacy clearfix 1.6.4 locale-de_DE sprite-de_DE\"><\/div><div class=\"twoclick-js\"><script type=\"text\/javascript\">\/* <![CDATA[ *\/\njQuery(document).ready(function($){if($('.twoclick_social_bookmarks_post_34')){$('.twoclick_social_bookmarks_post_34').socialSharePrivacy({\"txt_help\":\"Wenn Sie diese Felder durch einen Klick aktivieren, werden Informationen an Facebook, Twitter, Flattr, Xing, t3n, LinkedIn, Pinterest oder Google eventuell ins Ausland \\u00fcbertragen und unter Umst\\u00e4nden auch dort gespeichert. N\\u00e4heres erfahren Sie durch einen Klick auf das <em>i<\\\/em>.\",\"settings_perma\":\"Dauerhaft aktivieren und Daten\\u00fcber-tragung zustimmen:\",\"info_link\":\"http:\\\/\\\/www.heise.de\\\/ct\\\/artikel\\\/2-Klicks-fuer-mehr-Datenschutz-1333879.html\",\"uri\":\"https:\\\/\\\/blogs.uni-paderborn.de\\\/upb-meets-osterlauf\\\/\",\"post_id\":34,\"post_title_referrer_track\":\"News\",\"display_infobox\":\"on\"});}});\n\/* ]]> *\/<\/script><\/div>\n<p><strong>Wie bekomme ich meine Startunterlagen f\u00fcr den Osterlauf?<\/strong><\/p>\n\n\n\n<p>Die Starterbeutel mit unter anderem Euren Startnummern und Laufshirts k\u00f6nnt Ihr Euch am <strong>1. April<\/strong> (Mittwoch) von <strong>10:00 Uhr bis 15:00 Uhr<\/strong> im <strong>Bibo-Foyer<\/strong> abholen. Bringt daf\u00fcr bitte Euren Studierendenausweis mit!<\/p>\n\n\n\n<p>Falls Ihr nicht pers\u00f6nlich vorbeikommen k\u00f6nnt, ist es auch m\u00f6glich, dass jemand den Beutel f\u00fcr Euch abholt. Wenn auch das nicht geht, k\u00f6nnt Ihr die Unterlagen zur Not auch noch am Lauftag direkt an unserem Stand auf dem Maspernplatz abholen.<\/p>\n\n\n\n<p>Um alles organisatorisch so unkompliziert wie m\u00f6glich zu halten, bitten wir jedoch sofern es geht, den Termin am 1. April wahrzunehmen.<\/p>\n\n\n\n<hr class=\"wp-block-separator has-alpha-channel-opacity is-style-wide\" \/>\n\n\n\n<p><\/p>\n\n\n\n<p><strong>Entdecke den StudyGuide von Die Techniker<\/strong><\/p>\n\n\n\n<p>Um Dich w\u00e4hrend Deines Studiums bestm\u00f6glich zu unterst\u00fctzen, bietet Dir die TK eine Menge kluger L\u00f6sungen, mit denen Du deinen Lernerfolg stressfreier und ges\u00fcnder erreichen kannst. Als Vorgeschmack hierauf haben wir ein Angebot zusammengestellt, welches Dir genau daf\u00fcr die richtigen Skills und Werkzeuge an die Hand gibt. So bist Du gut gewappnet f\u00fcr alles, was in diesen besonderen Zeiten auf Dich zu kommt.<\/p>\n\n\n\n<p>Deshalb m\u00f6chten wir Dich hiermit herzlich zu unserem (zweisprachigen) <strong><em>#TK-StudyGuide<\/em><\/strong> 2026 einladen. Melde Dich kostenfrei f\u00fcr unsere attraktiven Angebote f\u00fcr Studierende an und profitiere das ganze Semester \u00fcber von den spannenden Inhalten. Alle Termine und Infos findest Du hier:<strong>&nbsp;<a href=\"https:\/\/online.gib-base.de\/gib\/TK\/l42gts\/\">TK-StudyGuide 2026<\/a><\/strong><\/p>\n\n\n\n<hr class=\"wp-block-separator has-alpha-channel-opacity is-style-wide\" \/>\n\n\n\n<p><\/p>\n\n\n\n<p><strong>Alle Startpl\u00e4tze ausgebucht!<\/strong><\/p>\n\n\n\n<p>Die<strong><em> <\/em>Anmeldephase<em> <\/em><\/strong>f\u00fcr<strong><em> <\/em><\/strong>den<strong><em> 78. Paderborner Osterlauf <\/em><\/strong>ist<strong><em> <\/em><\/strong>beendet. S\u00e4mtliche Startpl\u00e4tze f\u00fcr unsere drei angebotenen L\u00e4ufe sind vergeben.<\/p>\n\n\n\n<p>In diesem Jahr d\u00fcrfen wir uns auf <strong>329<\/strong> <strong>L\u00e4uferinnen<\/strong> <strong>und<\/strong> <strong>L\u00e4ufer<\/strong> im Team UPB freuen, die unsere Universit\u00e4t repr\u00e4sentieren!<\/p>\n\n\n\n<hr class=\"wp-block-separator has-alpha-channel-opacity is-style-wide\" \/>\n\n\n\n<p><\/p>\n\n\n\n<p><strong>Anmeldung er\u00f6ffnet!<\/strong><\/p>\n\n\n\n<p>Ab sofort findet ihr unter dem Reiter <em>Anmeldung<\/em> die beiden Links, wo ihr zur Anmeldung f\u00fcr unsere Uni-Wertung f\u00fcr den <strong><em>78. Paderborner Osterlauf<\/em><\/strong> weitergeleitet werdet.<\/p>\n\n\n\n<p>Am&nbsp;<strong>04. April 2026<\/strong>&nbsp;hei\u00dft es also wieder die Sportschuhe anziehen und durch unsere sch\u00f6ne Paderstadt laufen. Ganz gleich, ob ihr nur aus Spa\u00df mit euren Kommiliton:innen, wegen \u00fcbersch\u00fcssiger Pfunde aus der Weihnachtszeit oder um eure Bestzeit zu \u00fcberbieten laufen wollt, beim&nbsp;Paderborner Osterlauf gibt es f\u00fcr jeden die passende Strecke&nbsp;<strong>(5 km, 10 km, Halbmarathon)<\/strong>. Und die Zuschauer am Stra\u00dfenrand schaffen eine magische Atmosph\u00e4re, bei der ans Aufgeben nicht zu denken ist.<\/p>\n\n\n\n<p>Wir z\u00e4hlen auf euch und hoffen, dass ihr gemeinsam mit uns den Osterlauf wieder zu einem unvergesslichen Event macht.<\/p>\n\n\n\n<hr class=\"wp-block-separator has-alpha-channel-opacity is-style-wide\" \/>\n\n\n\n<p><\/p>\n\n\n\n<p><strong>Studieren, um etwas zu bewegen.<\/strong><\/p>\n\n\n\n<p>Ein starkes Netzwerk aus engagierten Unterst\u00fctzern begleitet uns auf unserem Weg \u2013 mit Vertrauen, Leidenschaft und dem gemeinsamen Ziel, etwas zu bewegen. Wir bedanken uns herzlich bei allen Sponsoren, die uns in diesem Jahr zur Seite stehen:<\/p>\n\n\n\n<p>An der Spitze steht die&nbsp;<strong>Universit\u00e4t Paderborn (UPB)<\/strong>. Als Hauptsponsor ist sie nicht nur Namensgeber, sondern auch Impulsgeber und treibende Kraft f\u00fcr unsere Entwicklung \u2013 akademisch, sportlich und&nbsp;nachhaltig.<\/p>\n\n\n\n<p>Wir freuen uns auf alle Teilnehmer von UPB meets Osterlauf!<\/p>\n\n\n\n<hr class=\"wp-block-separator has-alpha-channel-opacity is-style-wide\" \/>\n\n\n\n<p><\/p>\n\n\n\n<p><\/p>\n\n\n\n<p><strong>Folgt uns auf Instagram um nichts zu verpassen:<\/strong><\/p>\n\n\n\n<ul class=\"wp-block-social-links has-large-icon-size has-icon-color is-style-logos-only is-layout-flex wp-block-social-links-is-layout-flex\"><li style=\"color:#444;\" class=\"wp-social-link wp-social-link-instagram has-dark-gray-color wp-block-social-link\"><a href=\"https:\/\/www.instagram.com\/upb.meets.osterlauf\/\" class=\"wp-block-social-link-anchor\"><svg width=\"24\" height=\"24\" viewBox=\"0 0 24 24\" version=\"1.1\" xmlns=\"http:\/\/www.w3.org\/2000\/svg\" aria-hidden=\"true\" focusable=\"false\"><path d=\"M12,4.622c2.403,0,2.688,0.009,3.637,0.052c0.877,0.04,1.354,0.187,1.671,0.31c0.42,0.163,0.72,0.358,1.035,0.673 c0.315,0.315,0.51,0.615,0.673,1.035c0.123,0.317,0.27,0.794,0.31,1.671c0.043,0.949,0.052,1.234,0.052,3.637 s-0.009,2.688-0.052,3.637c-0.04,0.877-0.187,1.354-0.31,1.671c-0.163,0.42-0.358,0.72-0.673,1.035 c-0.315,0.315-0.615,0.51-1.035,0.673c-0.317,0.123-0.794,0.27-1.671,0.31c-0.949,0.043-1.233,0.052-3.637,0.052 s-2.688-0.009-3.637-0.052c-0.877-0.04-1.354-0.187-1.671-0.31c-0.42-0.163-0.72-0.358-1.035-0.673 c-0.315-0.315-0.51-0.615-0.673-1.035c-0.123-0.317-0.27-0.794-0.31-1.671C4.631,14.688,4.622,14.403,4.622,12 s0.009-2.688,0.052-3.637c0.04-0.877,0.187-1.354,0.31-1.671c0.163-0.42,0.358-0.72,0.673-1.035 c0.315-0.315,0.615-0.51,1.035-0.673c0.317-0.123,0.794-0.27,1.671-0.31C9.312,4.631,9.597,4.622,12,4.622 M12,3 C9.556,3,9.249,3.01,8.289,3.054C7.331,3.098,6.677,3.25,6.105,3.472C5.513,3.702,5.011,4.01,4.511,4.511 c-0.5,0.5-0.808,1.002-1.038,1.594C3.25,6.677,3.098,7.331,3.054,8.289C3.01,9.249,3,9.556,3,12c0,2.444,0.01,2.751,0.054,3.711 c0.044,0.958,0.196,1.612,0.418,2.185c0.23,0.592,0.538,1.094,1.038,1.594c0.5,0.5,1.002,0.808,1.594,1.038 c0.572,0.222,1.227,0.375,2.185,0.418C9.249,20.99,9.556,21,12,21s2.751-0.01,3.711-0.054c0.958-0.044,1.612-0.196,2.185-0.418 c0.592-0.23,1.094-0.538,1.594-1.038c0.5-0.5,0.808-1.002,1.038-1.594c0.222-0.572,0.375-1.227,0.418-2.185 C20.99,14.751,21,14.444,21,12s-0.01-2.751-0.054-3.711c-0.044-0.958-0.196-1.612-0.418-2.185c-0.23-0.592-0.538-1.094-1.038-1.594 c-0.5-0.5-1.002-0.808-1.594-1.038c-0.572-0.222-1.227-0.375-2.185-0.418C14.751,3.01,14.444,3,12,3L12,3z M12,7.378 c-2.552,0-4.622,2.069-4.622,4.622S9.448,16.622,12,16.622s4.622-2.069,4.622-4.622S14.552,7.378,12,7.378z M12,15 c-1.657,0-3-1.343-3-3s1.343-3,3-3s3,1.343,3,3S13.657,15,12,15z M16.804,6.116c-0.596,0-1.08,0.484-1.08,1.08 s0.484,1.08,1.08,1.08c0.596,0,1.08-0.484,1.08-1.08S17.401,6.116,16.804,6.116z\"><\/path><\/svg><span class=\"wp-block-social-link-label screen-reader-text\">Instagram<\/span><\/a><\/li><\/ul>\n\n\n\n<p>upb.meets.osterlauf<\/p>\n\n\n\n<p><\/p>\n","protected":false},"excerpt":{"rendered":"<p>Wie bekomme ich meine Startunterlagen f\u00fcr den Osterlauf? Die Starterbeutel mit unter anderem Euren Startnummern und Laufshirts k\u00f6nnt Ihr Euch am 1. April (Mittwoch) von 10:00 Uhr bis 15:00 Uhr im Bibo-Foyer abholen. Bringt daf\u00fcr bitte Euren Studierendenausweis mit! Falls Ihr nicht pers\u00f6nlich vorbeikommen k\u00f6nnt, ist es auch m\u00f6glich, dass jemand den Beutel f\u00fcr Euch [&hellip;]<\/p>\n","protected":false},"author":9164,"featured_media":0,"parent":0,"menu_order":0,"comment_status":"closed","ping_status":"closed","template":"","meta":{"footnotes":""},"class_list":["post-34","page","type-page","status-publish","hentry"],"_links":{"self":[{"href":"https:\/\/blogs.uni-paderborn.de\/upb-meets-osterlauf\/wp-json\/wp\/v2\/pages\/34","targetHints":{"allow":["GET"]}}],"collection":[{"href":"https:\/\/blogs.uni-paderborn.de\/upb-meets-osterlauf\/wp-json\/wp\/v2\/pages"}],"about":[{"href":"https:\/\/blogs.uni-paderborn.de\/upb-meets-osterlauf\/wp-json\/wp\/v2\/types\/page"}],"author":[{"embeddable":true,"href":"https:\/\/blogs.uni-paderborn.de\/upb-meets-osterlauf\/wp-json\/wp\/v2\/users\/9164"}],"replies":[{"embeddable":true,"href":"https:\/\/blogs.uni-paderborn.de\/upb-meets-osterlauf\/wp-json\/wp\/v2\/comments?post=34"}],"version-history":[{"count":60,"href":"https:\/\/blogs.uni-paderborn.de\/upb-meets-osterlauf\/wp-json\/wp\/v2\/pages\/34\/revisions"}],"predecessor-version":[{"id":1273,"href":"https:\/\/blogs.uni-paderborn.de\/upb-meets-osterlauf\/wp-json\/wp\/v2\/pages\/34\/revisions\/1273"}],"wp:attachment":[{"href":"https:\/\/blogs.uni-paderborn.de\/upb-meets-osterlauf\/wp-json\/wp\/v2\/media?parent=34"}],"curies":[{"name":"wp","href":"https:\/\/api.w.org\/{rel}","templated":true}]}}