{"id":772,"date":"2013-09-05T10:01:49","date_gmt":"2013-09-05T08:01:49","guid":{"rendered":"http:\/\/blogs.uni-paderborn.de\/ub-katalog\/?page_id=772"},"modified":"2025-02-16T20:49:06","modified_gmt":"2025-02-16T19:49:06","slug":"suche","status":"publish","type":"page","link":"https:\/\/blogs.uni-paderborn.de\/ub-katalog\/hilfe\/suche\/","title":{"rendered":"Suche"},"content":{"rendered":"\n<p>Der Katalog bietet zwei Sucheinstiege:<\/p>\n\n\n\n<ol class=\"wp-block-list\">\n<li>Im&nbsp;<strong>Katalog<\/strong>&nbsp;k\u00f6nnen Sie nach den gedruckten, elektronischen und audiovisuellen Informationsmedien im Bestand (Angebot) der UB Paderborn suchen.<\/li>\n\n\n\n<li><strong>Central Discovery Index (CDI)<\/strong> enth\u00e4lt die Daten einer Vielzahl von Fach- und Volltextdatenbanken und erm\u00f6glicht das Auffinden von Zeitschriftenaufs\u00e4tzen und weiteren wissenschaftlich relevanten Materialien, die in der Regel nicht im Katalog nachgewiesen sind. In vielen F\u00e4llen k\u00f6nnen Sie von den Rechercheergebnissen direkt auf digitale Inhalte zugreifen. Da nicht alle von der UB angebotenen Datenbanken in CDI enthalten sind, empfehlen wir Ihnen, erg\u00e4nzend auch in den von der UB Paderborn bereitgestellten Fachdatenbanken im <a rel=\"noopener\" href=\"http:\/\/rzblx10.uni-regensburg.de\/dbinfo\/index.php?bib_id=ub_pb\" target=\"_blank\">Datenbank-Informationssystem (DBIS)<\/a>&nbsp;zu recherchieren.<\/li>\n<\/ol>\n\n\n\n<p><strong>Bitte beachten Sie:<\/strong>&nbsp;Voraussetzung f\u00fcr den Zugang zu digitalen Inhalten (z.B. Volltexte) ist i.d.R. ein Rechner der Universit\u00e4t Paderborn, eine VPN -Verbindung zum Campusnetz oder ein Login \u00fcber Shibboleth erforderlich.&nbsp;<a href=\"http:\/\/www.ub.uni-paderborn.de\/recherche\/hinweise-zur-nutzung-der-elektronischen-angebote\/elektronische-informationsmedien-im-fernzugriff-vpn-shibboleth\/\" target=\"_blank\" rel=\"noopener\">Weitere Informationen zu diesem Thema finden Sie hier<\/a>.<\/p>\n\n\n\n<h2 class=\"wp-block-heading\">Einfache Suche<\/h2>\n\n\n\n<p>F\u00fcr die Suche bieten wir Ihnen eine Suchzeile, in der Sie \u2013 wie bei Google \u2013 ein oder mehrere Suchbegriffe eingeben k\u00f6nnen. Alle eingegebenen Begriffe werden standardm\u00e4\u00dfig \u00fcber alle Suchfelder (z.B. Autor, Titel, Verlag, Erscheinungsjahr, Schlagwort, Inhaltsverzeichnis, ISBN, ISSN, Serie usw.) gesucht.<\/p>\n\n\n\n<p>Wenn Sie mehrere Begriffe eingeben, bekommen Sie nur Ergebnisse angezeigt, in denen alle Suchbegriffe enthalten sind (<a href=\"#boolean\">siehe auch Suche mit logischen Operatoren<\/a>).<\/p>\n\n\n\n<h2 class=\"wp-block-heading\">Erweiterte Suche<\/h2>\n\n\n\n<p>In der &#8222;Erweiterten Suche&#8220; k\u00f6nnen Sie gezielt die Suche mit verschiedenen Suchbegriffen in verschiedenen Suchfeldern miteinander kombinieren. Die einzelnen Felder werden untereinander automatisch mit \u201cUND\u201d verkn\u00fcpft. Suchfelder k\u00f6nnen Sie \u00fcber den entsprechenden &#8222;+&#8220;-Button der Recherche hinzuf\u00fcgen.<\/p>\n\n\n\n<p>Beispiel f\u00fcr eine &#8222;Erweiterte Suche&#8220;: Sie suchen Literatur von Umberto Eco, aber keine Literatur \u00fcber ihn und seine Werke. Dazu geben Sie im ersten Feld \u201cAutor\/Herausgeber\u201d<em> Umberto Eco<\/em> ein. Suchen Sie gezielt den Titel &#8222;Der Name der Rose&#8220;, dann k\u00f6nnen Sie mit der &#8222;Erweiterten Suche&#8220; folgenderma\u00dfen recherchieren: Geben Sie im ersten&nbsp;Feld \u201cAutor\/Herausgeber\u201d&nbsp;<em>Umberto Eco<\/em>&nbsp;und im zweiten Feld Feld &#8222;Titel&#8220;&nbsp;<em>Rose<\/em>&nbsp;ein.<\/p>\n\n\n\n<p><a href=\"https:\/\/katalog.ub.uni-paderborn.de\/local\/searches?search_request=%7B%22queries%22%3A%5B%7B%22exclude%22%3Afalse%2C%22type%22%3A%22query_string%22%2C%22default_operator%22%3A%22AND%22%2C%22fields%22%3A%5B%22creator_contributor_search%22%5D%2C%22query%22%3A%22Umberto+Eco%22%7D%2C%7B%22fields%22%3A%5B%22title_search%22%5D%2C%22query%22%3A%22Rose%22%2C%22type%22%3A%22query_string%22%7D%5D%2C%22sort%22%3A%5B%7B%22field%22%3A%22_score%22%7D%5D%7D\">Das Beispiel im Katalog anzeigen<\/a><\/p>\n\n\n\n<h2 class=\"wp-block-heading\">Suche mit Facetten<\/h2>\n\n\n\n<p>Wenn Sie eine Suche abgeschickt haben, zeigt Ihnen das System rechts neben den Ergebnissen sogenannte Facetten an. Facetten gruppieren die Ergebnisse nach vorgegebenen Kriterien, wie z.B. Autoren, Erscheinungsjahren und -formen, Sprachen, Schlagw\u00f6rtern usw.<\/p>\n\n\n\n<p>Mit einem Klick auf den Wert einer Facette k\u00f6nnen Sie Ihre Ergebnisse um das gew\u00e4hlte Kriterium einschr\u00e4nken.<\/p>\n\n\n\n<h2 class=\"wp-block-heading\">Phrasensuche<\/h2>\n\n\n\n<p>Wenn Sie nach einer Phrase suchen m\u00f6chten, setzen Sie Ihre Suchbegriffe in Anf\u00fchrungszeichen. Sie k\u00f6nnen W\u00f6rter und Phrasen in Ihrer Suche auch miteinander kombinieren. So wird beispielsweise&nbsp;<em>&#8222;global warming&#8220;<\/em>&nbsp;als ein Begriff gesucht, kombiniert mit dem Begriff&nbsp;<em>environment<\/em>.<\/p>\n\n\n\n<h2 class=\"wp-block-heading\" id=\"boolean\">Suche mit logischen Operatoren<\/h2>\n\n\n\n<p><strong>UND\/AND<\/strong>&nbsp;= beide Suchbedingungen m\u00fcssen zutreffen.<\/p>\n\n\n\n<p>Sie k\u00f6nnen nach Medien suchen, die beide W\u00f6rter oder Phrasen beinhalten, die Sie in das Suchfeld eingegeben haben. Verwenden Sie dazu den Booleschen Operator UND oder AND (in Gro\u00dfbuchstaben) zwischen den W\u00f6rtern oder Phrasen.<\/p>\n\n\n\n<p>Da es sich hierbei um die Voreinstellung des Systems handelt, wird automatisch nach Medien gesucht, die alle eingegebenen W\u00f6rter enthalten wenn Sie diese Operatoren nicht eingeben.<\/p>\n\n\n\n<p><strong>ODER\/OR<\/strong>&nbsp;= eine der Suchbedingungen muss zutreffen, aber es ist auch m\u00f6glich, dass mehrere\/alle zutreffen<\/p>\n\n\n\n<p>Sie k\u00f6nnen nach Medien suchen, die mindestens eines der W\u00f6rter oder Phrasen beinhalten, die Sie in das Suchfeld eingegeben haben. Verwenden Sie dazu den Booleschen Operator ODER oder OR (in Gro\u00dfbuchstaben) zwischen den W\u00f6rtern oder Phrasen.<\/p>\n\n\n\n<p><strong>Beispiel:<\/strong>&nbsp;Um nach Medien zu suchen, die das Wort Computer oder das Wort Rechner enthalten, tippen Sie bitte folgendes in das Suchfeld ein:&nbsp;<em>Computer ODER Rechner<\/em><\/p>\n\n\n\n<p><strong>NICHT\/NOT<\/strong>&nbsp;= die erste Suchbedingung muss zutreffen, aber die zweite darf nicht zutreffen<\/p>\n\n\n\n<p>Sie k\u00f6nnen Medien&nbsp;<strong>ausschlie\u00dfen<\/strong>&nbsp;die bestimmte W\u00f6rter oder Phrasen beinhalten. Verwenden Sie hierzu den Booleschen Operator NICHT oder NOT (in Gro\u00dfbuchstaben). Geben Sie anschlie\u00dfend das Wort oder die Phrase ein, die ausgeschlossen werden soll.<\/p>\n\n\n\n<p><strong>Beispiel:<\/strong>&nbsp;Um nach Medien mit dem Wort Computer zu suchen, die aber nicht das Wort Rechner beinhalten, tippen Sie folgendes in das Suchfeld:&nbsp;<em>Computer NICHT Rechner<\/em><\/p>\n\n\n\n<p><strong>Hinweis:<\/strong>&nbsp;Bitte geben Sie die Booleschen Operatoren immer in Gro\u00dfbuchstaben ein, bei Kleinschreibung interpretiert das System diese als ein Suchbegriff.<\/p>\n\n\n\n<h2 class=\"wp-block-heading\">Suche nach Wortgruppen<\/h2>\n\n\n\n<p>Um W\u00f6rter oder Phrasen innerhalb einer Suchanfrage zu gruppieren, m\u00fcssen Sie diese in&nbsp;<strong>Klammern<\/strong>&nbsp;setzen.<\/p>\n\n\n\n<p><strong>Beispiel:<\/strong>&nbsp;Um nach Shakespeare und Trag\u00f6die oder Gedicht zu suchen, tippen Sie folgendes in das Suchfeld:&nbsp;<em>Shakespeare (Trag\u00f6die ODER Gedicht)<\/em><\/p>\n\n\n\n<h2 class=\"wp-block-heading\" id=\"wildcards\">Suche mit Wildcards<\/h2>\n\n\n\n<p>F\u00fcr Ihre Suchbegriffe k\u00f6nnen Sie folgende Platzhalter (auch Wildcards oder Trunkierungszeichen genannt) verwenden:<\/p>\n\n\n\n<p><strong>Bitte beachten Sie: Die Trunkierungszeichen k\u00f6nnen nicht am Anfang eines Suchbegriffes verwendet werden. So sind Suchbegriffe der Form <em>*kunst<\/em> nicht zul\u00e4ssig und f\u00fchren zu leeren Treffermengen.<\/strong><\/p>\n\n\n\n<p><strong>*<\/strong>&nbsp;(Sternchen) ersetzt mehrere Buchstaben<br><strong>Beispiel:<\/strong>&nbsp;Geben Sie&nbsp;<em>Architekt*<\/em>&nbsp;ein, um nach Architekt, Architekt<em>en<\/em>, Architekt<em>ur<\/em>&nbsp;etc. zu suchen.<\/p>\n\n\n\n<p><strong>?<\/strong>&nbsp;(Fragezeichen) ersetzt einen einzelnen Buchstaben<br>Beispiel: Geben Sie&nbsp;<em>wom?n<\/em>&nbsp;ein, um nach wom<em>a<\/em>n, wom<em>e<\/em>n zu suchen.<\/p>\n\n\n\n<p><strong>Hinweis:<\/strong>&nbsp;Bei der Recherche nach Signaturen empfiehlt es sich, sofort nach der Grundsignatur den Platzhalter * zu setzen, um so alle Auflagen, B\u00e4nde und Mehrfachexemplare angezeigt zu bekommen, z.B.: IBUG6813*<\/p>\n<div class=\"twoclick_social_bookmarks_post_772 social_share_privacy clearfix 1.6.4 locale-de_DE sprite-de_DE\"><\/div><div class=\"twoclick-js\"><script type=\"text\/javascript\">\/* <![CDATA[ *\/\njQuery(document).ready(function($){if($('.twoclick_social_bookmarks_post_772')){$('.twoclick_social_bookmarks_post_772').socialSharePrivacy({\"services\":{\"facebook\":{\"status\":\"on\",\"txt_info\":\"2 Klicks f\\u00fcr mehr Datenschutz: Erst wenn Sie hier klicken, wird der Button aktiv und Sie k\\u00f6nnen Ihre Empfehlung an Facebook senden. Schon beim Aktivieren werden Daten an Dritte \\u00fcbertragen - siehe <em>i<\\\/em>.\",\"perma_option\":\"off\",\"action\":\"recommend\",\"language\":\"de_DE\"},\"twitter\":{\"reply_to\":\"\",\"tweet_text\":\"Suche%20%C2%BB%20Universit%C3%A4tsbibliothek%20Paderborn\",\"status\":\"on\",\"txt_info\":\"2 Klicks f\\u00fcr mehr Datenschutz: Erst wenn Sie hier klicken, wird der Button aktiv und Sie k\\u00f6nnen Ihre Empfehlung an Twitter senden. Schon beim Aktivieren werden Daten an Dritte \\u00fcbertragen - siehe <em>i<\\\/em>.\",\"perma_option\":\"off\",\"language\":\"de\",\"referrer_track\":\"\"},\"gplus\":{\"status\":\"on\",\"txt_info\":\"2 Klicks f\\u00fcr mehr Datenschutz: Erst wenn Sie hier klicken, wird der Button aktiv und Sie k\\u00f6nnen Ihre Empfehlung an Google+ senden. Schon beim Aktivieren werden Daten an Dritte \\u00fcbertragen - siehe <em>i<\\\/em>.\",\"perma_option\":\"off\",\"referrer_track\":\"\"}},\"txt_help\":\"Wenn Sie diese Felder durch einen Klick aktivieren, werden Informationen an Facebook, Twitter, Flattr, Xing, t3n, LinkedIn, Pinterest oder Google eventuell ins Ausland \\u00fcbertragen und unter Umst\\u00e4nden auch dort gespeichert. N\\u00e4heres erfahren Sie durch einen Klick auf das <em>i<\\\/em>.\",\"settings_perma\":\"Dauerhaft aktivieren und Daten\\u00fcber-tragung zustimmen:\",\"info_link\":\"http:\\\/\\\/www.heise.de\\\/ct\\\/artikel\\\/2-Klicks-fuer-mehr-Datenschutz-1333879.html\",\"uri\":\"https:\\\/\\\/blogs.uni-paderborn.de\\\/ub-katalog\\\/hilfe\\\/suche\\\/\",\"post_id\":772,\"post_title_referrer_track\":\"Suche\",\"display_infobox\":\"on\"});}});\n\/* ]]> *\/<\/script><\/div>","protected":false},"excerpt":{"rendered":"<p>Der Katalog bietet zwei Sucheinstiege: Bitte beachten Sie:&nbsp;Voraussetzung f\u00fcr den Zugang zu digitalen Inhalten (z.B. Volltexte) ist i.d.R. ein Rechner der Universit\u00e4t Paderborn, eine VPN -Verbindung zum Campusnetz oder ein Login \u00fcber Shibboleth erforderlich.&nbsp;Weitere Informationen zu diesem Thema finden Sie hier. Einfache Suche F\u00fcr die Suche bieten wir Ihnen eine Suchzeile, in der Sie \u2013 &hellip; <a href=\"https:\/\/blogs.uni-paderborn.de\/ub-katalog\/hilfe\/suche\/\" class=\"more-link\"><span class=\"screen-reader-text\">Suche<\/span> weiterlesen<\/a><\/p>\n","protected":false},"author":2822,"featured_media":0,"parent":12,"menu_order":0,"comment_status":"closed","ping_status":"closed","template":"page-templates\/full-width.php","meta":{"footnotes":""},"class_list":["post-772","page","type-page","status-publish","hentry"],"_links":{"self":[{"href":"https:\/\/blogs.uni-paderborn.de\/ub-katalog\/wp-json\/wp\/v2\/pages\/772","targetHints":{"allow":["GET"]}}],"collection":[{"href":"https:\/\/blogs.uni-paderborn.de\/ub-katalog\/wp-json\/wp\/v2\/pages"}],"about":[{"href":"https:\/\/blogs.uni-paderborn.de\/ub-katalog\/wp-json\/wp\/v2\/types\/page"}],"author":[{"embeddable":true,"href":"https:\/\/blogs.uni-paderborn.de\/ub-katalog\/wp-json\/wp\/v2\/users\/2822"}],"replies":[{"embeddable":true,"href":"https:\/\/blogs.uni-paderborn.de\/ub-katalog\/wp-json\/wp\/v2\/comments?post=772"}],"version-history":[{"count":35,"href":"https:\/\/blogs.uni-paderborn.de\/ub-katalog\/wp-json\/wp\/v2\/pages\/772\/revisions"}],"predecessor-version":[{"id":5202,"href":"https:\/\/blogs.uni-paderborn.de\/ub-katalog\/wp-json\/wp\/v2\/pages\/772\/revisions\/5202"}],"up":[{"embeddable":true,"href":"https:\/\/blogs.uni-paderborn.de\/ub-katalog\/wp-json\/wp\/v2\/pages\/12"}],"wp:attachment":[{"href":"https:\/\/blogs.uni-paderborn.de\/ub-katalog\/wp-json\/wp\/v2\/media?parent=772"}],"curies":[{"name":"wp","href":"https:\/\/api.w.org\/{rel}","templated":true}]}}