{"id":385,"date":"2022-05-09T13:02:13","date_gmt":"2022-05-09T11:02:13","guid":{"rendered":"https:\/\/blogs.uni-paderborn.de\/theaterlytics\/?page_id=385"},"modified":"2022-05-24T13:51:28","modified_gmt":"2022-05-24T11:51:28","slug":"methodenbaukasten","status":"publish","type":"page","link":"https:\/\/blogs.uni-paderborn.de\/theaterlytics\/methodenbaukasten\/","title":{"rendered":"Methodenbaukasten"},"content":{"rendered":"<div class=\"twoclick_social_bookmarks_post_385 social_share_privacy clearfix 1.6.4 locale-de_DE sprite-de_DE\"><\/div><div class=\"twoclick-js\"><script type=\"text\/javascript\">\/* <![CDATA[ *\/\njQuery(document).ready(function($){if($('.twoclick_social_bookmarks_post_385')){$('.twoclick_social_bookmarks_post_385').socialSharePrivacy({\"txt_help\":\"Wenn Sie diese Felder durch einen Klick aktivieren, werden Informationen an Facebook, Twitter, Flattr, Xing, t3n, LinkedIn, Pinterest oder Google eventuell ins Ausland \\u00fcbertragen und unter Umst\\u00e4nden auch dort gespeichert. N\\u00e4heres erfahren Sie durch einen Klick auf das <em>i<\\\/em>.\",\"settings_perma\":\"Dauerhaft aktivieren und Daten\\u00fcber-tragung zustimmen:\",\"info_link\":\"http:\\\/\\\/www.heise.de\\\/ct\\\/artikel\\\/2-Klicks-fuer-mehr-Datenschutz-1333879.html\",\"uri\":\"https:\\\/\\\/blogs.uni-paderborn.de\\\/theaterlytics\\\/methodenbaukasten\\\/\",\"post_id\":385,\"post_title_referrer_track\":\"Methodenbaukasten\",\"display_infobox\":\"on\"});}});\n\/* ]]> *\/<\/script><\/div><p style=\"text-align: justify\">Im <em>TheaterLytics<\/em>-Projekt wurden bei der Entwicklung der modularen Softwarel\u00f6sung verschiedene Methoden eingesetzt. Diese Methoden wurden genutzt, um die Projektziele zu formulieren, wichtige Prozesse zu identifizieren (die mit Hilfe von Daten sowie Software unterst\u00fctzt werden k\u00f6nnen) und um die Besucher:innen und Nichtbesucher:innen besser kennen zu lernen und diese Informationen in die Entwicklung der Software einflie\u00dfen zu lassen. Die somit eingesetzten Methoden der Zieldefinition, Prozessanalyse und Besucherforschung werden aus diesem Grund im Folgenden n\u00e4her erl\u00e4utert. Ziel ist es, diese Methoden vorzustellen und dabei <em>Best Practice<\/em>-Ans\u00e4tze mit an die Hand zu geben. Die in <em>TheaterLytics<\/em> gemachten Erfahrungen zeigen, dass die Methoden auch f\u00fcr sich alleinstehend, schnell und einfach von Kulturbetrieben eingesetzt und somit eine sehr gro\u00dfe Hilfe darstellen k\u00f6nnen. Auch einzelne Initiativen (z. B. eine erste Umfrage im Sinne der Besucherforschung) k\u00f6nnen Kulturschaffenden im Alltag eines Kulturbetriebs Entscheidungsunterst\u00fctzung bieten.<\/p>\n\n\n<figure class=\"wp-block-image size-large\"><img loading=\"lazy\" decoding=\"async\" width=\"1024\" height=\"683\" src=\"https:\/\/blogs.uni-paderborn.de\/theaterlytics\/files\/2022\/05\/Methodenbaukasten-1024x683.jpg\" alt=\"\" class=\"wp-image-732\" srcset=\"https:\/\/blogs.uni-paderborn.de\/theaterlytics\/files\/2022\/05\/Methodenbaukasten-1024x683.jpg 1024w, https:\/\/blogs.uni-paderborn.de\/theaterlytics\/files\/2022\/05\/Methodenbaukasten-300x200.jpg 300w, https:\/\/blogs.uni-paderborn.de\/theaterlytics\/files\/2022\/05\/Methodenbaukasten-768x512.jpg 768w, https:\/\/blogs.uni-paderborn.de\/theaterlytics\/files\/2022\/05\/Methodenbaukasten-1536x1024.jpg 1536w, https:\/\/blogs.uni-paderborn.de\/theaterlytics\/files\/2022\/05\/Methodenbaukasten-2048x1366.jpg 2048w\" sizes=\"auto, (max-width: 1024px) 100vw, 1024px\" \/><\/figure>\n\n\n\n<p><\/p>\n\n\n\n<p><\/p>\n\n\n\n<p class=\"has-text-align-right\"><a href=\"https:\/\/blogs.uni-paderborn.de\/theaterlytics\/zieldefinitionen\/\" data-type=\"page\" data-id=\"117\">Zieldefinitionen \u2192<\/a><\/p>\n\n\n\n<p><\/p>\n","protected":false},"excerpt":{"rendered":"<p>Im TheaterLytics-Projekt wurden bei der Entwicklung der modularen Softwarel\u00f6sung verschiedene Methoden eingesetzt. Diese Methoden wurden genutzt, um die Projektziele zu formulieren, wichtige Prozesse zu identifizieren (die mit Hilfe von Daten sowie Software unterst\u00fctzt werden k\u00f6nnen) und um die Besucher:innen und Nichtbesucher:innen besser kennen zu lernen und diese Informationen in die Entwicklung der Software einflie\u00dfen zu &hellip; <a href=\"https:\/\/blogs.uni-paderborn.de\/theaterlytics\/methodenbaukasten\/\" class=\"more-link\"><span class=\"screen-reader-text\">Methodenbaukasten<\/span> weiterlesen<\/a><\/p>\n","protected":false},"author":9217,"featured_media":0,"parent":0,"menu_order":0,"comment_status":"closed","ping_status":"closed","template":"","meta":{"footnotes":""},"class_list":["post-385","page","type-page","status-publish","hentry"],"_links":{"self":[{"href":"https:\/\/blogs.uni-paderborn.de\/theaterlytics\/wp-json\/wp\/v2\/pages\/385","targetHints":{"allow":["GET"]}}],"collection":[{"href":"https:\/\/blogs.uni-paderborn.de\/theaterlytics\/wp-json\/wp\/v2\/pages"}],"about":[{"href":"https:\/\/blogs.uni-paderborn.de\/theaterlytics\/wp-json\/wp\/v2\/types\/page"}],"author":[{"embeddable":true,"href":"https:\/\/blogs.uni-paderborn.de\/theaterlytics\/wp-json\/wp\/v2\/users\/9217"}],"replies":[{"embeddable":true,"href":"https:\/\/blogs.uni-paderborn.de\/theaterlytics\/wp-json\/wp\/v2\/comments?post=385"}],"version-history":[{"count":6,"href":"https:\/\/blogs.uni-paderborn.de\/theaterlytics\/wp-json\/wp\/v2\/pages\/385\/revisions"}],"predecessor-version":[{"id":734,"href":"https:\/\/blogs.uni-paderborn.de\/theaterlytics\/wp-json\/wp\/v2\/pages\/385\/revisions\/734"}],"wp:attachment":[{"href":"https:\/\/blogs.uni-paderborn.de\/theaterlytics\/wp-json\/wp\/v2\/media?parent=385"}],"curies":[{"name":"wp","href":"https:\/\/api.w.org\/{rel}","templated":true}]}}