{"id":712,"date":"2013-12-09T15:33:16","date_gmt":"2013-12-09T13:33:16","guid":{"rendered":"http:\/\/blogs.uni-paderborn.de\/tdl2014\/?page_id=712"},"modified":"2014-01-09T15:19:50","modified_gmt":"2014-01-09T13:19:50","slug":"erfahrungen-aus-anderen-hochschulen","status":"publish","type":"page","link":"https:\/\/blogs.uni-paderborn.de\/tdl2014\/programm\/workshops\/erfahrungen-aus-anderen-hochschulen\/","title":{"rendered":"6 In Modulen lehren, lernen und pr\u00fcfen: Erfahrungen aus den Hochschulen"},"content":{"rendered":"<div class=\"twoclick_social_bookmarks_post_712 social_share_privacy clearfix 1.6.4 locale-de_DE sprite-de_DE\"><\/div><div class=\"twoclick-js\"><script type=\"text\/javascript\">\/* <![CDATA[ *\/\njQuery(document).ready(function($){if($('.twoclick_social_bookmarks_post_712')){$('.twoclick_social_bookmarks_post_712').socialSharePrivacy({\"txt_help\":\"Wenn Sie diese Felder durch einen Klick aktivieren, werden Informationen an Facebook, Twitter, Flattr, Xing, t3n, LinkedIn, Pinterest oder Google eventuell ins Ausland \\u00fcbertragen und unter Umst\\u00e4nden auch dort gespeichert. N\\u00e4heres erfahren Sie durch einen Klick auf das <em>i<\\\/em>.\",\"settings_perma\":\"Dauerhaft aktivieren und Daten\\u00fcber-tragung zustimmen:\",\"info_link\":\"http:\\\/\\\/www.heise.de\\\/ct\\\/artikel\\\/2-Klicks-fuer-mehr-Datenschutz-1333879.html\",\"uri\":\"https:\\\/\\\/blogs.uni-paderborn.de\\\/tdl2014\\\/programm\\\/workshops\\\/erfahrungen-aus-anderen-hochschulen\\\/\",\"post_id\":712,\"post_title_referrer_track\":\"6+In+Modulen+lehren%2C+lernen+und+pr%C3%BCfen%3A+Erfahrungen+aus+den+Hochschulen\",\"display_infobox\":\"on\"});}});\n\/* ]]> *\/<\/script><\/div><p><strong>In Modulen lehren, lernen und pr\u00fcfen: Erfahrungen aus den Hochschulen mit kompetenzorientierter Lehrentwicklung im produktiven Spannungsfeld zwischen Wissenschaft und Hochschulmanagement<\/strong><\/p>\n<p><strong>Zeit: <\/strong>15.45-17.15 Uhr<\/p>\n<p><strong>Inhalte:<\/strong><br \/>\nDie kompetenzorientierte Lehr- und Pr\u00fcfungsgestaltung in Modulen stellt das Hochschulmanagement vor grundlegende Herausforderungen:<\/p>\n<p>Zum einen m\u00fcssen die Verwaltungsverantwortlichen f\u00fcr kompetenzorientierte Lehr- und Pr\u00fcfungsinnovationen offen sein und administrativ angemessene L\u00f6sungen entwickeln und umsetzen, zum anderen sind sie dazu angehalten, die Fakult\u00e4ts- und Studiengangverantwortlichen zu einer ad\u00e4quaten Ausgestaltung der L\u00e4ndergemeinsamen Strukturvorgaben der KMK zu motivieren, f\u00fcr deren administrative Einhaltung Sorge zu tragen und in Umsetzungsfragen an der Schnittstelle zu didaktischen Fragen und Anliegen zu beraten.<\/p>\n<p>In diesen Handlungszusammenh\u00e4ngen kann es zu Problemen kommen, die sich nur durch eine Kommunikation \u201eauf Augenh\u00f6he\u201c zwischen Wissenschaft und Administration konstruktiv und zufriedenstellend l\u00f6sen lassen.<\/p>\n<p>Ein Impuls und Erfahrungsberichte von Teilnehmer\/innen (bitte vorab dem Moderator zusenden) sollen eine Diskussionsgrundlage daf\u00fcr bieten, wie die innerhochschulische Akzeptanz der Verwaltung gest\u00e4rkt werden kann und wie au\u00dferdem Professionalisierungsm\u00f6glichkeiten f\u00fcr die im Qualit\u00e4tspakt Lehre weiterhin an Bedeutung gewinnenden Koordinationsverantwortlichen im \u201eDritten Raum\u201c zwischen Wissenschaft und Management erschlossen und umgesetzt werden k\u00f6nnen.<\/p>\n<p><strong>Moderation:<\/strong><br \/>\n<a href=\"http:\/\/www.hrk-nexus.de\/projekt-nexus\/\">Dr. Peter A. Zervakis<\/a>, Projekt nexus, Hochschulrektorenkonferenz<\/p>\n","protected":false},"excerpt":{"rendered":"<p>In Modulen lehren, lernen und pr\u00fcfen: Erfahrungen aus den Hochschulen mit kompetenzorientierter Lehrentwicklung im produktiven Spannungsfeld zwischen Wissenschaft und Hochschulmanagement Zeit: 15.45-17.15 Uhr Inhalte: Die kompetenzorientierte Lehr- und Pr\u00fcfungsgestaltung in Modulen stellt das Hochschulmanagement vor grundlegende Herausforderungen: Zum einen m\u00fcssen &hellip; <a href=\"https:\/\/blogs.uni-paderborn.de\/tdl2014\/programm\/workshops\/erfahrungen-aus-anderen-hochschulen\/\">Weiterlesen <span class=\"meta-nav\">&rarr;<\/span><\/a><\/p>\n","protected":false},"author":1001,"featured_media":0,"parent":352,"menu_order":0,"comment_status":"open","ping_status":"closed","template":"","meta":{"footnotes":""},"class_list":["post-712","page","type-page","status-publish","hentry"],"_links":{"self":[{"href":"https:\/\/blogs.uni-paderborn.de\/tdl2014\/wp-json\/wp\/v2\/pages\/712","targetHints":{"allow":["GET"]}}],"collection":[{"href":"https:\/\/blogs.uni-paderborn.de\/tdl2014\/wp-json\/wp\/v2\/pages"}],"about":[{"href":"https:\/\/blogs.uni-paderborn.de\/tdl2014\/wp-json\/wp\/v2\/types\/page"}],"author":[{"embeddable":true,"href":"https:\/\/blogs.uni-paderborn.de\/tdl2014\/wp-json\/wp\/v2\/users\/1001"}],"replies":[{"embeddable":true,"href":"https:\/\/blogs.uni-paderborn.de\/tdl2014\/wp-json\/wp\/v2\/comments?post=712"}],"version-history":[{"count":11,"href":"https:\/\/blogs.uni-paderborn.de\/tdl2014\/wp-json\/wp\/v2\/pages\/712\/revisions"}],"predecessor-version":[{"id":1582,"href":"https:\/\/blogs.uni-paderborn.de\/tdl2014\/wp-json\/wp\/v2\/pages\/712\/revisions\/1582"}],"up":[{"embeddable":true,"href":"https:\/\/blogs.uni-paderborn.de\/tdl2014\/wp-json\/wp\/v2\/pages\/352"}],"wp:attachment":[{"href":"https:\/\/blogs.uni-paderborn.de\/tdl2014\/wp-json\/wp\/v2\/media?parent=712"}],"curies":[{"name":"wp","href":"https:\/\/api.w.org\/{rel}","templated":true}]}}