{"id":592,"date":"2013-12-05T10:36:56","date_gmt":"2013-12-05T08:36:56","guid":{"rendered":"http:\/\/blogs.uni-paderborn.de\/tdl2014\/?page_id=592"},"modified":"2014-01-09T15:21:26","modified_gmt":"2014-01-09T13:21:26","slug":"netzwerk-peer-learning-in-der-lehrerbildung","status":"publish","type":"page","link":"https:\/\/blogs.uni-paderborn.de\/tdl2014\/programm\/workshops\/netzwerk-peer-learning-in-der-lehrerbildung\/","title":{"rendered":"9 Netzwerk Peer Learning in der Lehrer_innenbildung an der Universit\u00e4t Paderborn"},"content":{"rendered":"<div class=\"twoclick_social_bookmarks_post_592 social_share_privacy clearfix 1.6.4 locale-de_DE sprite-de_DE\"><\/div><div class=\"twoclick-js\"><script type=\"text\/javascript\">\/* <![CDATA[ *\/\njQuery(document).ready(function($){if($('.twoclick_social_bookmarks_post_592')){$('.twoclick_social_bookmarks_post_592').socialSharePrivacy({\"txt_help\":\"Wenn Sie diese Felder durch einen Klick aktivieren, werden Informationen an Facebook, Twitter, Flattr, Xing, t3n, LinkedIn, Pinterest oder Google eventuell ins Ausland \\u00fcbertragen und unter Umst\\u00e4nden auch dort gespeichert. N\\u00e4heres erfahren Sie durch einen Klick auf das <em>i<\\\/em>.\",\"settings_perma\":\"Dauerhaft aktivieren und Daten\\u00fcber-tragung zustimmen:\",\"info_link\":\"http:\\\/\\\/www.heise.de\\\/ct\\\/artikel\\\/2-Klicks-fuer-mehr-Datenschutz-1333879.html\",\"uri\":\"https:\\\/\\\/blogs.uni-paderborn.de\\\/tdl2014\\\/programm\\\/workshops\\\/netzwerk-peer-learning-in-der-lehrerbildung\\\/\",\"post_id\":592,\"post_title_referrer_track\":\"9+Netzwerk+Peer+Learning+in+der+Lehrer_innenbildung+an+der+Universit%C3%A4t+Paderborn\",\"display_infobox\":\"on\"});}});\n\/* ]]> *\/<\/script><\/div><p><strong>Netzwerk Peer Learning in der Lehrer_innenbildung an der Universit\u00e4t Paderborn<\/strong><\/p>\n<p><strong>Zeit:<\/strong> 15.45 &#8211; 17.15 Uhr<\/p>\n<p><strong>Ziele und Inhalte:<\/strong><br \/>\n<b>Ein Ergebnis der an der Universit\u00e4t Paderborn im November 2013 durchgef\u00fchrten Tagung \u201ePeer Learning durch Mentoring, Coaching und Co.\u201c war die Absicht, ein Netzwerk f\u00fcr Peer Learning im Lehramtsstudium zu bilden, um Rahmenbedingungen und Perspektiven von Peer Learning mit Lehrenden und Lernenden zu diskutieren und konkrete Formen zu erproben. <\/b><\/p>\n<p><b>In diesem Workshop sollen in Anlehnung an die Methode \u201eZukunftswerkstatt\u201c erste Schritte unternommen werden.\u00a0\u00a0 <\/b><\/p>\n<p><strong>Moderation:<\/strong><br \/>\n<a href=\"http:\/\/kw.uni-paderborn.de\/institute-einrichtungen\/institut-fuer-erziehungswissenschaft\/arbeitsbereiche\/prof-dr-thea-stroot\/team\/\">Prof. Dr. Thea Stroot, Petra Westphal<\/a><\/p>\n","protected":false},"excerpt":{"rendered":"<p>Netzwerk Peer Learning in der Lehrer_innenbildung an der Universit\u00e4t Paderborn Zeit: 15.45 &#8211; 17.15 Uhr Ziele und Inhalte: Ein Ergebnis der an der Universit\u00e4t Paderborn im November 2013 durchgef\u00fchrten Tagung \u201ePeer Learning durch Mentoring, Coaching und Co.\u201c war die Absicht, &hellip; <a href=\"https:\/\/blogs.uni-paderborn.de\/tdl2014\/programm\/workshops\/netzwerk-peer-learning-in-der-lehrerbildung\/\">Weiterlesen <span class=\"meta-nav\">&rarr;<\/span><\/a><\/p>\n","protected":false},"author":1001,"featured_media":0,"parent":352,"menu_order":0,"comment_status":"open","ping_status":"closed","template":"","meta":{"footnotes":""},"class_list":["post-592","page","type-page","status-publish","hentry"],"_links":{"self":[{"href":"https:\/\/blogs.uni-paderborn.de\/tdl2014\/wp-json\/wp\/v2\/pages\/592","targetHints":{"allow":["GET"]}}],"collection":[{"href":"https:\/\/blogs.uni-paderborn.de\/tdl2014\/wp-json\/wp\/v2\/pages"}],"about":[{"href":"https:\/\/blogs.uni-paderborn.de\/tdl2014\/wp-json\/wp\/v2\/types\/page"}],"author":[{"embeddable":true,"href":"https:\/\/blogs.uni-paderborn.de\/tdl2014\/wp-json\/wp\/v2\/users\/1001"}],"replies":[{"embeddable":true,"href":"https:\/\/blogs.uni-paderborn.de\/tdl2014\/wp-json\/wp\/v2\/comments?post=592"}],"version-history":[{"count":10,"href":"https:\/\/blogs.uni-paderborn.de\/tdl2014\/wp-json\/wp\/v2\/pages\/592\/revisions"}],"predecessor-version":[{"id":1642,"href":"https:\/\/blogs.uni-paderborn.de\/tdl2014\/wp-json\/wp\/v2\/pages\/592\/revisions\/1642"}],"up":[{"embeddable":true,"href":"https:\/\/blogs.uni-paderborn.de\/tdl2014\/wp-json\/wp\/v2\/pages\/352"}],"wp:attachment":[{"href":"https:\/\/blogs.uni-paderborn.de\/tdl2014\/wp-json\/wp\/v2\/media?parent=592"}],"curies":[{"name":"wp","href":"https:\/\/api.w.org\/{rel}","templated":true}]}}