{"id":332,"date":"2013-11-27T12:31:40","date_gmt":"2013-11-27T10:31:40","guid":{"rendered":"http:\/\/blogs.uni-paderborn.de\/tdl2014\/?page_id=332"},"modified":"2014-02-18T13:53:09","modified_gmt":"2014-02-18T11:53:09","slug":"vortrage","status":"publish","type":"page","link":"https:\/\/blogs.uni-paderborn.de\/tdl2014\/programm\/vortrage\/","title":{"rendered":"Vortr\u00e4ge"},"content":{"rendered":"<div class=\"twoclick_social_bookmarks_post_332 social_share_privacy clearfix 1.6.4 locale-de_DE sprite-de_DE\"><\/div><div class=\"twoclick-js\"><script type=\"text\/javascript\">\/* <![CDATA[ *\/\njQuery(document).ready(function($){if($('.twoclick_social_bookmarks_post_332')){$('.twoclick_social_bookmarks_post_332').socialSharePrivacy({\"txt_help\":\"Wenn Sie diese Felder durch einen Klick aktivieren, werden Informationen an Facebook, Twitter, Flattr, Xing, t3n, LinkedIn, Pinterest oder Google eventuell ins Ausland \\u00fcbertragen und unter Umst\\u00e4nden auch dort gespeichert. N\\u00e4heres erfahren Sie durch einen Klick auf das <em>i<\\\/em>.\",\"settings_perma\":\"Dauerhaft aktivieren und Daten\\u00fcber-tragung zustimmen:\",\"info_link\":\"http:\\\/\\\/www.heise.de\\\/ct\\\/artikel\\\/2-Klicks-fuer-mehr-Datenschutz-1333879.html\",\"uri\":\"https:\\\/\\\/blogs.uni-paderborn.de\\\/tdl2014\\\/programm\\\/vortrage\\\/\",\"post_id\":332,\"post_title_referrer_track\":\"Vortr%C3%A4ge\",\"display_infobox\":\"on\"});}});\n\/* ]]> *\/<\/script><\/div><p><em>12.00 bis 13.15 Uhr, H\u00f6rsaal L1:<\/em><\/p>\n<p><a href=\"http:\/\/www.uni-paderborn.de\/organisation\/praesidium\/praesident\/\">Prof. Dr. Nikolaus Risch<\/a><strong> <\/strong><\/p>\n<p>Pr\u00e4sident der Universit\u00e4t Paderborn: \u00a0\u00a0\u00a0\u00a0\u00a0\u00a0\u00a0\u00a0\u00a0\u00a0\u00a0\u00a0\u00a0\u00a0\u00a0\u00a0\u00a0\u00a0\u00a0\u00a0\u00a0\u00a0\u00a0\u00a0\u00a0\u00a0\u00a0\u00a0\u00a0\u00a0\u00a0\u00a0\u00a0\u00a0\u00a0\u00a0\u00a0\u00a0\u00a0\u00a0\u00a0\u00a0\u00a0\u00a0\u00a0\u00a0\u00a0\u00a0\u00a0\u00a0\u00a0\u00a0\u00a0\u00a0\u00a0\u00a0\u00a0\u00a0\u00a0\u00a0\u00a0\u00a0\u00a0\u00a0\u00a0\u00a0\u00a0\u00a0 <strong>Gru\u00dfworte des Pr\u00e4sidenten<\/strong><\/p>\n<p><a href=\"http:\/\/www.hrk.de\/hrk\/gremien\/praesidium\/dieter-lenzen\/\">Prof. Dr. Dieter Lenzen<\/a><\/p>\n<p>Pr\u00e4sident der Universit\u00e4t Hamburg, Vizepr\u00e4sident der Hochschulrektorenkonferenz:<br \/>\n<strong><\/strong><a href=\"https:\/\/www.uni-paderborn.de\/index.php?id=230192\"><strong>&#8222;Wissen, Kompetenz und Bildung &#8211; alles Qualifikationen?&#8220; <\/strong><\/a>(klicken Sie, um zum Video zu gelangen)<strong><br \/>\n<\/strong><\/p>\n<p>&nbsp;<\/p>\n<p><em>13.15-14.45 Uhr im <a href=\"http:\/\/blogs.uni-paderborn.de\/tdl2014\/programm\/workshops\/\">Workshop <\/a>&#8222;Round Table Gespr\u00e4ch zum Akkreditierungssystem&#8220;:<\/em><\/p>\n<p><a href=\"http:\/\/www.hrk.de\/hrk\/gremien\/praesidium\/holger-burckhart\/\">Prof. Dr. Holger Burckhart<\/a><\/p>\n<p>Rektor der Universit\u00e4t Siegen, Vizepr\u00e4sident der Hochschulrektorenkonferenz:<br \/>\n<strong>Replik auf Prof. Dr. Dieter Lenzen<br \/>\n<\/strong><\/p>\n","protected":false},"excerpt":{"rendered":"<p>12.00 bis 13.15 Uhr, H\u00f6rsaal L1: Prof. Dr. Nikolaus Risch Pr\u00e4sident der Universit\u00e4t Paderborn: \u00a0\u00a0\u00a0\u00a0\u00a0\u00a0\u00a0\u00a0\u00a0\u00a0\u00a0\u00a0\u00a0\u00a0\u00a0\u00a0\u00a0\u00a0\u00a0\u00a0\u00a0\u00a0\u00a0\u00a0\u00a0\u00a0\u00a0\u00a0\u00a0\u00a0\u00a0\u00a0\u00a0\u00a0\u00a0\u00a0\u00a0\u00a0\u00a0\u00a0\u00a0\u00a0\u00a0\u00a0\u00a0\u00a0\u00a0\u00a0\u00a0\u00a0\u00a0\u00a0\u00a0\u00a0\u00a0\u00a0\u00a0\u00a0\u00a0\u00a0\u00a0\u00a0\u00a0\u00a0\u00a0\u00a0\u00a0\u00a0 Gru\u00dfworte des Pr\u00e4sidenten Prof. Dr. Dieter Lenzen Pr\u00e4sident der Universit\u00e4t Hamburg, Vizepr\u00e4sident der Hochschulrektorenkonferenz: &#8222;Wissen, Kompetenz und Bildung &#8211; alles Qualifikationen?&#8220; (klicken Sie, um zum &hellip; <a href=\"https:\/\/blogs.uni-paderborn.de\/tdl2014\/programm\/vortrage\/\">Weiterlesen <span class=\"meta-nav\">&rarr;<\/span><\/a><\/p>\n","protected":false},"author":1001,"featured_media":0,"parent":12,"menu_order":1,"comment_status":"open","ping_status":"closed","template":"","meta":{"footnotes":""},"class_list":["post-332","page","type-page","status-publish","hentry"],"_links":{"self":[{"href":"https:\/\/blogs.uni-paderborn.de\/tdl2014\/wp-json\/wp\/v2\/pages\/332","targetHints":{"allow":["GET"]}}],"collection":[{"href":"https:\/\/blogs.uni-paderborn.de\/tdl2014\/wp-json\/wp\/v2\/pages"}],"about":[{"href":"https:\/\/blogs.uni-paderborn.de\/tdl2014\/wp-json\/wp\/v2\/types\/page"}],"author":[{"embeddable":true,"href":"https:\/\/blogs.uni-paderborn.de\/tdl2014\/wp-json\/wp\/v2\/users\/1001"}],"replies":[{"embeddable":true,"href":"https:\/\/blogs.uni-paderborn.de\/tdl2014\/wp-json\/wp\/v2\/comments?post=332"}],"version-history":[{"count":12,"href":"https:\/\/blogs.uni-paderborn.de\/tdl2014\/wp-json\/wp\/v2\/pages\/332\/revisions"}],"predecessor-version":[{"id":1892,"href":"https:\/\/blogs.uni-paderborn.de\/tdl2014\/wp-json\/wp\/v2\/pages\/332\/revisions\/1892"}],"up":[{"embeddable":true,"href":"https:\/\/blogs.uni-paderborn.de\/tdl2014\/wp-json\/wp\/v2\/pages\/12"}],"wp:attachment":[{"href":"https:\/\/blogs.uni-paderborn.de\/tdl2014\/wp-json\/wp\/v2\/media?parent=332"}],"curies":[{"name":"wp","href":"https:\/\/api.w.org\/{rel}","templated":true}]}}