{"id":131,"date":"2012-09-26T10:44:59","date_gmt":"2012-09-26T08:44:59","guid":{"rendered":"http:\/\/blogs.uni-paderborn.de\/tdl2013\/?page_id=131"},"modified":"2013-01-23T15:25:49","modified_gmt":"2013-01-23T13:25:49","slug":"postersession","status":"publish","type":"page","link":"https:\/\/blogs.uni-paderborn.de\/tdl2013\/programm\/postersession\/","title":{"rendered":"Postersession"},"content":{"rendered":"<div class=\"twoclick_social_bookmarks_post_131 social_share_privacy clearfix 1.6.4 locale-de_DE sprite-de_DE\"><\/div><div class=\"twoclick-js\"><script type=\"text\/javascript\">\/* <![CDATA[ *\/\njQuery(document).ready(function($){if($('.twoclick_social_bookmarks_post_131')){$('.twoclick_social_bookmarks_post_131').socialSharePrivacy({\"txt_help\":\"Wenn Sie diese Felder durch einen Klick aktivieren, werden Informationen an Facebook, Twitter, Flattr, Xing, t3n, LinkedIn, Pinterest oder Google eventuell ins Ausland \\u00fcbertragen und unter Umst\\u00e4nden auch dort gespeichert. N\\u00e4heres erfahren Sie durch einen Klick auf das <em>i<\\\/em>.\",\"settings_perma\":\"Dauerhaft aktivieren und Daten\\u00fcber-tragung zustimmen:\",\"info_link\":\"http:\\\/\\\/www.heise.de\\\/ct\\\/artikel\\\/2-Klicks-fuer-mehr-Datenschutz-1333879.html\",\"uri\":\"https:\\\/\\\/blogs.uni-paderborn.de\\\/tdl2013\\\/programm\\\/postersession\\\/\",\"post_id\":131,\"post_title_referrer_track\":\"Postersession\",\"display_infobox\":\"on\"});}});\n\/* ]]> *\/<\/script><\/div><p>In der Postersession <strong>im Foyer des Geb\u00e4udes L von 15.15 bis 16.15 Uhr<\/strong> pr\u00e4sentieren Lehrende der Universit\u00e4t Paderborn ihre <strong>good practice<\/strong>-Beispiele in der Lehre.<\/p>\n<p>Dabei sind die&#8230;<\/p>\n<p>Tr\u00e4gerinnen und Tr\u00e4ger des<a href=\"http:\/\/www.uni-paderborn.de\/universitaet\/bildungsinnovationen\/lehrpreis\/\"> <strong>Lehrpreise<\/strong>s der Universit\u00e4t f\u00fcr den wissenschaftlichen Nachwuchs<\/a>, sowie die<\/p>\n<p>Tr\u00e4gerinnen und Tr\u00e4ger des <a href=\"http:\/\/www.zv.uni-paderborn.de\/dez3\/3-1\/foerderpreis\/foerderpreis-2011\/\"><strong>F\u00f6rderpreis<\/strong>es der Universit\u00e4t f\u00fcr Innovation und Qualit\u00e4t in der Lehre<\/a>.<\/p>\n<p>Weiterhin pr\u00e4sentieren sich die <strong>Tutorenausbildung<\/strong>sprogramme der Fakult\u00e4t sowie weitere <strong>innovative Lehrprojekte<\/strong>!<\/p>\n<p>&nbsp;<\/p>\n<p>Den \u00dcberblick \u00fcber <a href=\"http:\/\/blogs.uni-paderborn.de\/tdl2013\/files\/2012\/09\/Plakat-Programm4.pdf\">das gesamte Programm am Tag der Lehre 13 finden Sie hier.<\/a><\/p>\n<p>&nbsp;<\/p>\n<p>&nbsp;<\/p>\n","protected":false},"excerpt":{"rendered":"<p>In der Postersession im Foyer des Geb\u00e4udes L von 15.15 bis 16.15 Uhr pr\u00e4sentieren Lehrende der Universit\u00e4t Paderborn ihre good practice-Beispiele in der Lehre. Dabei sind die&#8230; Tr\u00e4gerinnen und Tr\u00e4ger des Lehrpreises der Universit\u00e4t f\u00fcr den wissenschaftlichen Nachwuchs, sowie die &hellip; <a href=\"https:\/\/blogs.uni-paderborn.de\/tdl2013\/programm\/postersession\/\">Weiterlesen <span class=\"meta-nav\">&rarr;<\/span><\/a><\/p>\n","protected":false},"author":2431,"featured_media":0,"parent":71,"menu_order":0,"comment_status":"closed","ping_status":"closed","template":"","meta":{"footnotes":""},"class_list":["post-131","page","type-page","status-publish","hentry"],"_links":{"self":[{"href":"https:\/\/blogs.uni-paderborn.de\/tdl2013\/wp-json\/wp\/v2\/pages\/131","targetHints":{"allow":["GET"]}}],"collection":[{"href":"https:\/\/blogs.uni-paderborn.de\/tdl2013\/wp-json\/wp\/v2\/pages"}],"about":[{"href":"https:\/\/blogs.uni-paderborn.de\/tdl2013\/wp-json\/wp\/v2\/types\/page"}],"author":[{"embeddable":true,"href":"https:\/\/blogs.uni-paderborn.de\/tdl2013\/wp-json\/wp\/v2\/users\/2431"}],"replies":[{"embeddable":true,"href":"https:\/\/blogs.uni-paderborn.de\/tdl2013\/wp-json\/wp\/v2\/comments?post=131"}],"version-history":[{"count":18,"href":"https:\/\/blogs.uni-paderborn.de\/tdl2013\/wp-json\/wp\/v2\/pages\/131\/revisions"}],"predecessor-version":[{"id":3352,"href":"https:\/\/blogs.uni-paderborn.de\/tdl2013\/wp-json\/wp\/v2\/pages\/131\/revisions\/3352"}],"up":[{"embeddable":true,"href":"https:\/\/blogs.uni-paderborn.de\/tdl2013\/wp-json\/wp\/v2\/pages\/71"}],"wp:attachment":[{"href":"https:\/\/blogs.uni-paderborn.de\/tdl2013\/wp-json\/wp\/v2\/media?parent=131"}],"curies":[{"name":"wp","href":"https:\/\/api.w.org\/{rel}","templated":true}]}}