{"id":24,"date":"2017-03-15T15:09:35","date_gmt":"2017-03-15T14:09:35","guid":{"rendered":"https:\/\/blogs.uni-paderborn.de\/strakosphere-transfertagung\/?page_id=24"},"modified":"2017-04-21T18:32:34","modified_gmt":"2017-04-21T16:32:34","slug":"unterkunft","status":"publish","type":"page","link":"https:\/\/blogs.uni-paderborn.de\/strakosphere-transfertagung\/tagungsort\/unterkunft\/","title":{"rendered":"Unterkunft"},"content":{"rendered":"<div class=\"twoclick_social_bookmarks_post_24 social_share_privacy clearfix 1.6.4 locale-de_DE sprite-de_DE\"><\/div><div class=\"twoclick-js\"><script type=\"text\/javascript\">\/* <![CDATA[ *\/\njQuery(document).ready(function($){if($('.twoclick_social_bookmarks_post_24')){$('.twoclick_social_bookmarks_post_24').socialSharePrivacy({\"txt_help\":\"Wenn Sie diese Felder durch einen Klick aktivieren, werden Informationen an Facebook, Twitter, Flattr, Xing, t3n, LinkedIn, Pinterest oder Google eventuell ins Ausland \\u00fcbertragen und unter Umst\\u00e4nden auch dort gespeichert. N\\u00e4heres erfahren Sie durch einen Klick auf das <em>i<\\\/em>.\",\"settings_perma\":\"Dauerhaft aktivieren und Daten\\u00fcber-tragung zustimmen:\",\"info_link\":\"http:\\\/\\\/www.heise.de\\\/ct\\\/artikel\\\/2-Klicks-fuer-mehr-Datenschutz-1333879.html\",\"uri\":\"https:\\\/\\\/blogs.uni-paderborn.de\\\/strakosphere-transfertagung\\\/tagungsort\\\/unterkunft\\\/\",\"post_id\":24,\"post_title_referrer_track\":\"Unterkunft\",\"display_infobox\":\"on\"});}});\n\/* ]]> *\/<\/script><\/div><p><a href=\"https:\/\/blogs.uni-paderborn.de\/strakosphere-transfertagung\/files\/2017\/03\/Unterkunft.jpg\"><img loading=\"lazy\" decoding=\"async\" class=\"size-medium wp-image-344 alignleft\" src=\"https:\/\/blogs.uni-paderborn.de\/strakosphere-transfertagung\/files\/2017\/03\/Unterkunft-300x217.jpg\" alt=\"\" width=\"300\" height=\"217\" srcset=\"https:\/\/blogs.uni-paderborn.de\/strakosphere-transfertagung\/files\/2017\/03\/Unterkunft-300x217.jpg 300w, https:\/\/blogs.uni-paderborn.de\/strakosphere-transfertagung\/files\/2017\/03\/Unterkunft-768x556.jpg 768w, https:\/\/blogs.uni-paderborn.de\/strakosphere-transfertagung\/files\/2017\/03\/Unterkunft-1024x742.jpg 1024w\" sizes=\"auto, (max-width: 300px) 100vw, 300px\" \/><\/a>In n\u00e4chster N\u00e4he zum Veranstaltungsgeb\u00e4ude befindet sich das Boardinghouse Campus Lounge (rot gekennzeichnet). N\u00e4here Informationen finden Sie unter <a href=\"http:\/\/www.campuslounge.de\/\">http:\/\/www.campuslounge.de\/<\/a>. Sollte Ihnen diese Unterkunft nicht zusagen, so bietet das Tourismus Center Paderborn eine Auflistung aller Paderborner Hotels und Pensionen: <a href=\"https:\/\/www.paderborn.de\/tourismus-kultur\/hotels-restaurants\/pensionservice.php\">https:\/\/www.paderborn.de\/tourismus-kultur\/hotels-restaurants\/pensionservice.php <\/a><\/p>\n","protected":false},"excerpt":{"rendered":"<p>In n\u00e4chster N\u00e4he zum Veranstaltungsgeb\u00e4ude befindet sich das Boardinghouse Campus Lounge (rot gekennzeichnet). N\u00e4here Informationen finden Sie unter http:\/\/www.campuslounge.de\/. Sollte Ihnen diese Unterkunft nicht zusagen, so bietet das Tourismus Center Paderborn eine Auflistung aller Paderborner Hotels und Pensionen: https:\/\/www.paderborn.de\/tourismus-kultur\/hotels-restaurants\/pensionservice.php<\/p>\n","protected":false},"author":7843,"featured_media":0,"parent":8,"menu_order":0,"comment_status":"closed","ping_status":"closed","template":"","meta":{"footnotes":""},"class_list":["post-24","page","type-page","status-publish","hentry"],"_links":{"self":[{"href":"https:\/\/blogs.uni-paderborn.de\/strakosphere-transfertagung\/wp-json\/wp\/v2\/pages\/24","targetHints":{"allow":["GET"]}}],"collection":[{"href":"https:\/\/blogs.uni-paderborn.de\/strakosphere-transfertagung\/wp-json\/wp\/v2\/pages"}],"about":[{"href":"https:\/\/blogs.uni-paderborn.de\/strakosphere-transfertagung\/wp-json\/wp\/v2\/types\/page"}],"author":[{"embeddable":true,"href":"https:\/\/blogs.uni-paderborn.de\/strakosphere-transfertagung\/wp-json\/wp\/v2\/users\/7843"}],"replies":[{"embeddable":true,"href":"https:\/\/blogs.uni-paderborn.de\/strakosphere-transfertagung\/wp-json\/wp\/v2\/comments?post=24"}],"version-history":[{"count":3,"href":"https:\/\/blogs.uni-paderborn.de\/strakosphere-transfertagung\/wp-json\/wp\/v2\/pages\/24\/revisions"}],"predecessor-version":[{"id":348,"href":"https:\/\/blogs.uni-paderborn.de\/strakosphere-transfertagung\/wp-json\/wp\/v2\/pages\/24\/revisions\/348"}],"up":[{"embeddable":true,"href":"https:\/\/blogs.uni-paderborn.de\/strakosphere-transfertagung\/wp-json\/wp\/v2\/pages\/8"}],"wp:attachment":[{"href":"https:\/\/blogs.uni-paderborn.de\/strakosphere-transfertagung\/wp-json\/wp\/v2\/media?parent=24"}],"curies":[{"name":"wp","href":"https:\/\/api.w.org\/{rel}","templated":true}]}}