{"id":16,"date":"2021-07-17T19:36:59","date_gmt":"2021-07-17T17:36:59","guid":{"rendered":"https:\/\/blogs.uni-paderborn.de\/pq3-international\/?page_id=16"},"modified":"2021-12-13T13:50:07","modified_gmt":"2021-12-13T12:50:07","slug":"imprint","status":"publish","type":"page","link":"https:\/\/blogs.uni-paderborn.de\/pq3-international\/imprint\/","title":{"rendered":"Imprint"},"content":{"rendered":"<div class=\"twoclick_social_bookmarks_post_16 social_share_privacy clearfix 1.6.4 locale-de_DE sprite-de_DE\"><\/div><div class=\"twoclick-js\"><script type=\"text\/javascript\">\/* <![CDATA[ *\/\njQuery(document).ready(function($){if($('.twoclick_social_bookmarks_post_16')){$('.twoclick_social_bookmarks_post_16').socialSharePrivacy({\"txt_help\":\"Wenn Sie diese Felder durch einen Klick aktivieren, werden Informationen an Facebook, Twitter, Flattr, Xing, t3n, LinkedIn, Pinterest oder Google eventuell ins Ausland \\u00fcbertragen und unter Umst\\u00e4nden auch dort gespeichert. N\\u00e4heres erfahren Sie durch einen Klick auf das <em>i<\\\/em>.\",\"settings_perma\":\"Dauerhaft aktivieren und Daten\\u00fcber-tragung zustimmen:\",\"info_link\":\"http:\\\/\\\/www.heise.de\\\/ct\\\/artikel\\\/2-Klicks-fuer-mehr-Datenschutz-1333879.html\",\"uri\":\"https:\\\/\\\/blogs.uni-paderborn.de\\\/pq3-international\\\/imprint\\\/\",\"post_id\":16,\"post_title_referrer_track\":\"Imprint\",\"display_infobox\":\"on\"});}});\n\/* ]]> *\/<\/script><\/div>\n<p style=\"text-align: left;font-family: 'Century Gothic';font-size: 12pt\">Universit\u00e4t Paderborn<br>Warburger Str. 100<br>33098 Paderborn, Deutschland<\/p>\n\n<div style=\"text-align: left;font-family: 'Century Gothic';font-size: 12pt\">\n<p>The University of Paderborn is a corporation under public law with legal capacity, supported by the State of NRW. It is represented by the president Prof. Dr. Birgitt Riegraf.<\/p>\n<p>Competent supervisory authority: Ministerium f\u00fcr Innovation, Wissenschaft, Forschung und Technologie (MIWF) des Landes Nordrhein-Westfalen, V\u00f6lklinger Str. 49, D-40221 D\u00fcsseldorf<\/p>\n\n<p style=\"text-align: left;font-family: 'Century Gothic';font-size: 12pt\"><strong>Responsibility for content<\/strong><\/p>\n<p>The four authors are responsible for the content of the instrument &#8222;Paderborner Qualit\u00e4tsstern zur Einsch\u00e4tzung der Kooperation im \u00dcbergang Kita &#8211; Grundschule&#8220; (<i>Paderborner Qualit\u00e4tsstern<\/i> for the Assessment of Cooperation in the Transition (Process) from Kindergarten to Primary School):<\/p>\n<p style=\"text-align: left;font-family: 'Century Gothic';font-size: 12pt\">Dr. Julia H\u00f6ke<br>Katholische Hochschule Nordrhein-Westfalen (KatHo NRW)<br>Abteilung Paderborn<br>Leostra\u00dfe 19<br>33098 Paderborn<br>E-Mail: j.hoeke@katho-nrw.de<br>Web: <a href=\"https:\/\/www.katho-nrw.de\/paderborn\/studium-lehre\/lehrende\/hauptamtlich-lehrende-im-fachbereich-sozialwesen\/hoeke-julia-dr\/\">https:\/\/www.katho-nrw.de\/paderborn\/studium-lehre\/lehrende\/hauptamtlich-lehrende-im-fachbereich-sozialwesen\/hoeke-julia-dr\/<\/a><\/p>\n<p style=\"text-align: left;font-family: 'Century Gothic';font-size: 12pt\">Prof. Dr. Petra B\u00fcker<br>Universit\u00e4t Paderborn<br>Institut f\u00fcr Erziehungswissenschaft<br>Arbeitsbereich Grundschulp\u00e4dagogik und Fr\u00fche Bildung<br>Warburger Stra\u00dfe 100<br>33098 Paderborn<br>E-Mail: pbueker@mail.upb.de<br>Web: <a href=\"http:\/\/kw.uni-paderborn.de\/ag-bueker\">http:\/\/kw.uni-paderborn.de\/ag-bueker<\/a><\/p>\n<p style=\"text-align: left;font-family: 'Century Gothic';font-size: 12pt\">Jana Herding<br>Universit\u00e4t Paderborn<br>Institut f\u00fcr Erziehungswissenschaft<br>Arbeitsbereich Grundschulp\u00e4dagogik und Fr\u00fche Bildung<br>Warburger Stra\u00dfe 100<br>33098 Paderborn<br>E-Mail: jana.herding@uni-paderborn.de <br>Web: <a href=\"http:\/\/kw.uni-paderborn.de\/ag-bueker\">http:\/\/kw.uni-paderborn.de\/ag-bueker<\/a><\/p>\n<p style=\"text-align: left;font-family: 'Century Gothic';font-size: 12pt\">Britta Vollmann<br>Stadt Paderborn<br>Bildungsb\u00fcro Kind &amp; Ko<br>Am Hoppenhof 33<br>33104 Paderborn<br>E-Mail: b.vollmann@paderborn.de<br>Web: <a href=\"http:\/\/kindundko-paderborn.de\">http:\/\/kindundko-paderborn.de<\/a><\/p>\n<p>Responsibility for the content of the website &#8222;Paderborner Qualit\u00e4tsstern&#8220; is held by Prof. Dr. Petra B\u00fcker.<\/p>\n\n<p><strong>Copyright<\/strong><\/p>\n\n<p>The instrument &#8222;Paderborner Qualit\u00e4tsstern zur Einsch\u00e4tzung der Kooperation im \u00dcbergang Kita &#8211; Grundschule&#8220; was developed in its first edition in 2017 and in its second, revised edition in 2018 by Prof. Dr. Petra B\u00fcker, Dr. Julia H\u00f6ke and Prof. Dr. Thorsten B\u00fchrmann. The present, extensively revised third edition was developed in 2020 by Dr. Julia H\u00f6ke, Prof. Dr. Petra B\u00fcker, Jana Herding and Britta Vollmann.\nThe instrument \u201ePaderborner Qualit\u00e4tsstern zur Einsch\u00e4tzung der Kooperation im \u00dcbergang Kita \u2013 Grundschule\u201c which can be found on the website\n<a href=\"https:\/\/blogs.uni-paderborn.de\/paderborner-qualitaetsstern\/\">https:\/\/blogs.uni-paderborn.de\/paderborner-qualitaetsstern\/<\/a>\nand is made available for users from educational practice and science for their own use after registration. It is protected by copyright. Any kind of further use, distribution or further exploitation, as well as the reproduction on data media requires the permission of the University of Paderborn.<\/p>\n<p>If reference is to be made to conception and contents for scientific or other purposes, the page is to be quoted as: <br>H\u00f6ke, Julia; B\u00fcker, Petra, Ogrodowski, Jana &amp; Vollmann, Britta (2020): Paderborner Qualit\u00e4tsstern zur Einsch\u00e4tzung der Kooperation im \u00dcbergang Kita \u2013 Grundschule. Paderborn. Universit\u00e4t Paderborn. 3., stark \u00fcberarb. Auflage. Unter Mitarbeit von Alina Bruyn und Theresa Driller. URL: <a href=\"https:\/\/blogs.uni-paderborn.de\/paderborner-qualitaetsstern\/\">https:\/\/blogs.uni-paderborn.de\/paderborner-qualitaetsstern\/<\/a><\/p>\n\n<p><strong>Graphics and layout<\/strong><\/p>\n<p>Graphics and layout of the <i>Paderborner Qualit\u00e4tsstern<\/i> were designed by Lara Pl\u00fcschke (<a href=\"mailto:lara.plueschke@gmail.com\">lara.plueschke@gmail.com<\/a>), Friederike Hoffmann (<a href=\"mailto:friederike-hoffmann@live.de\">friederike-hoffmann@live.de<\/a>) und Alina Bruyn (<a href=\"mailto:alinabruyn@web.de\">alinabruyn@web.de<\/a>).<\/p>\n\n<p><strong>Disclaimer<\/strong><\/p>\n<p>Links that can be found in this printable document as well as on the website (URL: <a href=\"https:\/\/blogs.uni-paderborn.de\/paderborner-qualitaetsstern\/\">https:\/\/blogs.uni-paderborn.de\/paderborner-qualitaetsstern\/<\/a>) have a thematic affinity to the <i>&#8222;Paderborner Qualit\u00e4tsstern&#8220;<\/i>. This refers to the time of retrieval indicated behind each link. The operators of the linked sites are solely responsible for the content of their sites; it cannot be guaranteed that content that has been changed or added after the last retrieval will meet with the approval of the operators of this website and the authors of the instrument <i>&#8222;Paderborner Qualit\u00e4tsstern&#8220;<\/i> and its materials.<\/p>\n\n\n<a rel=\"license\" href=\"http:\/\/creativecommons.org\/licenses\/by-nc-sa\/4.0\/\"><img decoding=\"async\" alt=\"Creative Commons License\" style=\"border-width:0\" src=\"https:\/\/i.creativecommons.org\/l\/by-nc-sa\/4.0\/88x31.png\"><\/a><br><span>Paderborner Qualit\u00e4tsstern<\/span> by <a href=\"https:\/\/blogs.uni-paderborn.de\/paderborner-qualitaetsstern\/\" rel=\"cc:attributionURL\">Universit\u00e4t Paderborn<\/a> is licensed under a <a rel=\"license\" href=\"http:\/\/creativecommons.org\/licenses\/by-nc-sa\/4.0\/\">Creative Commons Attribution-NonCommercial-ShareAlike 4.0 International License<\/a>.\n<\/div>\n","protected":false},"excerpt":{"rendered":"<p>Universit\u00e4t PaderbornWarburger Str. 10033098 Paderborn, Deutschland The University of Paderborn is a corporation under public law with legal capacity, supported by the State of NRW. It is represented by the president Prof. Dr. Birgitt Riegraf. Competent supervisory authority: Ministerium f\u00fcr &hellip; <a href=\"https:\/\/blogs.uni-paderborn.de\/pq3-international\/imprint\/\">Weiterlesen <span class=\"meta-nav\">&rarr;<\/span><\/a><\/p>\n","protected":false},"author":8904,"featured_media":58,"parent":0,"menu_order":4,"comment_status":"closed","ping_status":"closed","template":"","meta":{"footnotes":""},"class_list":["post-16","page","type-page","status-publish","has-post-thumbnail","hentry"],"_links":{"self":[{"href":"https:\/\/blogs.uni-paderborn.de\/pq3-international\/wp-json\/wp\/v2\/pages\/16","targetHints":{"allow":["GET"]}}],"collection":[{"href":"https:\/\/blogs.uni-paderborn.de\/pq3-international\/wp-json\/wp\/v2\/pages"}],"about":[{"href":"https:\/\/blogs.uni-paderborn.de\/pq3-international\/wp-json\/wp\/v2\/types\/page"}],"author":[{"embeddable":true,"href":"https:\/\/blogs.uni-paderborn.de\/pq3-international\/wp-json\/wp\/v2\/users\/8904"}],"replies":[{"embeddable":true,"href":"https:\/\/blogs.uni-paderborn.de\/pq3-international\/wp-json\/wp\/v2\/comments?post=16"}],"version-history":[{"count":4,"href":"https:\/\/blogs.uni-paderborn.de\/pq3-international\/wp-json\/wp\/v2\/pages\/16\/revisions"}],"predecessor-version":[{"id":124,"href":"https:\/\/blogs.uni-paderborn.de\/pq3-international\/wp-json\/wp\/v2\/pages\/16\/revisions\/124"}],"wp:featuredmedia":[{"embeddable":true,"href":"https:\/\/blogs.uni-paderborn.de\/pq3-international\/wp-json\/wp\/v2\/media\/58"}],"wp:attachment":[{"href":"https:\/\/blogs.uni-paderborn.de\/pq3-international\/wp-json\/wp\/v2\/media?parent=16"}],"curies":[{"name":"wp","href":"https:\/\/api.w.org\/{rel}","templated":true}]}}