{"id":22,"date":"2023-01-22T15:46:28","date_gmt":"2023-01-22T14:46:28","guid":{"rendered":"https:\/\/blogs.uni-paderborn.de\/popgoesmadeira\/?page_id=22"},"modified":"2023-03-15T15:57:42","modified_gmt":"2023-03-15T14:57:42","slug":"vergangene-exkursionen","status":"publish","type":"page","link":"https:\/\/blogs.uni-paderborn.de\/popgoesmadeira\/?page_id=22","title":{"rendered":"Vergangene Exkursionen"},"content":{"rendered":"<div class=\"twoclick_social_bookmarks_post_22 social_share_privacy clearfix 1.6.4 locale-de_DE sprite-de_DE\"><\/div><div class=\"twoclick-js\"><script type=\"text\/javascript\">\/* <![CDATA[ *\/\njQuery(document).ready(function($){if($('.twoclick_social_bookmarks_post_22')){$('.twoclick_social_bookmarks_post_22').socialSharePrivacy({\"txt_help\":\"Wenn Sie diese Felder durch einen Klick aktivieren, werden Informationen an Facebook, Twitter, Flattr, Xing, t3n, LinkedIn, Pinterest oder Google eventuell ins Ausland \\u00fcbertragen und unter Umst\\u00e4nden auch dort gespeichert. N\\u00e4heres erfahren Sie durch einen Klick auf das <em>i<\\\/em>.\",\"settings_perma\":\"Dauerhaft aktivieren und Daten\\u00fcber-tragung zustimmen:\",\"info_link\":\"http:\\\/\\\/www.heise.de\\\/ct\\\/artikel\\\/2-Klicks-fuer-mehr-Datenschutz-1333879.html\",\"uri\":\"https:\\\/\\\/blogs.uni-paderborn.de\\\/popgoesmadeira\\\/?page_id=22\",\"post_id\":22,\"post_title_referrer_track\":\"Vergangene+Exkursionen\",\"display_infobox\":\"on\"});}});\n\/* ]]> *\/<\/script><\/div>\n<p>Erstmals im Jahr 2014 und anschlie\u00dfend im Jahr 2017 besuchten Studierende der Universit\u00e4t Paderborn im Rahmen ihres Studiums &#8222;Popul\u00e4re Musik und Medien&#8220; das MADEIRADiG Festival. Die Ergebnisse werden auf der Universit\u00e4tswebsite festgehalten und pr\u00e4sentiert. Mehr dazu findet ihr hier: <\/p>\n\n\n\n<h5 class=\"wp-block-heading\"><a href=\"https:\/\/kw.uni-paderborn.de\/fach-musik\/madeiradig\" target=\"_blank\" rel=\"noreferrer noopener\">Exkursionen 2014\/2017<\/a><\/h5>\n","protected":false},"excerpt":{"rendered":"<p>Erstmals im Jahr 2014 und anschlie\u00dfend im Jahr 2017 besuchten Studierende der Universit\u00e4t Paderborn im Rahmen ihres Studiums &#8222;Popul\u00e4re Musik und Medien&#8220; das MADEIRADiG Festival. Die Ergebnisse werden auf der Universit\u00e4tswebsite festgehalten und pr\u00e4sentiert. Mehr dazu findet ihr hier: Exkursionen 2014\/2017<\/p>\n","protected":false},"author":9269,"featured_media":0,"parent":0,"menu_order":0,"comment_status":"closed","ping_status":"closed","template":"","meta":{"footnotes":""},"class_list":["post-22","page","type-page","status-publish","hentry"],"_links":{"self":[{"href":"https:\/\/blogs.uni-paderborn.de\/popgoesmadeira\/index.php?rest_route=\/wp\/v2\/pages\/22","targetHints":{"allow":["GET"]}}],"collection":[{"href":"https:\/\/blogs.uni-paderborn.de\/popgoesmadeira\/index.php?rest_route=\/wp\/v2\/pages"}],"about":[{"href":"https:\/\/blogs.uni-paderborn.de\/popgoesmadeira\/index.php?rest_route=\/wp\/v2\/types\/page"}],"author":[{"embeddable":true,"href":"https:\/\/blogs.uni-paderborn.de\/popgoesmadeira\/index.php?rest_route=\/wp\/v2\/users\/9269"}],"replies":[{"embeddable":true,"href":"https:\/\/blogs.uni-paderborn.de\/popgoesmadeira\/index.php?rest_route=%2Fwp%2Fv2%2Fcomments&post=22"}],"version-history":[{"count":5,"href":"https:\/\/blogs.uni-paderborn.de\/popgoesmadeira\/index.php?rest_route=\/wp\/v2\/pages\/22\/revisions"}],"predecessor-version":[{"id":572,"href":"https:\/\/blogs.uni-paderborn.de\/popgoesmadeira\/index.php?rest_route=\/wp\/v2\/pages\/22\/revisions\/572"}],"wp:attachment":[{"href":"https:\/\/blogs.uni-paderborn.de\/popgoesmadeira\/index.php?rest_route=%2Fwp%2Fv2%2Fmedia&parent=22"}],"curies":[{"name":"wp","href":"https:\/\/api.w.org\/{rel}","templated":true}]}}