{"id":103,"date":"2018-04-11T17:19:22","date_gmt":"2018-04-11T15:19:22","guid":{"rendered":"https:\/\/blogs.uni-paderborn.de\/paderborner-qualitaetsstern\/?page_id=103"},"modified":"2022-06-27T14:25:07","modified_gmt":"2022-06-27T12:25:07","slug":"feedback","status":"publish","type":"page","link":"https:\/\/blogs.uni-paderborn.de\/paderborner-qualitaetsstern\/feedback\/","title":{"rendered":"Ihr Feedback"},"content":{"rendered":"<div class=\"twoclick_social_bookmarks_post_103 social_share_privacy clearfix 1.6.4 locale-de_DE sprite-de_DE\"><\/div><div class=\"twoclick-js\"><script type=\"text\/javascript\">\/* <![CDATA[ *\/\njQuery(document).ready(function($){if($('.twoclick_social_bookmarks_post_103')){$('.twoclick_social_bookmarks_post_103').socialSharePrivacy({\"txt_help\":\"Wenn Sie diese Felder durch einen Klick aktivieren, werden Informationen an Facebook, Twitter, Flattr, Xing, t3n, LinkedIn, Pinterest oder Google eventuell ins Ausland \\u00fcbertragen und unter Umst\\u00e4nden auch dort gespeichert. N\\u00e4heres erfahren Sie durch einen Klick auf das <em>i<\\\/em>.\",\"settings_perma\":\"Dauerhaft aktivieren und Daten\\u00fcber-tragung zustimmen:\",\"info_link\":\"http:\\\/\\\/www.heise.de\\\/ct\\\/artikel\\\/2-Klicks-fuer-mehr-Datenschutz-1333879.html\",\"uri\":\"https:\\\/\\\/blogs.uni-paderborn.de\\\/paderborner-qualitaetsstern\\\/feedback\\\/\",\"post_id\":103,\"post_title_referrer_track\":\"Ihr+Feedback\",\"display_infobox\":\"on\"});}});\n\/* ]]> *\/<\/script><\/div>\n<div style=\"font-family: 'Century Gothic';font-size: 12pt;text-align: justify\">\n<p>Da es uns auch nach der dritten aktualisierten Auflage weiterhin ein Anliegen ist, das Instrument bestm\u00f6glich zu optimieren und auch an die internationale Praxis anzupassen, freuen wir uns \u00fcber Ihr Feedback!<br>\n<br>\nWie sind Sie beim Einsatz des Paderborner Qualit\u00e4tssterns vorgegangen, welche Erfahrungen konnten Sie mit dem PQ\u00b3 gewinnen? Haben Sie <strong>Fragen oder Verbesserungsvorschl\u00e4ge?<\/strong><br>\n<br>\nDaher w\u00fcrden wir Sie nach ersten Erfahrungen durch die praktische Arbeit mit dem Paderborner Qualit\u00e4tsstern herzlich darum bitten, an einer kurzen Online-Evaluation unter folgendem Link teilzunehmen:\n<\/p><div style=\"font-family: 'Century Gothic';font-size: 12pt;text-align: justify\"><strong><a href=\"https:\/\/umfragen.uni-paderborn.de\/index.php\/231177?lang=de\">https:\/\/umfragen.uni-paderborn.de\/index.php\/231177?lang=de<\/a><\/strong><\/div>\n<p><\/p><\/div>\n\n\n\n<p><\/p><p style=\"text-align: left;font-family: 'Century Gothic';font-size: 12pt\">Hier k\u00f6nnen Sie einen Blick in die Informationen \u00fcber die Verarbeitung personenbezogener Daten bei der Nutzung des Umfragesystems LimeSurvey der Universit\u00e4t Paderborn werfen.<\/p>\n\n\n\n<li><a href=\"https:\/\/blogs.uni-paderborn.de\/paderborner-qualitaetsstern\/files\/2021\/07\/Datenschutzerkla\u0308rung_zum_Fragebogen_PQS_Evaluation_DSB_final.pdf\">Datenschutzerkl\u00e4rung zur Evaluation des\nPaderborner Qualit\u00e4tssterns<\/a><\/li>\n<li><a href=\"https:\/\/blogs.uni-paderborn.de\/kraft-bildungsdoku\/files\/2021\/04\/Datenschutzerklaerung_LimeSurvey_final.pdf\">Datenschutzerkl\u00e4rung LimeSurvey<\/a><\/li>\n<li><a href=\"https:\/\/blogs.uni-paderborn.de\/kraft-bildungsdoku\/files\/2021\/04\/Nutzungsvereinbarung-Limesurvey_final.pdf\">Nutzungsvereinbarung LimeSurvey<\/a><\/li>\n\n\n\n<p><\/p><p style=\"text-align: left;font-family: 'Century Gothic';font-size: 12pt\">Bei weiteren Fragen oder allgemeinen R\u00fcckmeldungen kontaktieren Sie bitte Petra B\u00fcker (<a href=\"mailto:petra.bueker@uni-paderborn.de\">petra.bueker@uni-paderborn.de<\/a>) oder Jana Herding (<a href=\"mailto:jana.herding@uni-paderborn.de\">jana.herding@uni-paderborn.de<\/a>) aus dem Autorenteam des Paderborner Qualit\u00e4tssterns.<\/p>\n\n\n\n<p><\/p>\n","protected":false},"excerpt":{"rendered":"<p>Da es uns auch nach der dritten aktualisierten Auflage weiterhin ein Anliegen ist, das Instrument bestm\u00f6glich zu optimieren und auch an die internationale Praxis anzupassen, freuen wir uns \u00fcber Ihr Feedback! Wie sind Sie beim Einsatz des Paderborner Qualit\u00e4tssterns vorgegangen, &hellip; <a href=\"https:\/\/blogs.uni-paderborn.de\/paderborner-qualitaetsstern\/feedback\/\">Weiterlesen <span class=\"meta-nav\">&rarr;<\/span><\/a><\/p>\n","protected":false},"author":8118,"featured_media":386,"parent":0,"menu_order":4,"comment_status":"closed","ping_status":"closed","template":"","meta":{"footnotes":""},"class_list":["post-103","page","type-page","status-publish","has-post-thumbnail","hentry"],"_links":{"self":[{"href":"https:\/\/blogs.uni-paderborn.de\/paderborner-qualitaetsstern\/wp-json\/wp\/v2\/pages\/103","targetHints":{"allow":["GET"]}}],"collection":[{"href":"https:\/\/blogs.uni-paderborn.de\/paderborner-qualitaetsstern\/wp-json\/wp\/v2\/pages"}],"about":[{"href":"https:\/\/blogs.uni-paderborn.de\/paderborner-qualitaetsstern\/wp-json\/wp\/v2\/types\/page"}],"author":[{"embeddable":true,"href":"https:\/\/blogs.uni-paderborn.de\/paderborner-qualitaetsstern\/wp-json\/wp\/v2\/users\/8118"}],"replies":[{"embeddable":true,"href":"https:\/\/blogs.uni-paderborn.de\/paderborner-qualitaetsstern\/wp-json\/wp\/v2\/comments?post=103"}],"version-history":[{"count":91,"href":"https:\/\/blogs.uni-paderborn.de\/paderborner-qualitaetsstern\/wp-json\/wp\/v2\/pages\/103\/revisions"}],"predecessor-version":[{"id":1397,"href":"https:\/\/blogs.uni-paderborn.de\/paderborner-qualitaetsstern\/wp-json\/wp\/v2\/pages\/103\/revisions\/1397"}],"wp:featuredmedia":[{"embeddable":true,"href":"https:\/\/blogs.uni-paderborn.de\/paderborner-qualitaetsstern\/wp-json\/wp\/v2\/media\/386"}],"wp:attachment":[{"href":"https:\/\/blogs.uni-paderborn.de\/paderborner-qualitaetsstern\/wp-json\/wp\/v2\/media?parent=103"}],"curies":[{"name":"wp","href":"https:\/\/api.w.org\/{rel}","templated":true}]}}