{"id":166,"date":"2019-09-29T18:19:00","date_gmt":"2019-09-29T16:19:00","guid":{"rendered":"https:\/\/blogs.uni-paderborn.de\/oberhausentrifftpaderborn2019\/?page_id=166"},"modified":"2020-12-30T13:45:13","modified_gmt":"2020-12-30T12:45:13","slug":"home-2","status":"publish","type":"page","link":"https:\/\/blogs.uni-paderborn.de\/oberhausentrifftpaderborn2019\/","title":{"rendered":""},"content":{"rendered":"<div class=\"twoclick_social_bookmarks_post_166 social_share_privacy clearfix 1.6.4 locale-de_DE sprite-de_DE\"><\/div><div class=\"twoclick-js\"><script type=\"text\/javascript\">\/* <![CDATA[ *\/\njQuery(document).ready(function($){if($('.twoclick_social_bookmarks_post_166')){$('.twoclick_social_bookmarks_post_166').socialSharePrivacy({\"services\":{\"facebook\":{\"status\":\"on\",\"txt_info\":\"2 Klicks f\\u00fcr mehr Datenschutz: Erst wenn Sie hier klicken, wird der Button aktiv und Sie k\\u00f6nnen Ihre Empfehlung an Facebook senden. Schon beim Aktivieren werden Daten an Dritte \\u00fcbertragen - siehe <em>i<\\\/em>.\",\"perma_option\":\"off\",\"action\":\"like\",\"language\":\"de_DE\"}},\"txt_help\":\"Wenn Sie diese Felder durch einen Klick aktivieren, werden Informationen an Facebook, Twitter, Flattr, Xing, t3n, LinkedIn, Pinterest oder Google eventuell ins Ausland \\u00fcbertragen und unter Umst\\u00e4nden auch dort gespeichert. N\\u00e4heres erfahren Sie durch einen Klick auf das <em>i<\\\/em>.\",\"settings_perma\":\"Dauerhaft aktivieren und Daten\\u00fcber-tragung zustimmen:\",\"info_link\":\"http:\\\/\\\/www.heise.de\\\/ct\\\/artikel\\\/2-Klicks-fuer-mehr-Datenschutz-1333879.html\",\"uri\":\"https:\\\/\\\/blogs.uni-paderborn.de\\\/oberhausentrifftpaderborn2019\\\/\",\"post_id\":166,\"post_title_referrer_track\":\"\",\"display_infobox\":\"on\"});}});\n\/* ]]> *\/<\/script><\/div>\n<h1 style=\"color: #6bbb35\">&#8222;Vorhang auf\u201c f\u00fcr die 12. Kurzfilmnacht in Paderborn!<\/h1>\n\n\n\n<p>Am <strong>14. November 2019 <\/strong>ist der Kurzfilm wieder\nzu Besuch in der Domstadt!<\/p>\n\n\n\n<p>Im Mai dieses Jahres fanden die&nbsp;<strong>65. Internationalen Kurzfilmtage<\/strong>&nbsp;in<strong>&nbsp;Oberhausen&nbsp;<\/strong>statt. Wir, 11 Studierende der Uni Paderborn, haben sie miterlebt. Unsere Eindr\u00fccke m\u00f6chten wir an einem au\u00dfergew\u00f6hnlichen Abend im Kino mit euch teilen. Dazu haben wir ein abwechslungsreiches und mitrei\u00dfendes Programm mit Kurzfilmen zusammengestellt, die uns beeindruckt und fasziniert haben. Mit dabei sind Filme von ber\u00fchmten Regisseuren und Regisseurinnen, pr\u00e4mierte Musikvideos, und viele andere Kostbarkeiten.<\/p>\n\n\n\n<p>Neben der M\u00f6glichkeit, eine Ausgabe dieser mittlerweile zum Kult gewordenen Kurzfilmnacht zu gestalten, freuen wir uns in diesem Jahr besonders dar\u00fcber, die Auff\u00fchrung zweier bewegender Filme mit einer kleinen Spendenaktion verbinden zu k\u00f6nnen, die Kindern auf den Philippinen helfen soll. Zusammen mit der Filmemacherin Kiri Dalena, deren Werke \u201eGikan sa \u00c4ngitngit nga Kinailadman\u201c und &#8222;Mag-uuma&#8220; Teil unserer Vorstellung sein werden, haben wir die Idee entwickelt,&nbsp;Geld- und Sachspenden (Spielzeug &amp; Schulutensilien) zu sammeln. Wir freuen uns \u00fcber jeden und jede, die Interesse hat. Man kann an unseren Vorverkaufsstellen, sowie am Veranstaltungsabend spenden.<\/p>\n\n\n\n<p>Um 19:30 Uhr begr\u00fc\u00dfen wir euch mit Getr\u00e4nken und Snacks*, um den Abend in gewohnt froher Runde einzul\u00e4uten. Dabei k\u00f6nnen bereits vor Beginn der Vorstellung Dialoge zum Thema \u201eKurzfilm\u201c gestartet werden.<\/p>\n\n\n\n<p>Wir freuen uns sehr auf\neuch und den Paderborner Kurzfilmabend!<\/p>\n\n\n\n<hr class=\"wp-block-separator is-style-wide\" \/>\n\n\n\n<p style=\"font-size: 9pt\"><em>*  Um den Kurzfilmen Raum zur Entfaltung zu geben, bitten wir euch, den Verzehr von Essen auf die Pause oder den Zeitraum vor und nach der Vorstellung zu verlegen. <\/em><\/p>\n\n\n\n<hr class=\"wp-block-separator is-style-wide\" \/>\n\n\n\n<figure class=\"wp-block-embed-youtube wp-block-embed is-type-video is-provider-youtube wp-embed-aspect-16-9 wp-has-aspect-ratio\"><div class=\"wp-block-embed__wrapper\">\n<iframe loading=\"lazy\" title=\"Trailer - Oberhausen trifft Paderborn - Kurzfilmnacht 2019\" width=\"625\" height=\"352\" src=\"https:\/\/www.youtube.com\/embed\/y5q1OjNN0wk?feature=oembed\" frameborder=\"0\" allow=\"accelerometer; autoplay; clipboard-write; encrypted-media; gyroscope; picture-in-picture; web-share\" referrerpolicy=\"strict-origin-when-cross-origin\" allowfullscreen><\/iframe>\n<\/div><\/figure>\n","protected":false},"excerpt":{"rendered":"<p>&#8222;Vorhang auf\u201c f\u00fcr die 12. Kurzfilmnacht in Paderborn! Am 14. November 2019 ist der Kurzfilm wieder zu Besuch in der Domstadt! Im Mai dieses Jahres fanden die&nbsp;65. Internationalen Kurzfilmtage&nbsp;in&nbsp;Oberhausen&nbsp;statt. Wir, 11 Studierende der Uni Paderborn, haben sie miterlebt. Unsere Eindr\u00fccke m\u00f6chten wir an einem au\u00dfergew\u00f6hnlichen Abend im Kino mit euch teilen. Dazu haben wir ein [&hellip;]<\/p>\n","protected":false},"author":8489,"featured_media":0,"parent":0,"menu_order":0,"comment_status":"closed","ping_status":"closed","template":"","meta":{"footnotes":""},"class_list":["post-166","page","type-page","status-publish","hentry"],"_links":{"self":[{"href":"https:\/\/blogs.uni-paderborn.de\/oberhausentrifftpaderborn2019\/wp-json\/wp\/v2\/pages\/166","targetHints":{"allow":["GET"]}}],"collection":[{"href":"https:\/\/blogs.uni-paderborn.de\/oberhausentrifftpaderborn2019\/wp-json\/wp\/v2\/pages"}],"about":[{"href":"https:\/\/blogs.uni-paderborn.de\/oberhausentrifftpaderborn2019\/wp-json\/wp\/v2\/types\/page"}],"author":[{"embeddable":true,"href":"https:\/\/blogs.uni-paderborn.de\/oberhausentrifftpaderborn2019\/wp-json\/wp\/v2\/users\/8489"}],"replies":[{"embeddable":true,"href":"https:\/\/blogs.uni-paderborn.de\/oberhausentrifftpaderborn2019\/wp-json\/wp\/v2\/comments?post=166"}],"version-history":[{"count":19,"href":"https:\/\/blogs.uni-paderborn.de\/oberhausentrifftpaderborn2019\/wp-json\/wp\/v2\/pages\/166\/revisions"}],"predecessor-version":[{"id":705,"href":"https:\/\/blogs.uni-paderborn.de\/oberhausentrifftpaderborn2019\/wp-json\/wp\/v2\/pages\/166\/revisions\/705"}],"wp:attachment":[{"href":"https:\/\/blogs.uni-paderborn.de\/oberhausentrifftpaderborn2019\/wp-json\/wp\/v2\/media?parent=166"}],"curies":[{"name":"wp","href":"https:\/\/api.w.org\/{rel}","templated":true}]}}