{"id":375,"date":"2024-09-12T10:27:25","date_gmt":"2024-09-12T08:27:25","guid":{"rendered":"https:\/\/blogs.uni-paderborn.de\/oberhausentrifftpaderborn\/?page_id=375"},"modified":"2024-09-12T15:24:28","modified_gmt":"2024-09-12T13:24:28","slug":"otp2024","status":"publish","type":"page","link":"https:\/\/blogs.uni-paderborn.de\/oberhausentrifftpaderborn\/otp2024\/","title":{"rendered":"OBERHAUSEN TRIFFT PADERBORN 2024"},"content":{"rendered":"<div class=\"twoclick_social_bookmarks_post_375 social_share_privacy clearfix 1.6.4 locale-de_DE sprite-de_DE\"><\/div><div class=\"twoclick-js\"><script type=\"text\/javascript\">\/* <![CDATA[ *\/\njQuery(document).ready(function($){if($('.twoclick_social_bookmarks_post_375')){$('.twoclick_social_bookmarks_post_375').socialSharePrivacy({\"txt_help\":\"Wenn Sie diese Felder durch einen Klick aktivieren, werden Informationen an Facebook, Twitter, Flattr, Xing, t3n, LinkedIn, Pinterest oder Google eventuell ins Ausland \\u00fcbertragen und unter Umst\\u00e4nden auch dort gespeichert. N\\u00e4heres erfahren Sie durch einen Klick auf das <em>i<\\\/em>.\",\"settings_perma\":\"Dauerhaft aktivieren und Daten\\u00fcber-tragung zustimmen:\",\"info_link\":\"http:\\\/\\\/www.heise.de\\\/ct\\\/artikel\\\/2-Klicks-fuer-mehr-Datenschutz-1333879.html\",\"uri\":\"https:\\\/\\\/blogs.uni-paderborn.de\\\/oberhausentrifftpaderborn\\\/otp2024\\\/\",\"post_id\":375,\"post_title_referrer_track\":\"OBERHAUSEN+TRIFFT+PADERBORN+2024\",\"display_infobox\":\"on\"});}});\n\/* ]]> *\/<\/script><\/div>\n<div class=\"wp-block-media-text alignwide is-stacked-on-mobile has-tertiary-background-color has-background\" style=\"grid-template-columns:40% auto\" id=\"start2024\"><figure class=\"wp-block-media-text__media\"><img loading=\"lazy\" decoding=\"async\" width=\"495\" height=\"700\" src=\"https:\/\/blogs.uni-paderborn.de\/oberhausentrifftpaderborn\/files\/2024\/09\/grafik-42.png\" alt=\"\" class=\"wp-image-397 size-full\" srcset=\"https:\/\/blogs.uni-paderborn.de\/oberhausentrifftpaderborn\/files\/2024\/09\/grafik-42.png 495w, https:\/\/blogs.uni-paderborn.de\/oberhausentrifftpaderborn\/files\/2024\/09\/grafik-42-212x300.png 212w\" sizes=\"auto, (max-width: 495px) 100vw, 495px\" \/><\/figure><div class=\"wp-block-media-text__content\">\n<h3 class=\"wp-block-heading\"><strong>KURZINFO<\/strong><\/h3>\n\n\n\n<p><strong>Kurzfilmnacht Nr. 15<\/strong><br>16.10.2024 | 20:00 Uhr | Pollux Paderborn<br><br>Organisator:innen: Miko Dargies, Helena Essing, Gerrit Kramer, Torben Philipp Pa\u00dfgang, Ines Safoian, Nermine Sawadzki<br>Seminarleitung: Alexandra Simopoulos<\/p>\n\n\n\n<p><\/p>\n<\/div><\/div>\n\n\n\n<hr class=\"wp-block-separator alignwide has-alpha-channel-opacity is-style-wide\" \/>\n\n\n\n<h2 class=\"wp-block-heading alignwide\" id=\"trailer2024\">TRAILER<\/h2>\n\n\n\n<p>tba.<\/p>\n\n\n\n<hr class=\"wp-block-separator alignwide has-alpha-channel-opacity is-style-wide\" \/>\n\n\n\n<h2 class=\"wp-block-heading alignwide\" id=\"info2024\">INFO<\/h2>\n\n\n\n<p>Mit einem Fest der Emotionen, Bewegung und Kreativit\u00e4t begeht die Kurzfilmnacht \u201eOberhausen trifft Paderborn\u201c in diesem Jahr ihr <strong>15-j\u00e4hriges Jubil\u00e4um<\/strong>. Studierende der Universit\u00e4t Paderborn pr\u00e4sentieren an dem Abend ein farbenfrohes Programm, das Emotionen wecken, den Geist befreien und zum Nachdenken anregen soll. Die Veranstaltung findet am Mittwoch, 16. Oktober, um 20 Uhr im Pollux by Cineplex (Westernstra\u00dfe 34, 33098 Paderborn) statt. Tickets gibt es online beim Cineplex oder direkt an der Kinokasse.<\/p>\n\n\n\n<p>Das Jubil\u00e4umsprogramm bietet ein vielf\u00e4ltiges, internationales Erlebnis mit Beitr\u00e4gen von K\u00fcnstler*innen aus China, der Schweiz, Portugal, England und vielen weiteren L\u00e4ndern. Das Publikum erh\u00e4lt einen au\u00dfergew\u00f6hnlichen Einblick in die globale Kurzfilmszene. Besonderes Highlight sind Kurzfilme, die von Studierenden der Universit\u00e4t ausgew\u00e4hlt wurden. Innerhalb eines Seminars konnten die Studierenden dieses Jahr die \u201e70. Internationalen Kurzfilmtage Oberhausen\u201c erleben und im Anschluss ihr eigenes Programm zusammenstellen. Herausgekommen ist eine Mischung aus Spielfilmen, Musikvideos und experimentellen Werken unterschiedlicher Genres. &nbsp;<\/p>\n\n\n\n<hr class=\"wp-block-separator alignwide has-alpha-channel-opacity is-style-wide\" \/>\n\n\n\n<h2 class=\"wp-block-heading alignwide\" id=\"filme2024\">FILMPROGRAMM<\/h2>\n\n\n\n<p>tba. <\/p>\n\n\n\n<hr class=\"wp-block-separator alignwide has-alpha-channel-opacity is-style-wide\" \/>\n\n\n\n<h2 class=\"wp-block-heading alignwide\" id=\"team2024\">TEAM<\/h2>\n\n\n\n<figure class=\"wp-block-image size-large\"><img loading=\"lazy\" decoding=\"async\" width=\"1017\" height=\"1024\" src=\"https:\/\/blogs.uni-paderborn.de\/oberhausentrifftpaderborn\/files\/2024\/09\/grafik-40-1017x1024.png\" alt=\"\" class=\"wp-image-383\" srcset=\"https:\/\/blogs.uni-paderborn.de\/oberhausentrifftpaderborn\/files\/2024\/09\/grafik-40-1017x1024.png 1017w, https:\/\/blogs.uni-paderborn.de\/oberhausentrifftpaderborn\/files\/2024\/09\/grafik-40-298x300.png 298w, https:\/\/blogs.uni-paderborn.de\/oberhausentrifftpaderborn\/files\/2024\/09\/grafik-40-150x150.png 150w, https:\/\/blogs.uni-paderborn.de\/oberhausentrifftpaderborn\/files\/2024\/09\/grafik-40-768x773.png 768w, https:\/\/blogs.uni-paderborn.de\/oberhausentrifftpaderborn\/files\/2024\/09\/grafik-40.png 1132w\" sizes=\"auto, (max-width: 1017px) 100vw, 1017px\" \/><\/figure>\n\n\n\n<hr class=\"wp-block-separator alignwide has-alpha-channel-opacity is-style-wide\" \/>\n\n\n\n<h2 class=\"wp-block-heading alignwide\" id=\"sponsoren2024\">SPONSOREN<\/h2>\n\n\n\n<figure class=\"wp-block-image size-large\"><img loading=\"lazy\" decoding=\"async\" width=\"1024\" height=\"363\" src=\"https:\/\/blogs.uni-paderborn.de\/oberhausentrifftpaderborn\/files\/2024\/09\/Untitled-design-3-1024x363.png\" alt=\"\" class=\"wp-image-406\" srcset=\"https:\/\/blogs.uni-paderborn.de\/oberhausentrifftpaderborn\/files\/2024\/09\/Untitled-design-3-1024x363.png 1024w, https:\/\/blogs.uni-paderborn.de\/oberhausentrifftpaderborn\/files\/2024\/09\/Untitled-design-3-300x106.png 300w, https:\/\/blogs.uni-paderborn.de\/oberhausentrifftpaderborn\/files\/2024\/09\/Untitled-design-3-768x273.png 768w, https:\/\/blogs.uni-paderborn.de\/oberhausentrifftpaderborn\/files\/2024\/09\/Untitled-design-3-1536x545.png 1536w, https:\/\/blogs.uni-paderborn.de\/oberhausentrifftpaderborn\/files\/2024\/09\/Untitled-design-3.png 1640w\" sizes=\"auto, (max-width: 1024px) 100vw, 1024px\" \/><\/figure>\n\n\n\n<hr class=\"wp-block-separator alignwide has-alpha-channel-opacity is-style-wide\" \/>\n\n\n\n<h2 class=\"wp-block-heading alignwide\" id=\"tickets2024\">TICKETS<\/h2>\n\n\n\n<p>Der Ticketpreis betr\u00e4gt 10\u20ac \/7,50\u20ac (erm.).  <\/p>\n\n\n\n<p>Tickets k\u00f6nnen ganz einfach online erworben werden. <\/p>\n\n\n\n<p><a href=\"https:\/\/www.cineplex.de\/film\/kurzfilmnacht-oberhausen-trifft-paderborn\/396737\/paderborn\/\">Hier geht es zu den Tickets<\/a><\/p>\n\n\n\n<hr class=\"wp-block-separator alignwide has-alpha-channel-opacity is-style-wide\" \/>\n\n\n\n<h2 class=\"wp-block-heading alignwide\" id=\"location2024\">LOCATION<\/h2>\n\n\n\n<p>Pollux by Cineplex<br>Westernstr. 34<br>33098 Paderborn<\/p>\n\n\n\n<figure class=\"wp-block-image size-full\"><img loading=\"lazy\" decoding=\"async\" width=\"750\" height=\"500\" src=\"https:\/\/blogs.uni-paderborn.de\/oberhausentrifftpaderborn\/files\/2024\/09\/Download.png\" alt=\"\" class=\"wp-image-405\" srcset=\"https:\/\/blogs.uni-paderborn.de\/oberhausentrifftpaderborn\/files\/2024\/09\/Download.png 750w, https:\/\/blogs.uni-paderborn.de\/oberhausentrifftpaderborn\/files\/2024\/09\/Download-300x200.png 300w\" sizes=\"auto, (max-width: 750px) 100vw, 750px\" \/><\/figure>\n\n\n\n<p>Weitere Infos zur Anfahrt findet ihr <a href=\"https:\/\/www.cineplex.de\/infos\/anfahrt-und-oeffnungszeiten\/paderborn\/\">hier<\/a><\/p>\n","protected":false},"excerpt":{"rendered":"<p>KURZINFO Kurzfilmnacht Nr. 1516.10.2024 | 20:00 Uhr | Pollux Paderborn Organisator:innen: Miko Dargies, Helena Essing, Gerrit Kramer, Torben Philipp Pa\u00dfgang, Ines Safoian, Nermine SawadzkiSeminarleitung: Alexandra Simopoulos TRAILER tba. INFO Mit einem Fest der Emotionen, Bewegung und Kreativit\u00e4t begeht die Kurzfilmnacht \u201eOberhausen trifft Paderborn\u201c in diesem Jahr ihr 15-j\u00e4hriges Jubil\u00e4um. Studierende der Universit\u00e4t Paderborn pr\u00e4sentieren an [&hellip;]<\/p>\n","protected":false},"author":9268,"featured_media":397,"parent":0,"menu_order":0,"comment_status":"closed","ping_status":"closed","template":"","meta":{"footnotes":""},"class_list":["post-375","page","type-page","status-publish","has-post-thumbnail","hentry"],"_links":{"self":[{"href":"https:\/\/blogs.uni-paderborn.de\/oberhausentrifftpaderborn\/wp-json\/wp\/v2\/pages\/375","targetHints":{"allow":["GET"]}}],"collection":[{"href":"https:\/\/blogs.uni-paderborn.de\/oberhausentrifftpaderborn\/wp-json\/wp\/v2\/pages"}],"about":[{"href":"https:\/\/blogs.uni-paderborn.de\/oberhausentrifftpaderborn\/wp-json\/wp\/v2\/types\/page"}],"author":[{"embeddable":true,"href":"https:\/\/blogs.uni-paderborn.de\/oberhausentrifftpaderborn\/wp-json\/wp\/v2\/users\/9268"}],"replies":[{"embeddable":true,"href":"https:\/\/blogs.uni-paderborn.de\/oberhausentrifftpaderborn\/wp-json\/wp\/v2\/comments?post=375"}],"version-history":[{"count":11,"href":"https:\/\/blogs.uni-paderborn.de\/oberhausentrifftpaderborn\/wp-json\/wp\/v2\/pages\/375\/revisions"}],"predecessor-version":[{"id":414,"href":"https:\/\/blogs.uni-paderborn.de\/oberhausentrifftpaderborn\/wp-json\/wp\/v2\/pages\/375\/revisions\/414"}],"wp:featuredmedia":[{"embeddable":true,"href":"https:\/\/blogs.uni-paderborn.de\/oberhausentrifftpaderborn\/wp-json\/wp\/v2\/media\/397"}],"wp:attachment":[{"href":"https:\/\/blogs.uni-paderborn.de\/oberhausentrifftpaderborn\/wp-json\/wp\/v2\/media?parent=375"}],"curies":[{"name":"wp","href":"https:\/\/api.w.org\/{rel}","templated":true}]}}