{"id":200,"date":"2023-11-13T00:13:04","date_gmt":"2023-11-12T23:13:04","guid":{"rendered":"https:\/\/blogs.uni-paderborn.de\/oberhausentrifftpaderborn\/?page_id=200"},"modified":"2024-09-12T01:15:43","modified_gmt":"2024-09-11T23:15:43","slug":"otp2012","status":"publish","type":"page","link":"https:\/\/blogs.uni-paderborn.de\/oberhausentrifftpaderborn\/otp2012\/","title":{"rendered":"OBERHAUSEN TRIFFT PADERBORN 2012"},"content":{"rendered":"<div class=\"twoclick_social_bookmarks_post_200 social_share_privacy clearfix 1.6.4 locale-de_DE sprite-de_DE\"><\/div><div class=\"twoclick-js\"><script type=\"text\/javascript\">\/* <![CDATA[ *\/\njQuery(document).ready(function($){if($('.twoclick_social_bookmarks_post_200')){$('.twoclick_social_bookmarks_post_200').socialSharePrivacy({\"txt_help\":\"Wenn Sie diese Felder durch einen Klick aktivieren, werden Informationen an Facebook, Twitter, Flattr, Xing, t3n, LinkedIn, Pinterest oder Google eventuell ins Ausland \\u00fcbertragen und unter Umst\\u00e4nden auch dort gespeichert. N\\u00e4heres erfahren Sie durch einen Klick auf das <em>i<\\\/em>.\",\"settings_perma\":\"Dauerhaft aktivieren und Daten\\u00fcber-tragung zustimmen:\",\"info_link\":\"http:\\\/\\\/www.heise.de\\\/ct\\\/artikel\\\/2-Klicks-fuer-mehr-Datenschutz-1333879.html\",\"uri\":\"https:\\\/\\\/blogs.uni-paderborn.de\\\/oberhausentrifftpaderborn\\\/otp2012\\\/\",\"post_id\":200,\"post_title_referrer_track\":\"OBERHAUSEN+TRIFFT+PADERBORN+2012\",\"display_infobox\":\"on\"});}});\n\/* ]]> *\/<\/script><\/div>\n<div class=\"wp-block-media-text alignwide is-stacked-on-mobile has-tertiary-background-color has-background\" style=\"grid-template-columns:40% auto\"><figure class=\"wp-block-media-text__media\"><img loading=\"lazy\" decoding=\"async\" width=\"727\" height=\"1024\" src=\"https:\/\/blogs.uni-paderborn.de\/oberhausentrifftpaderborn\/files\/2023\/11\/OberhausentrifftPaderborn_Plakat_2012-1-727x1024.jpg\" alt=\"\" class=\"wp-image-36 size-full\" srcset=\"https:\/\/blogs.uni-paderborn.de\/oberhausentrifftpaderborn\/files\/2023\/11\/OberhausentrifftPaderborn_Plakat_2012-1-727x1024.jpg 727w, https:\/\/blogs.uni-paderborn.de\/oberhausentrifftpaderborn\/files\/2023\/11\/OberhausentrifftPaderborn_Plakat_2012-1-213x300.jpg 213w, https:\/\/blogs.uni-paderborn.de\/oberhausentrifftpaderborn\/files\/2023\/11\/OberhausentrifftPaderborn_Plakat_2012-1-768x1082.jpg 768w, https:\/\/blogs.uni-paderborn.de\/oberhausentrifftpaderborn\/files\/2023\/11\/OberhausentrifftPaderborn_Plakat_2012-1-1091x1536.jpg 1091w, https:\/\/blogs.uni-paderborn.de\/oberhausentrifftpaderborn\/files\/2023\/11\/OberhausentrifftPaderborn_Plakat_2012-1.jpg 1454w\" sizes=\"auto, (max-width: 727px) 100vw, 727px\" \/><\/figure><div class=\"wp-block-media-text__content\">\n<h3 class=\"wp-block-heading\"><strong>KURZINFO<\/strong><\/h3>\n\n\n\n<p><strong>Kurzfilmnacht Nr. 5 <\/strong><br>08.11.2012 | 20:30 Uhr | Cineplex Paderborn<br>Organisator:innen: tba.<br>Seminarleitung: Annette Brauerhoch<\/p>\n\n\n\n<p><\/p>\n\n\n\n<div class=\"wp-block-buttons is-layout-flex wp-block-buttons-is-layout-flex\">\n<div class=\"wp-block-button\"><a class=\"wp-block-button__link wp-element-button\" href=\"http:\/\/groups.uni-paderborn.de\/oberhausen-trifft-paderborn\/WS1213\/index.html\" style=\"border-radius:10px\" target=\"_blank\" rel=\"noreferrer noopener\">Veranstaltungs-Website<\/a><\/div>\n<\/div>\n<\/div><\/div>\n\n\n\n<hr class=\"wp-block-separator alignwide has-alpha-channel-opacity is-style-wide\" \/>\n\n\n\n<h2 class=\"wp-block-heading alignwide\">TRAILER<\/h2>\n\n\n\n<p>\/\/\/<\/p>\n\n\n\n<hr class=\"wp-block-separator alignwide has-alpha-channel-opacity is-style-wide\" \/>\n\n\n\n<h2 class=\"wp-block-heading alignwide\">INFO<\/h2>\n\n\n\n<p>Bereits zum f\u00fcnften Mal findet das studentische Projekt &#8222;Oberhausen trifft Paderborn&#8220; statt. Die Organisation erfolgte im Rahmen des medienwissenschaftlichen Seminars &#8222;Festivalkultur: Exkursion zu den 58. Internationalen Kurzfilmtagen Oberhausen 26. &#8211; 29. April 2012&#8220; an der Universit\u00e4t.<\/p>\n\n\n\n<p>Das Kurzfilmfestival im Ruhrgebiet ist im Laufe der vergangenen Jahrzehnte zu einem der wichtigsten Kurzfilmfestivals und damit wichtige Plattform f\u00fcr nationale und internationale Kurzfilme geworden. Der Lichtburg Filmpalast zeigt j\u00e4hrlich Kurzfilme aus aller Welt und verleiht Preise in den Kategorien: Internationaler Wettbewerb, Deutscher Wettbewerb, NRW- Wettbewerb, Kinder- und Jugendkino und Musikvideo. In diesem Jahr standen die Oberhausener Kurzfilmtage unter einem ganz besonderen Motto: Das Oberhausener Manifest aus dem Jahr 1962, welches den deutschen Film revolutionierte, feierte seinen 50. Geburtstag.<\/p>\n\n\n\n<p>Die Exkursion zu den Kurzfilmtagen Oberhausen lie\u00df uns bewusst werden, dass dieses Format in seinem k\u00fcnstlerischen Anspruch und seinem Ausdruck eine unverwechselbare Intensit\u00e4t besitzt, die immer wieder neue Ma\u00dfst\u00e4be f\u00fcr Langfilmformen setzt. Trotzdem kommt dem Kurzfilm neben dem konventionellen Langfilm nach wie vor zu wenig Aufmerksamkeit zu.<\/p>\n\n\n\n<p>Die vergangenen Kurzfilmn\u00e4chte zum Thema &#8222;Oberhausen trifft Paderborn&#8220; stie\u00dfen bei den Studierenden sowie dem Paderborner Filmpublikum auf erfreulich gro\u00dfes Interesse. Die Resonanz war durchweg positiv. Motiviert durch den Erfolg dieses Projektes wollen wir in diesem Jahr erneut den Kurzfilm f\u00fcr eine Nacht in den Mittelpunkt der Kinob\u00fchne r\u00fccken. &#8222;Oberhausen trifft Paderborn&#8220; ist ein Projekt, das die Bedeutung des Formats Kurzfilm unterstreichen und, ankn\u00fcpfend an den Erfolg der vergangenen 4 Jahre, in der kulturellen Landschaft Paderborns etablieren m\u00f6chte. Die Kurzfilmnacht richtet sich an alle Filminteressierten in Paderborn und Umgebung, Studierende und Stadtbewohner gleicherma\u00dfen.<\/p>\n\n\n\n<p>Mit der circa zweist\u00fcndigen Vorf\u00fchrung nationaler sowie internationaler Kurzfilme verschiedener Genres wollen wir ein von uns zusammengestelltes Programm pr\u00e4sentieren. Dabei handelt es sich um ausgew\u00e4hlte Kurzfilme der diesj\u00e4hrigen Kurzfilmtage Oberhausen. Unter Ber\u00fccksichtigung des Jubil\u00e4ums des Oberhausener Manifests, werden neben den aktuellen Kurzfilmen auch \u00e4ltere Filme zu sehen sein. Unser Ziel ist es, unsere Begeisterung f\u00fcr diese Kunstform zu teilen und dem Publikum neue Blicke auf das Medium Film zu erm\u00f6glichen. Das Kurzfilmprogramm soll den Zuschauer bewegen, ihn inspirieren, ihn unterhalten und zum Nachdenken anregen. An diesem Abend m\u00f6chten wir f\u00fcr den Kurzfilm begeistern.<\/p>\n\n\n\n<hr class=\"wp-block-separator alignwide has-alpha-channel-opacity is-style-wide\" \/>\n\n\n\n<h2 class=\"wp-block-heading alignwide\">FILMPROGRAMM<\/h2>\n\n\n\n<h3 class=\"wp-block-heading\">1. Block<\/h3>\n\n\n\n<p><a href=\"http:\/\/groups.uni-paderborn.de\/oberhausen-trifft-paderborn\/WS1213\/otp_programm_hitler.html\">Es muss ein St\u00fcck vom Hitler sein<\/a><br>Deutschland 1963 I Walter Kr\u00fcttner I 12 Minuten<\/p>\n\n\n\n<p><a href=\"http:\/\/groups.uni-paderborn.de\/oberhausen-trifft-paderborn\/WS1213\/otp_programm_bradley.html\">Bradley Manning had secrets<\/a><br>Gro\u00dfbritannien 2011 I Adam Butcher I 5.30 Minuten<\/p>\n\n\n\n<p><a href=\"http:\/\/groups.uni-paderborn.de\/oberhausen-trifft-paderborn\/WS1213\/otp_programm_planb.html\">Plan B<\/a><br>Deutschland 2011 I Jasmine Ellis I 4 Minuten<\/p>\n\n\n\n<p><a href=\"http:\/\/groups.uni-paderborn.de\/oberhausen-trifft-paderborn\/WS1213\/otp_programm_marionetten.html\">Marionetten<\/a><br>Deutschland 1964 I Boris von Borresholm I 10.30 Minuten<\/p>\n\n\n\n<p><a href=\"http:\/\/groups.uni-paderborn.de\/oberhausen-trifft-paderborn\/WS1213\/otp_programm_uniacronym.html\">uni acronym (alva not oft. Anne-James Chaton)<\/a><br>Deutschland 2011 I Carsten Nicolai I 6.30 Minuten<\/p>\n\n\n\n<p><a href=\"http:\/\/groups.uni-paderborn.de\/oberhausen-trifft-paderborn\/WS1213\/otp_programm_borschemich.html\">Borschemich (neu)<\/a><br>Deutschland 2011 I Christine Uschy Wernke I 13 Minuten<\/p>\n\n\n\n<p><a href=\"http:\/\/groups.uni-paderborn.de\/oberhausen-trifft-paderborn\/WS1213\/otp_programm_amanaemonesia.html\">Amanaemonesia (Chairlift)<\/a><br>USA 2011 I Caroline Polachek, Tim Hines I 5 Minuten<\/p>\n\n\n\n<h3 class=\"wp-block-heading\">2. Block<\/h3>\n\n\n\n<p><a href=\"http:\/\/groups.uni-paderborn.de\/oberhausen-trifft-paderborn\/WS1213\/otp_programm_kreml.html\">Vnutri kvadratnogo kruga (In einem quadratischen Kreis)<\/a><br>Russland 2011 I Valery Shevchenko I 17.30 Minuten<\/p>\n\n\n\n<p><a href=\"http:\/\/groups.uni-paderborn.de\/oberhausen-trifft-paderborn\/WS1213\/otp_programm_Badezimmer.html\">Das Badezimmer<\/a><br>Deutschland 2011 I Bj\u00f6rn Melhus I 5 Minuten<\/p>\n\n\n\n<p><a href=\"http:\/\/groups.uni-paderborn.de\/oberhausen-trifft-paderborn\/WS1213\/otp_programm_neubauer.html\">All Done and Dusted<\/a><br>Gro\u00dfbritannien 2010 I Vera Neubauer I 3 Minuten<\/p>\n\n\n\n<p><a href=\"http:\/\/groups.uni-paderborn.de\/oberhausen-trifft-paderborn\/WS1213\/otp_programmcentrifuge.html\">The Centrifuge Brain Project<\/a><br>Deutschland 2011 I Till Nowak I 7 Minuten<\/p>\n\n\n\n<p><a href=\"http:\/\/groups.uni-paderborn.de\/oberhausen-trifft-paderborn\/WS1213\/otp_programm_conference.html\">Conference (Notes on Film 05)<\/a><br>\u00d6sterreich 2011 I Norbert Pfaffenbichler I 8 Minuten<\/p>\n\n\n\n<p><a href=\"http:\/\/groups.uni-paderborn.de\/oberhausen-trifft-paderborn\/WS1213\/otp_programm_herring.html\">1,2,3 Herring<\/a><br>Israel 2011 I Shahar Marcus I 2.30 Minuten<\/p>\n\n\n\n<hr class=\"wp-block-separator alignwide has-alpha-channel-opacity is-style-wide\" \/>\n\n\n\n<h2 class=\"wp-block-heading alignwide\">TEAM<\/h2>\n\n\n\n<p>tba.<\/p>\n\n\n\n<hr class=\"wp-block-separator alignwide has-alpha-channel-opacity is-style-wide\" \/>\n\n\n\n<h2 class=\"wp-block-heading alignwide\">SPONSOREN<\/h2>\n\n\n\n<div class=\"wp-block-columns is-layout-flex wp-container-core-columns-is-layout-28f84493 wp-block-columns-is-layout-flex\">\n<div class=\"wp-block-column is-layout-flow wp-block-column-is-layout-flow\">\n<figure class=\"wp-block-image size-large\"><img loading=\"lazy\" decoding=\"async\" width=\"1024\" height=\"398\" src=\"https:\/\/blogs.uni-paderborn.de\/oberhausentrifftpaderborn\/files\/2024\/09\/grafik-17-1024x398.png\" alt=\"\" class=\"wp-image-310\" srcset=\"https:\/\/blogs.uni-paderborn.de\/oberhausentrifftpaderborn\/files\/2024\/09\/grafik-17-1024x398.png 1024w, https:\/\/blogs.uni-paderborn.de\/oberhausentrifftpaderborn\/files\/2024\/09\/grafik-17-300x116.png 300w, https:\/\/blogs.uni-paderborn.de\/oberhausentrifftpaderborn\/files\/2024\/09\/grafik-17-768x298.png 768w, https:\/\/blogs.uni-paderborn.de\/oberhausentrifftpaderborn\/files\/2024\/09\/grafik-17-1536x596.png 1536w, https:\/\/blogs.uni-paderborn.de\/oberhausentrifftpaderborn\/files\/2024\/09\/grafik-17.png 2045w\" sizes=\"auto, (max-width: 1024px) 100vw, 1024px\" \/><\/figure>\n<\/div>\n\n\n\n<div class=\"wp-block-column is-layout-flow wp-block-column-is-layout-flow\">\n<figure class=\"wp-block-image size-full\"><img loading=\"lazy\" decoding=\"async\" width=\"167\" height=\"70\" src=\"https:\/\/blogs.uni-paderborn.de\/oberhausentrifftpaderborn\/files\/2024\/09\/grafik-18.png\" alt=\"\" class=\"wp-image-312\" \/><\/figure>\n<\/div>\n\n\n\n<div class=\"wp-block-column is-layout-flow wp-block-column-is-layout-flow\">\n<figure class=\"wp-block-image size-full\"><img loading=\"lazy\" decoding=\"async\" width=\"149\" height=\"70\" src=\"https:\/\/blogs.uni-paderborn.de\/oberhausentrifftpaderborn\/files\/2024\/09\/grafik-19.png\" alt=\"\" class=\"wp-image-313\" \/><\/figure>\n<\/div>\n<\/div>\n\n\n\n<figure class=\"wp-block-image size-large is-resized\"><img loading=\"lazy\" decoding=\"async\" width=\"1024\" height=\"379\" src=\"https:\/\/blogs.uni-paderborn.de\/oberhausentrifftpaderborn\/files\/2024\/09\/grafik-20-1024x379.png\" alt=\"\" class=\"wp-image-314\" style=\"width:196px;height:auto\" srcset=\"https:\/\/blogs.uni-paderborn.de\/oberhausentrifftpaderborn\/files\/2024\/09\/grafik-20-1024x379.png 1024w, https:\/\/blogs.uni-paderborn.de\/oberhausentrifftpaderborn\/files\/2024\/09\/grafik-20-300x111.png 300w, https:\/\/blogs.uni-paderborn.de\/oberhausentrifftpaderborn\/files\/2024\/09\/grafik-20-768x284.png 768w, https:\/\/blogs.uni-paderborn.de\/oberhausentrifftpaderborn\/files\/2024\/09\/grafik-20-1536x569.png 1536w, https:\/\/blogs.uni-paderborn.de\/oberhausentrifftpaderborn\/files\/2024\/09\/grafik-20.png 2048w\" sizes=\"auto, (max-width: 1024px) 100vw, 1024px\" \/><\/figure>\n","protected":false},"excerpt":{"rendered":"<p>TRAILER \/\/\/ INFO Bereits zum f\u00fcnften Mal findet das studentische Projekt &#8222;Oberhausen trifft Paderborn&#8220; statt. Die Organisation erfolgte im Rahmen des medienwissenschaftlichen Seminars &#8222;Festivalkultur: Exkursion zu den 58. Internationalen Kurzfilmtagen Oberhausen 26. &#8211; 29. April 2012&#8220; an der Universit\u00e4t. Das Kurzfilmfestival im Ruhrgebiet ist im Laufe der vergangenen Jahrzehnte zu einem der wichtigsten Kurzfilmfestivals und [&hellip;]<\/p>\n","protected":false},"author":9268,"featured_media":36,"parent":0,"menu_order":0,"comment_status":"closed","ping_status":"closed","template":"","meta":{"footnotes":""},"class_list":["post-200","page","type-page","status-publish","has-post-thumbnail","hentry"],"_links":{"self":[{"href":"https:\/\/blogs.uni-paderborn.de\/oberhausentrifftpaderborn\/wp-json\/wp\/v2\/pages\/200","targetHints":{"allow":["GET"]}}],"collection":[{"href":"https:\/\/blogs.uni-paderborn.de\/oberhausentrifftpaderborn\/wp-json\/wp\/v2\/pages"}],"about":[{"href":"https:\/\/blogs.uni-paderborn.de\/oberhausentrifftpaderborn\/wp-json\/wp\/v2\/types\/page"}],"author":[{"embeddable":true,"href":"https:\/\/blogs.uni-paderborn.de\/oberhausentrifftpaderborn\/wp-json\/wp\/v2\/users\/9268"}],"replies":[{"embeddable":true,"href":"https:\/\/blogs.uni-paderborn.de\/oberhausentrifftpaderborn\/wp-json\/wp\/v2\/comments?post=200"}],"version-history":[{"count":5,"href":"https:\/\/blogs.uni-paderborn.de\/oberhausentrifftpaderborn\/wp-json\/wp\/v2\/pages\/200\/revisions"}],"predecessor-version":[{"id":316,"href":"https:\/\/blogs.uni-paderborn.de\/oberhausentrifftpaderborn\/wp-json\/wp\/v2\/pages\/200\/revisions\/316"}],"wp:featuredmedia":[{"embeddable":true,"href":"https:\/\/blogs.uni-paderborn.de\/oberhausentrifftpaderborn\/wp-json\/wp\/v2\/media\/36"}],"wp:attachment":[{"href":"https:\/\/blogs.uni-paderborn.de\/oberhausentrifftpaderborn\/wp-json\/wp\/v2\/media?parent=200"}],"curies":[{"name":"wp","href":"https:\/\/api.w.org\/{rel}","templated":true}]}}