{"id":165,"date":"2023-11-12T17:50:30","date_gmt":"2023-11-12T16:50:30","guid":{"rendered":"https:\/\/blogs.uni-paderborn.de\/oberhausentrifftpaderborn\/?page_id=165"},"modified":"2024-09-12T02:15:03","modified_gmt":"2024-09-12T00:15:03","slug":"otp2017","status":"publish","type":"page","link":"https:\/\/blogs.uni-paderborn.de\/oberhausentrifftpaderborn\/otp2017\/","title":{"rendered":"OBERHAUSEN TRIFFT PADERBORN 2017"},"content":{"rendered":"<div class=\"twoclick_social_bookmarks_post_165 social_share_privacy clearfix 1.6.4 locale-de_DE sprite-de_DE\"><\/div><div class=\"twoclick-js\"><script type=\"text\/javascript\">\/* <![CDATA[ *\/\njQuery(document).ready(function($){if($('.twoclick_social_bookmarks_post_165')){$('.twoclick_social_bookmarks_post_165').socialSharePrivacy({\"txt_help\":\"Wenn Sie diese Felder durch einen Klick aktivieren, werden Informationen an Facebook, Twitter, Flattr, Xing, t3n, LinkedIn, Pinterest oder Google eventuell ins Ausland \\u00fcbertragen und unter Umst\\u00e4nden auch dort gespeichert. N\\u00e4heres erfahren Sie durch einen Klick auf das <em>i<\\\/em>.\",\"settings_perma\":\"Dauerhaft aktivieren und Daten\\u00fcber-tragung zustimmen:\",\"info_link\":\"http:\\\/\\\/www.heise.de\\\/ct\\\/artikel\\\/2-Klicks-fuer-mehr-Datenschutz-1333879.html\",\"uri\":\"https:\\\/\\\/blogs.uni-paderborn.de\\\/oberhausentrifftpaderborn\\\/otp2017\\\/\",\"post_id\":165,\"post_title_referrer_track\":\"OBERHAUSEN+TRIFFT+PADERBORN+2017\",\"display_infobox\":\"on\"});}});\n\/* ]]> *\/<\/script><\/div>\n<div class=\"wp-block-media-text alignwide is-stacked-on-mobile has-tertiary-background-color has-background\" style=\"grid-template-columns:40% auto\"><figure class=\"wp-block-media-text__media\"><img loading=\"lazy\" decoding=\"async\" width=\"300\" height=\"425\" src=\"https:\/\/blogs.uni-paderborn.de\/oberhausentrifftpaderborn\/files\/2023\/11\/OberhausentrifftPaderborn_Plakat_2017b.jpg\" alt=\"\" class=\"wp-image-44 size-full\" srcset=\"https:\/\/blogs.uni-paderborn.de\/oberhausentrifftpaderborn\/files\/2023\/11\/OberhausentrifftPaderborn_Plakat_2017b.jpg 300w, https:\/\/blogs.uni-paderborn.de\/oberhausentrifftpaderborn\/files\/2023\/11\/OberhausentrifftPaderborn_Plakat_2017b-212x300.jpg 212w\" sizes=\"auto, (max-width: 300px) 100vw, 300px\" \/><\/figure><div class=\"wp-block-media-text__content\">\n<h3 class=\"wp-block-heading\"><strong>KURZINFO<\/strong><\/h3>\n\n\n\n<p><strong>Kurzfilmnacht Nr. 10<\/strong><br>19.10.2017 | 20:00 Uhr <br><br>Organisator:innen: Matthias Hartmann, Jahra Doomernik, Lucie Wendlandt, Hendrik Funke, Julia Kipper, Maureen Fritzsche, Kirsten Rohde, Valentino Lai, Mela Vollmer und Annika Witschel<br>Seminarleitung: Annette Brauerhoch<\/p>\n\n\n\n<div class=\"wp-block-buttons is-layout-flex wp-block-buttons-is-layout-flex\">\n<div class=\"wp-block-button\"><a class=\"wp-block-button__link wp-element-button\" href=\"https:\/\/oberhausenpaderborn.wordpress.com\/\" style=\"border-radius:10px\" target=\"_blank\" rel=\"noreferrer noopener\">Veranstaltungs-Website<\/a><\/div>\n\n\n\n<div class=\"wp-block-button\"><a class=\"wp-block-button__link wp-element-button\" href=\"https:\/\/youtu.be\/r_CQY3b9pho\" style=\"border-radius:10px\" target=\"_blank\" rel=\"noreferrer noopener\">Trailer<\/a><\/div>\n<\/div>\n<\/div><\/div>\n\n\n\n<hr class=\"wp-block-separator alignwide has-alpha-channel-opacity is-style-wide\" \/>\n\n\n\n<h2 class=\"wp-block-heading alignwide\">TRAILER<\/h2>\n\n\n\n<figure class=\"wp-block-embed alignwide is-type-video is-provider-youtube wp-block-embed-youtube wp-embed-aspect-16-9 wp-has-aspect-ratio\"><div class=\"wp-block-embed__wrapper\">\n<iframe loading=\"lazy\" title=\"Trailer Oberhausen trifft Paderborn\" width=\"500\" height=\"281\" src=\"https:\/\/www.youtube.com\/embed\/r_CQY3b9pho?feature=oembed\" frameborder=\"0\" allow=\"accelerometer; autoplay; clipboard-write; encrypted-media; gyroscope; picture-in-picture; web-share\" referrerpolicy=\"strict-origin-when-cross-origin\" allowfullscreen><\/iframe>\n<\/div><\/figure>\n\n\n\n<hr class=\"wp-block-separator alignwide has-alpha-channel-opacity is-style-wide\" \/>\n\n\n\n<h2 class=\"wp-block-heading alignwide\">INFO<\/h2>\n\n\n\n<p><strong>Zum 10. Mal pr\u00e4sentieren Wir, eine Gruppe Studierender der Universit\u00e4t Paderborn, Euch den legend\u00e4ren Kurzfilmabend im UCI in Paderborn. Wir m\u00f6chten Euch das \u201eGenre des unverst\u00e4ndlichen Films\u201c n\u00e4herbringen und Filme pr\u00e4sentieren, die man sonst nicht auf der Leinwand zu sehen bekommt.<\/strong><\/p>\n\n\n\n<p>In Kooperation mit den Kurzfilmtagen in Oberhausen entstand das Projekt, in dem sich Studierende der Medienwissenschaften an der Universit\u00e4t Paderborn n\u00e4her mit Kurzfilmen besch\u00e4ftigen. Ziel ist, den \u201eKurzfilm\u201c, der h\u00e4ufig auch dem Genre des \u201eunverst\u00e4ndlichen Films\u201c zugeordnet wird, einer breiteren Masse zug\u00e4nglich zu machen. Die Studierenden m\u00f6chten dem Zuschauer eine andere Art des Kinos nahebringen, die man gew\u00f6hnlich nie auf einer Leinwand zu sehen bekommt.<\/p>\n\n\n\n<p>Es werden unterschiedlichste Inhalte thematisiert, ob actionreich, humorvoll oder politisch engagiert. Der Zuschauer wird hier auf eine besondere Art und Weise gefordert, da der Kurzfilm keine Handlung vorgibt, wie man es aus einem normalen Spielfilm gewohnt ist. Kurzfilme sollen zum Nachdenken anregen, Emotionen hervorrufen und Menschen verbinden sowie an unterschiedlichsten Orten zum Gespr\u00e4ch auffordern.<\/p>\n\n\n\n<p>An besagtem Abend werden die Studierenden ein Programm pr\u00e4sentieren, in dem sie ausgew\u00e4hlte Filme der Internationalen Kurzfilmtage Oberhausen zeigen. Das Filmfestival, das seit 63 Jahren ausgerichtet wird, gilt als das \u00e4lteste der Welt und ist eines der gr\u00f6\u00dften internationalen Plattformen f\u00fcr die kurze Form. Durch eine informative Moderation und den Besuch einer Filmemacherin, die f\u00fcr Frage und Antwort zur Seite steht und mit uns ihre Erfahrungen teilt, kann man ein \u201eMini-Kurzfilmfestival\u201c hier in Paderborn erleben.<\/p>\n\n\n\n<hr class=\"wp-block-separator alignwide has-alpha-channel-opacity is-style-wide\" \/>\n\n\n\n<h2 class=\"wp-block-heading alignwide\">FILMPROGRAMM<\/h2>\n\n\n\n<p>Das wird Gut<br>F\u00fcr Frauen<br>Manche Probleme<br>Sientje<br>ich schneide deine Zunge<br>documenta der Leute: Bibelgespr\u00e4ch<br>Mishka<br>Summer Story<br>I Want U<br>Berta<br>Das Zauberglas<br>Sen Toe<br>Stranden<br>Girasoles<br>John and Karen<\/p>\n\n\n\n<hr class=\"wp-block-separator alignwide has-alpha-channel-opacity is-style-wide\" \/>\n\n\n\n<h2 class=\"wp-block-heading alignwide\">TEAM<\/h2>\n\n\n\n<figure class=\"wp-block-image size-large\"><img loading=\"lazy\" decoding=\"async\" width=\"1024\" height=\"777\" src=\"https:\/\/blogs.uni-paderborn.de\/oberhausentrifftpaderborn\/files\/2023\/11\/OtP_2017b_Gruppe-1024x777.jpg\" alt=\"\" class=\"wp-image-176\" srcset=\"https:\/\/blogs.uni-paderborn.de\/oberhausentrifftpaderborn\/files\/2023\/11\/OtP_2017b_Gruppe-1024x777.jpg 1024w, https:\/\/blogs.uni-paderborn.de\/oberhausentrifftpaderborn\/files\/2023\/11\/OtP_2017b_Gruppe-300x228.jpg 300w, https:\/\/blogs.uni-paderborn.de\/oberhausentrifftpaderborn\/files\/2023\/11\/OtP_2017b_Gruppe-768x582.jpg 768w, https:\/\/blogs.uni-paderborn.de\/oberhausentrifftpaderborn\/files\/2023\/11\/OtP_2017b_Gruppe.jpg 1432w\" sizes=\"auto, (max-width: 1024px) 100vw, 1024px\" \/><\/figure>\n\n\n\n<p>Matthias Hartmann, Jahra Doomernik, Lucie Wendlandt, Hendrik Funke, Julia Kipper, Maureen Fritzsche, Kirsten Rohde, Valentino Lai, Mela Vollmer und Annika Witschel<\/p>\n\n\n\n<hr class=\"wp-block-separator alignwide has-alpha-channel-opacity is-style-wide\" \/>\n\n\n\n<h2 class=\"wp-block-heading alignwide\">SPONSOREN<\/h2>\n\n\n\n<p>tba.<\/p>\n\n\n\n<p><\/p>\n","protected":false},"excerpt":{"rendered":"<p>TRAILER INFO Zum 10. Mal pr\u00e4sentieren Wir, eine Gruppe Studierender der Universit\u00e4t Paderborn, Euch den legend\u00e4ren Kurzfilmabend im UCI in Paderborn. Wir m\u00f6chten Euch das \u201eGenre des unverst\u00e4ndlichen Films\u201c n\u00e4herbringen und Filme pr\u00e4sentieren, die man sonst nicht auf der Leinwand zu sehen bekommt. In Kooperation mit den Kurzfilmtagen in Oberhausen entstand das Projekt, in dem [&hellip;]<\/p>\n","protected":false},"author":9268,"featured_media":44,"parent":0,"menu_order":0,"comment_status":"closed","ping_status":"closed","template":"","meta":{"footnotes":""},"class_list":["post-165","page","type-page","status-publish","has-post-thumbnail","hentry"],"_links":{"self":[{"href":"https:\/\/blogs.uni-paderborn.de\/oberhausentrifftpaderborn\/wp-json\/wp\/v2\/pages\/165","targetHints":{"allow":["GET"]}}],"collection":[{"href":"https:\/\/blogs.uni-paderborn.de\/oberhausentrifftpaderborn\/wp-json\/wp\/v2\/pages"}],"about":[{"href":"https:\/\/blogs.uni-paderborn.de\/oberhausentrifftpaderborn\/wp-json\/wp\/v2\/types\/page"}],"author":[{"embeddable":true,"href":"https:\/\/blogs.uni-paderborn.de\/oberhausentrifftpaderborn\/wp-json\/wp\/v2\/users\/9268"}],"replies":[{"embeddable":true,"href":"https:\/\/blogs.uni-paderborn.de\/oberhausentrifftpaderborn\/wp-json\/wp\/v2\/comments?post=165"}],"version-history":[{"count":9,"href":"https:\/\/blogs.uni-paderborn.de\/oberhausentrifftpaderborn\/wp-json\/wp\/v2\/pages\/165\/revisions"}],"predecessor-version":[{"id":362,"href":"https:\/\/blogs.uni-paderborn.de\/oberhausentrifftpaderborn\/wp-json\/wp\/v2\/pages\/165\/revisions\/362"}],"wp:featuredmedia":[{"embeddable":true,"href":"https:\/\/blogs.uni-paderborn.de\/oberhausentrifftpaderborn\/wp-json\/wp\/v2\/media\/44"}],"wp:attachment":[{"href":"https:\/\/blogs.uni-paderborn.de\/oberhausentrifftpaderborn\/wp-json\/wp\/v2\/media?parent=165"}],"curies":[{"name":"wp","href":"https:\/\/api.w.org\/{rel}","templated":true}]}}