{"id":61,"date":"2024-06-10T12:42:02","date_gmt":"2024-06-10T10:42:02","guid":{"rendered":"https:\/\/blogs.uni-paderborn.de\/nachhaltigkeitskultur\/?page_id=61"},"modified":"2026-01-13T16:25:08","modified_gmt":"2026-01-13T15:25:08","slug":"podcast","status":"publish","type":"page","link":"https:\/\/blogs.uni-paderborn.de\/nachhaltigkeitskultur\/podcast\/","title":{"rendered":"Podcast: Gr\u00fcne B\u00fchne"},"content":{"rendered":"<div class=\"twoclick_social_bookmarks_post_61 social_share_privacy clearfix 1.6.4 locale-de_DE sprite-de_DE\"><\/div><div class=\"twoclick-js\"><script type=\"text\/javascript\">\/* <![CDATA[ *\/\njQuery(document).ready(function($){if($('.twoclick_social_bookmarks_post_61')){$('.twoclick_social_bookmarks_post_61').socialSharePrivacy({\"txt_help\":\"Wenn Sie diese Felder durch einen Klick aktivieren, werden Informationen an Facebook, Twitter, Flattr, Xing, t3n, LinkedIn, Pinterest oder Google eventuell ins Ausland \\u00fcbertragen und unter Umst\\u00e4nden auch dort gespeichert. N\\u00e4heres erfahren Sie durch einen Klick auf das <em>i<\\\/em>.\",\"settings_perma\":\"Dauerhaft aktivieren und Daten\\u00fcber-tragung zustimmen:\",\"info_link\":\"http:\\\/\\\/www.heise.de\\\/ct\\\/artikel\\\/2-Klicks-fuer-mehr-Datenschutz-1333879.html\",\"uri\":\"https:\\\/\\\/blogs.uni-paderborn.de\\\/nachhaltigkeitskultur\\\/podcast\\\/\",\"post_id\":61,\"post_title_referrer_track\":\"Podcast%3A+Gr%C3%BCne+B%C3%BChne\",\"display_infobox\":\"on\"});}});\n\/* ]]> *\/<\/script><\/div>\n<p>Herzlich Willkommen bei Gr\u00fcne B\u00fchne, dem Podcast zur Nachhaltigkeit in der Kulturveranstaltungsbranche! <\/p>\n\n\n\n<p>In diesem Podcast soll es darum gehen, \u00fcber Nachhaltigkeit zu sprechen \u2013 Mit Expert:innen, Aktivist:innen, Veranstalter:innen und allen, die an der Veranstaltungsbranche interessiert sind oder teilnehmen. Wenn Sie und Ihr keine Folge mehr verpassen wollt, folgt und folgen Sie Gr\u00fcne B\u00fchne auf Spotify! <\/p>\n\n\n\n<h2 class=\"wp-block-heading\"><strong>Folge 0: Willkommen bei Gr\u00fcne B\u00fchne! <\/strong><\/h2>\n\n\n\n<p>In dieser Folge stellen wir euch den Podcast vor. Worum geht&#8217;s bei Gr\u00fcne B\u00fchne? Wer ist in der ersten Folge dabei? Und was ist eigentlich das Forschungsprojekt NachhaltigkeitskulturOWL?<\/p>\n\n\n\n<figure class=\"wp-block-embed is-type-rich is-provider-spotify wp-block-embed-spotify wp-embed-aspect-21-9 wp-has-aspect-ratio\"><div class=\"wp-block-embed__wrapper\">\n<iframe title=\"Spotify Embed: Folge 0: Willkommen bei Gr\u00fcne B\u00fchne!\" style=\"border-radius: 12px\" width=\"100%\" height=\"152\" frameborder=\"0\" allowfullscreen allow=\"autoplay; clipboard-write; encrypted-media; fullscreen; picture-in-picture\" loading=\"lazy\" src=\"https:\/\/open.spotify.com\/embed\/episode\/58yujC700rXIrOkvw5bckp?si=0af5da27ffbd4085&amp;utm_source=oembed\"><\/iframe>\n<\/div><\/figure>\n\n\n\n<h2 class=\"wp-block-heading\">Folge 1 mit Oikos Paderborn<\/h2>\n\n\n\n<p>Willkommen bei Gr\u00fcne B\u00fchne! In der ersten Interview-Folge sprechen wir mit Svenja und Patricia von Oikos Paderborn dar\u00fcber, wie Oikos sich an der Uni f\u00fcr Nachhaltigkeit einsetzt, was Engagement an der Uni bedeutet und wie man vielleicht gerade als Ersti (aber nicht nur) tolle Leute kennenlernen kann.<\/p>\n\n\n\n<figure class=\"wp-block-embed is-type-rich is-provider-spotify wp-block-embed-spotify wp-embed-aspect-21-9 wp-has-aspect-ratio\"><div class=\"wp-block-embed__wrapper\">\n<iframe title=\"Spotify Embed: Folge 1 mit Oikos Paderborn\" style=\"border-radius: 12px\" width=\"100%\" height=\"152\" frameborder=\"0\" allowfullscreen allow=\"autoplay; clipboard-write; encrypted-media; fullscreen; picture-in-picture\" loading=\"lazy\" src=\"https:\/\/open.spotify.com\/embed\/episode\/07QxniFyHBtws0oEWYF7pY?si=aab6543af96442cb&amp;utm_source=oembed\"><\/iframe>\n<\/div><\/figure>\n\n\n\n<h2 class=\"wp-block-heading\">Folge 2 mit Moritz Swars <\/h2>\n\n\n\n<p>Moritz Swars setzt sich schon seit Jahren in verschiedenen Projekten f\u00fcr Nachhaltigkeit ein, unter anderem auch mit Zukunft feiern. Diese Initiative setzt sich daf\u00fcr ein, dass Veranstaltungsorte nachhaltiger werden, insbesondere Clubs. Worauf es dabei ankommt und wo vielleicht Schwierigkeiten liegen, h\u00f6rt ihr in dieser Folge von Gr\u00fcne B\u00fchne! <\/p>\n\n\n\n<figure class=\"wp-block-embed is-type-rich is-provider-spotify wp-block-embed-spotify wp-embed-aspect-21-9 wp-has-aspect-ratio\"><div class=\"wp-block-embed__wrapper\">\n<iframe title=\"Spotify Embed: Folge 2 mit Moritz Swars von Zukunft feiern\" style=\"border-radius: 12px\" width=\"100%\" height=\"152\" frameborder=\"0\" allowfullscreen allow=\"autoplay; clipboard-write; encrypted-media; fullscreen; picture-in-picture\" loading=\"lazy\" src=\"https:\/\/open.spotify.com\/embed\/episode\/0oiS25JbKRKiYv7Y8sfd2s?si=bi1O3j-kTY2OK1PevbdL8A&amp;utm_source=oembed\"><\/iframe>\n<\/div><\/figure>\n\n\n\n<h2 class=\"wp-block-heading\">Folge 3 mit Katrin Lerchbacher vom Orchester des Wandels<\/h2>\n\n\n<p>In dieser Folge ist Katrin Lerchbacher vom Orchester des Wandels dabei. Wir sprechen zum Beispiel dar\u00fcber, wie Orchester nachhaltiger praktizieren k\u00f6nnen und was Artenschutz in Brasilien mit Geigenb\u00f6gen zu tun hat.<\/p>\n\n\n<figure class=\"wp-block-embed is-type-rich is-provider-spotify wp-block-embed-spotify wp-embed-aspect-21-9 wp-has-aspect-ratio\"><div class=\"wp-block-embed__wrapper\">\n<iframe title=\"Spotify Embed: Folge 3 mit Katrin Lerchbacher vom Orchester des Wandels\" style=\"border-radius: 12px\" width=\"100%\" height=\"152\" frameborder=\"0\" allowfullscreen allow=\"autoplay; clipboard-write; encrypted-media; fullscreen; picture-in-picture\" loading=\"lazy\" src=\"https:\/\/open.spotify.com\/embed\/episode\/5XgW3LZVwdEY1YqnCX5EsB?si=3398a93294a644ad&amp;utm_source=oembed\"><\/iframe>\n<\/div><\/figure>\n\n\n\n<h2 class=\"wp-block-heading\">Folge 4 mit Hanna Mauksch, Nachhaltigkeitsmanagerin<\/h2>\n\n\n\n<p>In Folge 4 erfahrt ihr, was der Beruf der Nachhaltigkeitsmanagerin im Fall von Hanna Mauksch alles beinhaltet und wie sich der Berufsalltag gestaltet. Dar\u00fcber hinaus geht es unter anderem darum, wie eigentlich ein nachhaltiges Line-Up aussieht, was es mit \u00f6kologisch nachhaltigem Touring auf sich hat, was konkrete Ma\u00dfnahmen beim nachhaltigen Veranstalten sind und welche Schwierigkeiten sich zeigen.&nbsp;<\/p>\n\n\n\n<figure class=\"wp-block-embed is-type-rich is-provider-spotify wp-block-embed-spotify wp-embed-aspect-21-9 wp-has-aspect-ratio\"><div class=\"wp-block-embed__wrapper\">\n<iframe title=\"Spotify Embed: Folge 4 mit Hanna Mauksch (Nachhaltigkeitsmanagerin)\" style=\"border-radius: 12px\" width=\"100%\" height=\"152\" frameborder=\"0\" allowfullscreen allow=\"autoplay; clipboard-write; encrypted-media; fullscreen; picture-in-picture\" loading=\"lazy\" src=\"https:\/\/open.spotify.com\/embed\/episode\/6hXK5L3YFbPV4CDCicawxm?si=79376b5823994231&amp;utm_source=oembed\"><\/iframe>\n<\/div><\/figure>\n\n\n\n<h2 class=\"wp-block-heading\">Folge 5 mit Bernhard K\u00f6nig <\/h2>\n\n\n\n<p>In dieser Folge ist Bernhard K\u00f6nig dabei. Neben seiner Arbeit im interkulturellen Verein Trimum e.V. wirkt er au\u00dferdem bei der Klima Allianz Deutschland mit und hat ein Buch \u00fcber Musik und Klima geschrieben. Mit ihm reden wir dar\u00fcber, was die Klima Allianz Deutschland ist, ob Verzichten wirklich bedeutet, dass wir etwas verlieren, und dar\u00fcber, wie viel Kultur wir schon vor unserer Haust\u00fcr haben, und zwar total nachhaltig.&nbsp;<\/p>\n\n\n\n<p>Die erw\u00e4hnte Studie ist vom Forschungsinstitut f\u00fcr gesellschaftlichen Zusammenhalt mit dem Titel \u201eEntkoppelte Lebenswelten\u201c von 2021.<\/p>\n\n\n\n<figure class=\"wp-block-embed is-type-rich is-provider-spotify wp-block-embed-spotify wp-embed-aspect-21-9 wp-has-aspect-ratio\"><div class=\"wp-block-embed__wrapper\">\n<iframe title=\"Spotify Embed: Folge 5 mit Bernhard K\u00f6nig\" style=\"border-radius: 12px\" width=\"100%\" height=\"152\" frameborder=\"0\" allowfullscreen allow=\"autoplay; clipboard-write; encrypted-media; fullscreen; picture-in-picture\" loading=\"lazy\" src=\"https:\/\/open.spotify.com\/embed\/episode\/2zebdACBVTs6V2WYeDOtvP?si=28b3fa420e2447b2&amp;utm_source=oembed\"><\/iframe>\n<\/div><\/figure>\n\n\n\n<h2 class=\"wp-block-heading\"><strong>Folge 6 mit Erhard Grund<\/strong>l<\/h2>\n\n\n\n<p>In dieser Folge ist Erhard Grundl dabei. Nach fast 30 Jahren in der Musikszene war er kulturpolitischer Sprecher der Gr\u00fcnen-Bundestagsfraktion und setzt sich heute f\u00fcr nachhaltige Kulturpolitik ein. Mit ihm reden wir dar\u00fcber, wie Festivals nachhaltiger werden k\u00f6nnen, welche Rolle Publikumsmobilit\u00e4t spielt, warum die F\u00f6rderung der freien Szene so wichtig ist &#8211; und welcher Song ihm in schwierigen Momenten Kraft gibt.<\/p>\n\n\n\n<p>Ein kurzer Hinweis: Die Folge wurde im Dezember 2024 aufgenommen, also vor den Neuwahlen im Fr\u00fchjahr 2025.<\/p>\n\n\n\n<figure class=\"wp-block-embed is-type-rich is-provider-spotify wp-block-embed-spotify wp-embed-aspect-21-9 wp-has-aspect-ratio\"><div class=\"wp-block-embed__wrapper\">\n<iframe title=\"Spotify Embed: Folge 6 mit Erhard Grundl \" style=\"border-radius: 12px\" width=\"100%\" height=\"152\" frameborder=\"0\" allowfullscreen allow=\"autoplay; clipboard-write; encrypted-media; fullscreen; picture-in-picture\" loading=\"lazy\" src=\"https:\/\/open.spotify.com\/embed\/episode\/2biLokKgrDrnvpNJkhXV6x?si=950e3c9de52e4996&amp;utm_source=oembed\"><\/iframe>\n<\/div><\/figure>\n\n\n\n<h2 class=\"wp-block-heading\"><strong>Folge 7 mit Tine Theurich (Music Declares Emergency)<\/strong><\/h2>\n\n\n\n<p>In dieser Folge geht es um die Frage: Wie kann die Musikszene ihre Verantwortung f\u00fcr die Erde wahrnehmen? Dazu begr\u00fc\u00dfen wir Tine Theurich, Gr\u00fcndungsmitglied von Music Declares Emergency Deutschland, einem Netzwerk, das sich nicht nur als Plattform versteht, sondern als aktive Bewegung. Gemeinsam mit Musiker*innen, Veranstalter*innen, Produzent*innen und allen, die in der Musikbranche arbeiten, setzen sie sich f\u00fcr Klimagerechtigkeit ein.&nbsp;<br>Was bedeutet das konkret? Tine erz\u00e4hlt uns, wie das Netzwerk Wissen teilt, Erfahrungen austauscht und vor allem: wie es konkrete Werkzeuge entwickelt, z.B. den Toolkoffer f\u00fcr K\u00fcnstler*innen, Veranstaltungsorte und Produktionen.&nbsp;Und wir kl\u00e4ren: Wie kann man selbst Teil dieser Bewegung werden? Was erwartet einen, wenn man sich engagiert?<\/p>\n\n\n\n<figure class=\"wp-block-embed is-type-rich is-provider-spotify wp-block-embed-spotify wp-embed-aspect-21-9 wp-has-aspect-ratio\"><div class=\"wp-block-embed__wrapper\">\n<iframe title=\"Spotify Embed: Folge 7 mit Tine Theurich (Music Declares Emergency)\" style=\"border-radius: 12px\" width=\"100%\" height=\"152\" frameborder=\"0\" allowfullscreen allow=\"autoplay; clipboard-write; encrypted-media; fullscreen; picture-in-picture\" loading=\"lazy\" src=\"https:\/\/open.spotify.com\/embed\/episode\/3WC3tn6ue7ScYptUYqJUdp?si=21d3bec8ffcb4a52&amp;utm_source=oembed\"><\/iframe>\n<\/div><\/figure>\n\n\n\n<h2 class=\"wp-block-heading\">Folge 8 &#8211; 2025 R\u00fcckblick <\/h2>\n\n\n\n<p>In dieser Folge schauen Julian Burkert und Nike Lerche auf 2025: Was hat sich im vergangenen Jahr getan? Gemeinsam blicken wir zur\u00fcck auf geplante Projekte, umgesetzte Ma\u00dfnahmen und die kleinen wie gro\u00dfen Meilensteine, die das Projekt begleitet haben.<br>Was lief gut \u2013 und was haben wir gelernt? Wir sprechen \u00fcber Erfahrungen und Erkenntnisse, die das Projekt gepr\u00e4gt haben. Und nat\u00fcrlich wagen wir auch einen Blick nach vorn: Wie kann es im kommenden Jahr weitergehen? Welche Ideen stehen in den Startl\u00f6chern \u2013 und was nehmen wir uns f\u00fcr 2026 vor?<\/p>\n\n\n\n<figure class=\"wp-block-embed is-type-rich is-provider-spotify wp-block-embed-spotify wp-embed-aspect-21-9 wp-has-aspect-ratio\"><div class=\"wp-block-embed__wrapper\">\n<iframe title=\"Spotify Embed: Folge 8 - 2025 R\u00fcckblick \" style=\"border-radius: 12px\" width=\"100%\" height=\"152\" frameborder=\"0\" allowfullscreen allow=\"autoplay; clipboard-write; encrypted-media; fullscreen; picture-in-picture\" loading=\"lazy\" src=\"https:\/\/open.spotify.com\/embed\/episode\/4qzNllXfdlqeJ8FugrtmQQ?si=2db6901c388444c8&amp;utm_source=oembed\"><\/iframe>\n<\/div><\/figure>\n\n\n\n<h2 class=\"wp-block-heading\">Folge 9 mit Jakob Bilabel<\/h2>\n\n\n\n<p>In dieser Folge sprechen wir mit Jakob Bilabel, Leiter der Green Culture Anlaufstelle der Bundesregierung und Gr\u00fcnder mehrerer Nachhaltigkeitsinitiativen in Kultur und Medien.<br>Wir sprechen dar\u00fcber, weshalb Kultur keine moralische Pflicht hat, \u201eNachhaltigkeit zu predigen\u201c, warum Freiwilligkeit und gute Rahmenbedingungen wichtiger sind als erhobene Zeigefinger und wie Festivals und andere Kulturorte als Reallabore f\u00fcr eine nachhaltigere Gesellschaft dienen k\u00f6nnen.<br><\/p>\n\n\n\n<figure class=\"wp-block-embed is-type-rich is-provider-spotify wp-block-embed-spotify wp-embed-aspect-21-9 wp-has-aspect-ratio\"><div class=\"wp-block-embed__wrapper\">\n<iframe title=\"Spotify Embed: Folge 9 - Mit Jakob Bilabel \" style=\"border-radius: 12px\" width=\"100%\" height=\"152\" frameborder=\"0\" allowfullscreen allow=\"autoplay; clipboard-write; encrypted-media; fullscreen; picture-in-picture\" loading=\"lazy\" src=\"https:\/\/open.spotify.com\/embed\/episode\/5QBPKQKWfl0CULvlFMT4LH?si=bCg8n1KYQYG_Bo2kSweFkA&amp;utm_source=oembed\"><\/iframe>\n<\/div><\/figure>\n\n\n\n<h2 class=\"wp-block-heading\">Die Playlist &#8211; Songs of Nachhaltigkeit<\/h2>\n\n\n\n<p>Zum Abschluss unseres Podcast stellen wir all unsere G\u00e4st:innen die gleiche Frage: &#8222;Wenn es eine Playlist mit den Top-10 Songs f\u00fcr die Nachhaltigkeitsbewegung g\u00e4be: Welcher Song d\u00fcrfte da aus Ihrer Sicht nicht fehlen?&#8220;&nbsp;<\/p>\n\n\n\n<p>Diese Songs haben wir in einer Playlist zusammengefasst. Wie h\u00f6rt sich Nachhaltigkeit an, wie f\u00fchlt sie sich an? In der Playlist k\u00f6nnen Sie und kannst du einmal reinh\u00f6ren. Die ganze Playlist l\u00e4sst sich auf Spotify finden. <\/p>\n\n\n\n<figure class=\"wp-block-embed is-type-rich is-provider-spotify wp-block-embed-spotify wp-embed-aspect-21-9 wp-has-aspect-ratio\"><div class=\"wp-block-embed__wrapper\">\n<iframe title=\"Spotify Embed: Sound of Nachhaltigkeit  \" style=\"border-radius: 12px\" width=\"100%\" height=\"352\" frameborder=\"0\" allowfullscreen allow=\"autoplay; clipboard-write; encrypted-media; fullscreen; picture-in-picture\" loading=\"lazy\" src=\"https:\/\/open.spotify.com\/embed\/playlist\/3ae3hyiILQDs466Mx0rsHJ?si=661db5dae9764d15&amp;utm_source=oembed\"><\/iframe>\n<\/div><\/figure>\n\n\n\n<p><\/p>\n","protected":false},"excerpt":{"rendered":"<p>Herzlich Willkommen bei Gr\u00fcne B\u00fchne, dem Podcast zur Nachhaltigkeit in der Kulturveranstaltungsbranche! In diesem Podcast soll es darum gehen, \u00fcber Nachhaltigkeit zu sprechen \u2013 Mit Expert:innen, Aktivist:innen, Veranstalter:innen und allen, die an der Veranstaltungsbranche interessiert sind oder teilnehmen. Wenn Sie und Ihr keine Folge mehr verpassen wollt, folgt und folgen Sie Gr\u00fcne B\u00fchne auf Spotify! &hellip; <a href=\"https:\/\/blogs.uni-paderborn.de\/nachhaltigkeitskultur\/podcast\/\" class=\"more-link\"><span class=\"screen-reader-text\">Podcast: Gr\u00fcne B\u00fchne<\/span> weiterlesen<\/a><\/p>\n","protected":false},"author":9428,"featured_media":0,"parent":0,"menu_order":0,"comment_status":"closed","ping_status":"closed","template":"","meta":{"footnotes":""},"class_list":["post-61","page","type-page","status-publish","hentry"],"_links":{"self":[{"href":"https:\/\/blogs.uni-paderborn.de\/nachhaltigkeitskultur\/wp-json\/wp\/v2\/pages\/61","targetHints":{"allow":["GET"]}}],"collection":[{"href":"https:\/\/blogs.uni-paderborn.de\/nachhaltigkeitskultur\/wp-json\/wp\/v2\/pages"}],"about":[{"href":"https:\/\/blogs.uni-paderborn.de\/nachhaltigkeitskultur\/wp-json\/wp\/v2\/types\/page"}],"author":[{"embeddable":true,"href":"https:\/\/blogs.uni-paderborn.de\/nachhaltigkeitskultur\/wp-json\/wp\/v2\/users\/9428"}],"replies":[{"embeddable":true,"href":"https:\/\/blogs.uni-paderborn.de\/nachhaltigkeitskultur\/wp-json\/wp\/v2\/comments?post=61"}],"version-history":[{"count":15,"href":"https:\/\/blogs.uni-paderborn.de\/nachhaltigkeitskultur\/wp-json\/wp\/v2\/pages\/61\/revisions"}],"predecessor-version":[{"id":924,"href":"https:\/\/blogs.uni-paderborn.de\/nachhaltigkeitskultur\/wp-json\/wp\/v2\/pages\/61\/revisions\/924"}],"wp:attachment":[{"href":"https:\/\/blogs.uni-paderborn.de\/nachhaltigkeitskultur\/wp-json\/wp\/v2\/media?parent=61"}],"curies":[{"name":"wp","href":"https:\/\/api.w.org\/{rel}","templated":true}]}}