{"id":59,"date":"2024-06-10T12:41:45","date_gmt":"2024-06-10T10:41:45","guid":{"rendered":"https:\/\/blogs.uni-paderborn.de\/nachhaltigkeitskultur\/?page_id=59"},"modified":"2025-04-22T15:16:12","modified_gmt":"2025-04-22T13:16:12","slug":"kooperationspartner","status":"publish","type":"page","link":"https:\/\/blogs.uni-paderborn.de\/nachhaltigkeitskultur\/kooperationspartner\/","title":{"rendered":"Wer macht mit?"},"content":{"rendered":"<div class=\"twoclick_social_bookmarks_post_59 social_share_privacy clearfix 1.6.4 locale-de_DE sprite-de_DE\"><\/div><div class=\"twoclick-js\"><script type=\"text\/javascript\">\/* <![CDATA[ *\/\njQuery(document).ready(function($){if($('.twoclick_social_bookmarks_post_59')){$('.twoclick_social_bookmarks_post_59').socialSharePrivacy({\"txt_help\":\"Wenn Sie diese Felder durch einen Klick aktivieren, werden Informationen an Facebook, Twitter, Flattr, Xing, t3n, LinkedIn, Pinterest oder Google eventuell ins Ausland \\u00fcbertragen und unter Umst\\u00e4nden auch dort gespeichert. N\\u00e4heres erfahren Sie durch einen Klick auf das <em>i<\\\/em>.\",\"settings_perma\":\"Dauerhaft aktivieren und Daten\\u00fcber-tragung zustimmen:\",\"info_link\":\"http:\\\/\\\/www.heise.de\\\/ct\\\/artikel\\\/2-Klicks-fuer-mehr-Datenschutz-1333879.html\",\"uri\":\"https:\\\/\\\/blogs.uni-paderborn.de\\\/nachhaltigkeitskultur\\\/kooperationspartner\\\/\",\"post_id\":59,\"post_title_referrer_track\":\"Wer+macht+mit%3F\",\"display_infobox\":\"on\"});}});\n\/* ]]> *\/<\/script><\/div>\n<p><strong>Projektleitung (Project Management<\/strong>)<br><a href=\"https:\/\/www.uni-paderborn.de\/person\/58896\">Prof.in Dr.in Beate Flath <\/a><\/p>\n\n\n\n<p><strong>Mitarbeitende<\/strong> <strong>(Employees)<\/strong><br><a href=\"https:\/\/www.uni-paderborn.de\/person\/81733\">Katharina Schmecht<\/a><br><a href=\"https:\/\/www.uni-paderborn.de\/person\/75546\">Alyssia Schr\u00f6der<\/a><br><\/p>\n\n\n\n<p><strong>Verbundspartner<\/strong> <strong>(Associated Partner)<\/strong><br><a href=\"https:\/\/www.schlosspark-paderborn.de\">Schlosspark und Lippesee GmbH <\/a><br><br><a href=\"https:\/\/www.schlosspark-paderborn.de\/Wissenswertes\/Kontakt\/\">Christian Stork <br>Sascha Riehl<br>Julian Burkert <\/a><\/p>\n\n\n\n<p><strong>Assoziierte Projektpartner*innen<\/strong> <strong>(Associated Project Partners)<\/strong><br><a href=\"https:\/\/www.carnival-bielefeld.de\">Carnival der Kulturen Bielefeld <\/a><br><a href=\"https:\/\/www.paderborn.de\/tourismus-kultur\/index.php\">Kulturamt Paderborn <\/a><br><a href=\"https:\/\/kulturbuero-owl.de\">Kulturb\u00fcro OWL<\/a> <br><a href=\"https:\/\/www.kulturvereinigung-owl.de\">Kulturvereinigung OWL <\/a><br><a href=\"https:\/\/diekuppel.de\">Kuppel Paderborn e. V.<\/a><br><a href=\"https:\/\/nurguteleute.de\">nurguteleute Kreativb\u00fcro <\/a><br><a href=\"https:\/\/orangeblossomspecial.de\">Orange Blossom Special Festival (OBS) <\/a><br><a href=\"https:\/\/www.ostwestfalenlippe.de\/owl-gmbh\/owl-kulturbuero\/\">OWL Kulturb\u00fcro<\/a> <br><a href=\"https:\/\/www.sound-linear.de\">Sound Linear<\/a><br><a href=\"https:\/\/www.liveinitiative.nrw\">Verband der Clubs und Veranstalter in NRW e. V. (LINA) <\/a><br><a href=\"https:\/\/www.wohlsein-pb.de\">Wohlsein GmbH<\/a><\/p>\n\n\n\n<p><\/p>\n\n\n\n<figure class=\"wp-block-image size-large is-resized\"><img loading=\"lazy\" decoding=\"async\" width=\"768\" height=\"1024\" src=\"https:\/\/blogs.uni-paderborn.de\/nachhaltigkeitskultur\/files\/2024\/06\/IMG_5991-768x1024.jpeg\" alt=\"\" class=\"wp-image-72\" style=\"aspect-ratio:1;object-fit:cover;width:750px;height:auto\" srcset=\"https:\/\/blogs.uni-paderborn.de\/nachhaltigkeitskultur\/files\/2024\/06\/IMG_5991-768x1024.jpeg 768w, https:\/\/blogs.uni-paderborn.de\/nachhaltigkeitskultur\/files\/2024\/06\/IMG_5991-225x300.jpeg 225w, https:\/\/blogs.uni-paderborn.de\/nachhaltigkeitskultur\/files\/2024\/06\/IMG_5991-1152x1536.jpeg 1152w, https:\/\/blogs.uni-paderborn.de\/nachhaltigkeitskultur\/files\/2024\/06\/IMG_5991-1536x2048.jpeg 1536w, https:\/\/blogs.uni-paderborn.de\/nachhaltigkeitskultur\/files\/2024\/06\/IMG_5991-scaled.jpeg 1920w\" sizes=\"auto, (max-width: 768px) 100vw, 768px\" \/><figcaption class=\"wp-element-caption\">Von links oben: Katharina Schmecht, Sascha Riehl, Max Zindel, Christian Stork, Rembert Stiewe, Prof.in Dr.in Beate Flath, Philipp Kersting, Carsten Hormes, Olly Thiele. Zweite Reihe von links: Alyssia Schr\u00f6der, Antonia Schwarze, Frieda Wieczorek, Carola Pense, Kai Greupner, Olaf Menne, Katrin Krieger. Vorne von links: Anne Bittner, Jana Duda \/\/ Foto: Maryam Momen Pour Tafreshi<\/figcaption><\/figure>\n\n\n\n<p>Die Studie NachhaltigkeitsKultur OWL wird von der Europ\u00e4ischen Union mitfinanziert.&nbsp;<\/p>\n","protected":false},"excerpt":{"rendered":"<p>Projektleitung (Project Management)Prof.in Dr.in Beate Flath Mitarbeitende (Employees)Katharina SchmechtAlyssia Schr\u00f6der Verbundspartner (Associated Partner)Schlosspark und Lippesee GmbH Christian Stork Sascha RiehlJulian Burkert Assoziierte Projektpartner*innen (Associated Project Partners)Carnival der Kulturen Bielefeld Kulturamt Paderborn Kulturb\u00fcro OWL Kulturvereinigung OWL Kuppel Paderborn e. V.nurguteleute Kreativb\u00fcro Orange Blossom Special Festival (OBS) OWL Kulturb\u00fcro Sound LinearVerband der Clubs und Veranstalter in NRW &hellip; <a href=\"https:\/\/blogs.uni-paderborn.de\/nachhaltigkeitskultur\/kooperationspartner\/\" class=\"more-link\"><span class=\"screen-reader-text\">Wer macht mit?<\/span> weiterlesen<\/a><\/p>\n","protected":false},"author":9428,"featured_media":0,"parent":0,"menu_order":0,"comment_status":"closed","ping_status":"closed","template":"","meta":{"footnotes":""},"class_list":["post-59","page","type-page","status-publish","hentry"],"_links":{"self":[{"href":"https:\/\/blogs.uni-paderborn.de\/nachhaltigkeitskultur\/wp-json\/wp\/v2\/pages\/59","targetHints":{"allow":["GET"]}}],"collection":[{"href":"https:\/\/blogs.uni-paderborn.de\/nachhaltigkeitskultur\/wp-json\/wp\/v2\/pages"}],"about":[{"href":"https:\/\/blogs.uni-paderborn.de\/nachhaltigkeitskultur\/wp-json\/wp\/v2\/types\/page"}],"author":[{"embeddable":true,"href":"https:\/\/blogs.uni-paderborn.de\/nachhaltigkeitskultur\/wp-json\/wp\/v2\/users\/9428"}],"replies":[{"embeddable":true,"href":"https:\/\/blogs.uni-paderborn.de\/nachhaltigkeitskultur\/wp-json\/wp\/v2\/comments?post=59"}],"version-history":[{"count":13,"href":"https:\/\/blogs.uni-paderborn.de\/nachhaltigkeitskultur\/wp-json\/wp\/v2\/pages\/59\/revisions"}],"predecessor-version":[{"id":494,"href":"https:\/\/blogs.uni-paderborn.de\/nachhaltigkeitskultur\/wp-json\/wp\/v2\/pages\/59\/revisions\/494"}],"wp:attachment":[{"href":"https:\/\/blogs.uni-paderborn.de\/nachhaltigkeitskultur\/wp-json\/wp\/v2\/media?parent=59"}],"curies":[{"name":"wp","href":"https:\/\/api.w.org\/{rel}","templated":true}]}}

<div class="twoclick_social_bookmarks_post_59 social_share_privacy clearfix 1.6.4 locale-de_DE sprite-de_DE"></div><div class="twoclick-js"><script type="text/javascript">/* <![CDATA[ */
jQuery(document).ready(function($){if($('.twoclick_social_bookmarks_post_59')){$('.twoclick_social_bookmarks_post_59').socialSharePrivacy({"txt_help":"Wenn Sie diese Felder durch einen Klick aktivieren, werden Informationen an Facebook, Twitter, Flattr, Xing, t3n, LinkedIn, Pinterest oder Google eventuell ins Ausland \u00fcbertragen und unter Umst\u00e4nden auch dort gespeichert. N\u00e4heres erfahren Sie durch einen Klick auf das <em>i<\/em>.","settings_perma":"Dauerhaft aktivieren und Daten\u00fcber-tragung zustimmen:","info_link":"http:\/\/www.heise.de\/ct\/artikel\/2-Klicks-fuer-mehr-Datenschutz-1333879.html","uri":"https:\/\/blogs.uni-paderborn.de\/nachhaltigkeitskultur\/kooperationspartner\/","post_id":59,"post_title_referrer_track":"Wer+macht+mit%3F","display_infobox":"on"});}});
/* ]]> */</script></div>
<p><strong>Projektleitung (Project Management</strong>)<br><a href="https://www.uni-paderborn.de/person/58896">Prof.in Dr.in Beate Flath </a></p>



<p><strong>Mitarbeitende</strong> <strong>(Employees)</strong><br><a href="https://www.uni-paderborn.de/person/81733">Katharina Schmecht</a><br><a href="https://www.uni-paderborn.de/person/75546">Alyssia Schröder</a><br></p>



<p><strong>Verbundspartner</strong> <strong>(Associated Partner)</strong><br><a href="https://www.schlosspark-paderborn.de">Schlosspark und Lippesee GmbH </a><br><br><a href="https://www.schlosspark-paderborn.de/Wissenswertes/Kontakt/">Christian Stork <br>Sascha Riehl<br>Julian Burkert </a></p>



<p><strong>Assoziierte Projektpartner*innen</strong> <strong>(Associated Project Partners)</strong><br><a href="https://www.carnival-bielefeld.de">Carnival der Kulturen Bielefeld </a><br><a href="https://www.paderborn.de/tourismus-kultur/index.php">Kulturamt Paderborn </a><br><a href="https://kulturbuero-owl.de">Kulturbüro OWL</a> <br><a href="https://www.kulturvereinigung-owl.de">Kulturvereinigung OWL </a><br><a href="https://diekuppel.de">Kuppel Paderborn e. V.</a><br><a href="https://nurguteleute.de">nurguteleute Kreativbüro </a><br><a href="https://orangeblossomspecial.de">Orange Blossom Special Festival (OBS) </a><br><a href="https://www.ostwestfalenlippe.de/owl-gmbh/owl-kulturbuero/">OWL Kulturbüro</a> <br><a href="https://www.sound-linear.de">Sound Linear</a><br><a href="https://www.liveinitiative.nrw">Verband der Clubs und Veranstalter in NRW e. V. (LINA) </a><br><a href="https://www.wohlsein-pb.de">Wohlsein GmbH</a></p>



<p></p>



<figure class="wp-block-image size-large is-resized"><img loading="lazy" decoding="async" width="768" height="1024" src="https://blogs.uni-paderborn.de/nachhaltigkeitskultur/files/2024/06/IMG_5991-768x1024.jpeg" alt="" class="wp-image-72" style="aspect-ratio:1;object-fit:cover;width:750px;height:auto" srcset="https://blogs.uni-paderborn.de/nachhaltigkeitskultur/files/2024/06/IMG_5991-768x1024.jpeg 768w, https://blogs.uni-paderborn.de/nachhaltigkeitskultur/files/2024/06/IMG_5991-225x300.jpeg 225w, https://blogs.uni-paderborn.de/nachhaltigkeitskultur/files/2024/06/IMG_5991-1152x1536.jpeg 1152w, https://blogs.uni-paderborn.de/nachhaltigkeitskultur/files/2024/06/IMG_5991-1536x2048.jpeg 1536w, https://blogs.uni-paderborn.de/nachhaltigkeitskultur/files/2024/06/IMG_5991-scaled.jpeg 1920w" sizes="auto, (max-width: 768px) 100vw, 768px" /><figcaption class="wp-element-caption">Von links oben: Katharina Schmecht, Sascha Riehl, Max Zindel, Christian Stork, Rembert Stiewe, Prof.in Dr.in Beate Flath, Philipp Kersting, Carsten Hormes, Olly Thiele. Zweite Reihe von links: Alyssia Schröder, Antonia Schwarze, Frieda Wieczorek, Carola Pense, Kai Greupner, Olaf Menne, Katrin Krieger. Vorne von links: Anne Bittner, Jana Duda // Foto: Maryam Momen Pour Tafreshi</figcaption></figure>



<p>Die Studie NachhaltigkeitsKultur OWL wird von der Europäischen Union mitfinanziert.&nbsp;</p>

<p>Projektleitung (Project Management)Prof.in Dr.in Beate Flath Mitarbeitende (Employees)Katharina SchmechtAlyssia Schröder Verbundspartner (Associated Partner)Schlosspark und Lippesee GmbH Christian Stork Sascha RiehlJulian Burkert Assoziierte Projektpartner*innen (Associated Project Partners)Carnival der Kulturen Bielefeld Kulturamt Paderborn Kulturbüro OWL Kulturvereinigung OWL Kuppel Paderborn e. V.nurguteleute Kreativbüro Orange Blossom Special Festival (OBS) OWL Kulturbüro Sound LinearVerband der Clubs und Veranstalter in NRW &hellip; <a href="https://blogs.uni-paderborn.de/nachhaltigkeitskultur/kooperationspartner/" class="more-link"><span class="screen-reader-text">Wer macht mit?</span> weiterlesen</a></p>
