{"id":359,"date":"2025-04-08T08:31:27","date_gmt":"2025-04-08T06:31:27","guid":{"rendered":"https:\/\/blogs.uni-paderborn.de\/nachhaltigkeitskultur\/?page_id=359"},"modified":"2025-05-27T09:59:30","modified_gmt":"2025-05-27T07:59:30","slug":"camping","status":"publish","type":"page","link":"https:\/\/blogs.uni-paderborn.de\/nachhaltigkeitskultur\/good-practice-beispiele\/camping\/","title":{"rendered":"Camping"},"content":{"rendered":"<div class=\"twoclick_social_bookmarks_post_359 social_share_privacy clearfix 1.6.4 locale-de_DE sprite-de_DE\"><\/div><div class=\"twoclick-js\"><script type=\"text\/javascript\">\/* <![CDATA[ *\/\njQuery(document).ready(function($){if($('.twoclick_social_bookmarks_post_359')){$('.twoclick_social_bookmarks_post_359').socialSharePrivacy({\"txt_help\":\"Wenn Sie diese Felder durch einen Klick aktivieren, werden Informationen an Facebook, Twitter, Flattr, Xing, t3n, LinkedIn, Pinterest oder Google eventuell ins Ausland \\u00fcbertragen und unter Umst\\u00e4nden auch dort gespeichert. N\\u00e4heres erfahren Sie durch einen Klick auf das <em>i<\\\/em>.\",\"settings_perma\":\"Dauerhaft aktivieren und Daten\\u00fcber-tragung zustimmen:\",\"info_link\":\"http:\\\/\\\/www.heise.de\\\/ct\\\/artikel\\\/2-Klicks-fuer-mehr-Datenschutz-1333879.html\",\"uri\":\"https:\\\/\\\/blogs.uni-paderborn.de\\\/nachhaltigkeitskultur\\\/good-practice-beispiele\\\/camping\\\/\",\"post_id\":359,\"post_title_referrer_track\":\"Camping\",\"display_infobox\":\"on\"});}});\n\/* ]]> *\/<\/script><\/div>\n<p>Bei Veranstaltungen, die \u00fcber einen Tag hinaus gehen, gibt es h\u00e4ufig die M\u00f6glichkeit zu Campen. Neben Naturschutz und M\u00fcllentsorgung sind auch bspw. Zug\u00e4nglichkeit und Recycling Themen rund ums Camping, bei denen der Nachhaltigkeitsaspekt eine gro\u00dfe Rolle spielen kann. <\/p>\n\n\n<div class=\"wp-block-image\">\n<figure class=\"aligncenter size-full is-resized\"><img loading=\"lazy\" decoding=\"async\" width=\"541\" height=\"493\" src=\"https:\/\/blogs.uni-paderborn.de\/nachhaltigkeitskultur\/files\/2025\/05\/Campingplatz.png\" alt=\"\" class=\"wp-image-667\" style=\"width:451px;height:auto\" srcset=\"https:\/\/blogs.uni-paderborn.de\/nachhaltigkeitskultur\/files\/2025\/05\/Campingplatz.png 541w, https:\/\/blogs.uni-paderborn.de\/nachhaltigkeitskultur\/files\/2025\/05\/Campingplatz-300x273.png 300w\" sizes=\"auto, (max-width: 541px) 100vw, 541px\" \/><\/figure>\n<\/div>\n\n\n<p><\/p>\n\n\n\n<ul class=\"wp-block-list\">\n<li><strong>Genug M\u00fcllsammelstellen und M\u00fcllpfand \ud83d\udfe9 <\/strong><br><strong><br><\/strong>[weitere Infos: s. <a href=\"https:\/\/blogs.uni-paderborn.de\/nachhaltigkeitskultur\/good-practice-beispiele\/abfallmanagement\/\">Abfallmanagement<\/a>]<br><br><\/li>\n\n\n\n<li><strong>Naturschutz und Umweltbeachtung (Erholung von Wiesen etc.) \ud83d\udfe9 \ud83d\udfea <\/strong><br><br><br>Festival \u2013 <a href=\"https:\/\/www.glastonburyfestivals.co.uk\/info\/#sustainability--our-green-policies\">Glastonbury<\/a> (\u201efallow year\u201c: Erholung des Gel\u00e4ndes durch Aussetzen des Festivals f\u00fcr ein Jahr)<br><br>Festival \u2013 <a href=\"https:\/\/www.rockambeckenrand.de\/festival\/abc\">Rock am Beckenrand<\/a> (Landschaftsschutzgebiet, Kooperation mit BUND)<br><br>Veranstalter \u2013 <a href=\"https:\/\/www.schlosspark-paderborn.de\/\">Schlosspark und Lippesee Gesellschaft mbH<\/a> (Zusammenarbeit mit ortsans\u00e4ssigem Gr\u00fcnfl\u00e4chenamt)<em><br><\/em><br><\/li>\n\n\n\n<li><strong>\u201eLeave-No-Trace\u201c<span style=\"color: #5da21c\"> \ud83d\udfe9<\/span> <\/strong><br><br>Festival \u2013 <a href=\"https:\/\/www.afrikaburn.org\/about\/our-guiding-principles\/\">Afrika Burn<\/a><br><br>Festival \u2013 <a href=\"https:\/\/burningman.org\/about\/about-us\/sustainability\/\">Burning Man<\/a> (Aufruf, keine Spuren auf dem Gel\u00e4nde zu hinterlassen)<br><br>Festival \u2013 <a href=\"https:\/\/echoesofearth.com\/\">Echoes of Earth<\/a><br><br>Festival \u2013 <a href=\"https:\/\/www.glastonburyfestivals.co.uk\/info\/#sustainability--our-green-policies\">Glastonbury<\/a><br><br><\/li>\n\n\n\n<li><strong>Verleih f\u00fcr Ausr\u00fcstung (regelm\u00e4\u00dfige Wartung, soziales Preisangebot) \ud83d\udfe9 \ud83d\udfe8<\/strong><br><br>Festival \u2013 <a href=\"https:\/\/www.open-flair.de\/info\">Open Flair<\/a> (mobile Batterieboxen zum Verleih, Zelte und Zubeh\u00f6r zur Miete \u201emein-Zelt-steht-schon\u201c)<br><br>Festival \u2013 <a href=\"https:\/\/www.wurzelfestival.de\/infos\/rund-ums-festival-faq\/\">Zur\u00fcck zu den Wurzeln<\/a> (Campingausr\u00fcstung zur Miete)<em><br><\/em><br><\/li>\n\n\n\n<li><strong>Barrierefreiheit ber\u00fccksichtigen \ud83d\udfe8 <\/strong><br><br>Festival \u2013 <a href=\"https:\/\/www.wurzelfestival.de\/infos\/rund-ums-festival-faq\/\">Zur\u00fcck zu den Wurzeln<\/a> (diverse Hilfsangebote f\u00fcr barrierefreies Camping)<br><br>[weitere Infos s. <a href=\"https:\/\/blogs.uni-paderborn.de\/nachhaltigkeitskultur\/good-practice-beispiele\/barrierefreiheit-zugaenglichkeit-inklusion\/\">Barrierefreiheit &#8211; Zug\u00e4nglichkeit &#8211; Inklusion<\/a>]<em><br><\/em><br><\/li>\n\n\n\n<li><strong>Spendenm\u00f6glichkeiten anbieten \ud83d\udfe8 <\/strong>\ud83d\udfe9<br><br>Festival \u2013 <a href=\"https:\/\/www.green-juice.de\/nachhaltigkeit\/\">Green Juice<\/a> (M\u00f6glichkeit zur Spende von gebrauchtem Camping-Equipment f\u00fcr Bed\u00fcrftige)<br><\/li>\n<\/ul>\n\n\n\n<hr class=\"wp-block-separator has-alpha-channel-opacity is-style-default\" \/>\n\n\n\n<p class=\"has-text-color has-link-color wp-elements-55e4e73c579048fa88c25f79f60127e8\" style=\"color:#5da21c\"><\/p>\n\n\n\n<div class=\"wp-block-group is-vertical is-content-justification-center is-layout-flex wp-container-core-group-is-layout-4b2eccd6 wp-block-group-is-layout-flex\">\n<p>Die verschiedenen Aspekte von Nachhaltigkeit sind mit folgenden Farben markiert: <\/p>\n\n\n\n<p class=\"has-text-color has-link-color wp-elements-b48eb7cb1454663384e8899bb207e09f\" style=\"color:#5da21c\"><strong>\u00d6kologisch <\/strong>\ud83d\udfe9<\/p>\n\n\n\n<p class=\"has-text-color has-link-color wp-elements-b2bb20cf63b8c2ce379d20c7afa7cff0\" style=\"color:#3983ea\"><strong>\u00d6konomisch <\/strong>\ud83d\udfe6<\/p>\n\n\n\n<p class=\"has-yellow-color has-text-color has-link-color wp-elements-a1fb50dd221ed44d61af5688488a34f3\"><strong>Sozial <\/strong>\ud83d\udfe8<\/p>\n\n\n\n<p class=\"has-text-color has-link-color wp-elements-058bcd20b9a894dce01fbdc017cdaf82\" style=\"color:#d183fb\"><strong>Kulturell <\/strong>\ud83d\udfea<\/p>\n<\/div>\n\n\n\n<p class=\"has-text-color has-link-color wp-elements-c8b88da8d80cb0e0991a2fc3cdfdbd0b\" style=\"color:#d183fb\"><\/p>\n","protected":false},"excerpt":{"rendered":"<p>Bei Veranstaltungen, die \u00fcber einen Tag hinaus gehen, gibt es h\u00e4ufig die M\u00f6glichkeit zu Campen. Neben Naturschutz und M\u00fcllentsorgung sind auch bspw. Zug\u00e4nglichkeit und Recycling Themen rund ums Camping, bei denen der Nachhaltigkeitsaspekt eine gro\u00dfe Rolle spielen kann. Die verschiedenen Aspekte von Nachhaltigkeit sind mit folgenden Farben markiert: \u00d6kologisch \ud83d\udfe9 \u00d6konomisch \ud83d\udfe6 Sozial \ud83d\udfe8 Kulturell &hellip; <a href=\"https:\/\/blogs.uni-paderborn.de\/nachhaltigkeitskultur\/good-practice-beispiele\/camping\/\" class=\"more-link\"><span class=\"screen-reader-text\">Camping<\/span> weiterlesen<\/a><\/p>\n","protected":false},"author":9494,"featured_media":0,"parent":197,"menu_order":0,"comment_status":"closed","ping_status":"closed","template":"","meta":{"footnotes":""},"class_list":["post-359","page","type-page","status-publish","hentry"],"_links":{"self":[{"href":"https:\/\/blogs.uni-paderborn.de\/nachhaltigkeitskultur\/wp-json\/wp\/v2\/pages\/359","targetHints":{"allow":["GET"]}}],"collection":[{"href":"https:\/\/blogs.uni-paderborn.de\/nachhaltigkeitskultur\/wp-json\/wp\/v2\/pages"}],"about":[{"href":"https:\/\/blogs.uni-paderborn.de\/nachhaltigkeitskultur\/wp-json\/wp\/v2\/types\/page"}],"author":[{"embeddable":true,"href":"https:\/\/blogs.uni-paderborn.de\/nachhaltigkeitskultur\/wp-json\/wp\/v2\/users\/9494"}],"replies":[{"embeddable":true,"href":"https:\/\/blogs.uni-paderborn.de\/nachhaltigkeitskultur\/wp-json\/wp\/v2\/comments?post=359"}],"version-history":[{"count":22,"href":"https:\/\/blogs.uni-paderborn.de\/nachhaltigkeitskultur\/wp-json\/wp\/v2\/pages\/359\/revisions"}],"predecessor-version":[{"id":688,"href":"https:\/\/blogs.uni-paderborn.de\/nachhaltigkeitskultur\/wp-json\/wp\/v2\/pages\/359\/revisions\/688"}],"up":[{"embeddable":true,"href":"https:\/\/blogs.uni-paderborn.de\/nachhaltigkeitskultur\/wp-json\/wp\/v2\/pages\/197"}],"wp:attachment":[{"href":"https:\/\/blogs.uni-paderborn.de\/nachhaltigkeitskultur\/wp-json\/wp\/v2\/media?parent=359"}],"curies":[{"name":"wp","href":"https:\/\/api.w.org\/{rel}","templated":true}]}}

<div class="twoclick_social_bookmarks_post_359 social_share_privacy clearfix 1.6.4 locale-de_DE sprite-de_DE"></div><div class="twoclick-js"><script type="text/javascript">/* <![CDATA[ */
jQuery(document).ready(function($){if($('.twoclick_social_bookmarks_post_359')){$('.twoclick_social_bookmarks_post_359').socialSharePrivacy({"txt_help":"Wenn Sie diese Felder durch einen Klick aktivieren, werden Informationen an Facebook, Twitter, Flattr, Xing, t3n, LinkedIn, Pinterest oder Google eventuell ins Ausland \u00fcbertragen und unter Umst\u00e4nden auch dort gespeichert. N\u00e4heres erfahren Sie durch einen Klick auf das <em>i<\/em>.","settings_perma":"Dauerhaft aktivieren und Daten\u00fcber-tragung zustimmen:","info_link":"http:\/\/www.heise.de\/ct\/artikel\/2-Klicks-fuer-mehr-Datenschutz-1333879.html","uri":"https:\/\/blogs.uni-paderborn.de\/nachhaltigkeitskultur\/good-practice-beispiele\/camping\/","post_id":359,"post_title_referrer_track":"Camping","display_infobox":"on"});}});
/* ]]> */</script></div>
<p>Bei Veranstaltungen, die über einen Tag hinaus gehen, gibt es häufig die Möglichkeit zu Campen. Neben Naturschutz und Müllentsorgung sind auch bspw. Zugänglichkeit und Recycling Themen rund ums Camping, bei denen der Nachhaltigkeitsaspekt eine große Rolle spielen kann. </p>


<div class="wp-block-image">
<figure class="aligncenter size-full is-resized"><img loading="lazy" decoding="async" width="541" height="493" src="https://blogs.uni-paderborn.de/nachhaltigkeitskultur/files/2025/05/Campingplatz.png" alt="" class="wp-image-667" style="width:451px;height:auto" srcset="https://blogs.uni-paderborn.de/nachhaltigkeitskultur/files/2025/05/Campingplatz.png 541w, https://blogs.uni-paderborn.de/nachhaltigkeitskultur/files/2025/05/Campingplatz-300x273.png 300w" sizes="auto, (max-width: 541px) 100vw, 541px" /></figure>
</div>


<p></p>



<ul class="wp-block-list">
<li><strong>Genug Müllsammelstellen und Müllpfand 🟩 </strong><br><strong><br></strong>[weitere Infos: s. <a href="https://blogs.uni-paderborn.de/nachhaltigkeitskultur/good-practice-beispiele/abfallmanagement/">Abfallmanagement</a>]<br><br></li>



<li><strong>Naturschutz und Umweltbeachtung (Erholung von Wiesen etc.) 🟩 🟪 </strong><br><br><br>Festival – <a href="https://www.glastonburyfestivals.co.uk/info/#sustainability--our-green-policies">Glastonbury</a> („fallow year“: Erholung des Geländes durch Aussetzen des Festivals für ein Jahr)<br><br>Festival – <a href="https://www.rockambeckenrand.de/festival/abc">Rock am Beckenrand</a> (Landschaftsschutzgebiet, Kooperation mit BUND)<br><br>Veranstalter – <a href="https://www.schlosspark-paderborn.de/">Schlosspark und Lippesee Gesellschaft mbH</a> (Zusammenarbeit mit ortsansässigem Grünflächenamt)<em><br></em><br></li>



<li><strong>„Leave-No-Trace“<span style="color: #5da21c"> 🟩</span> </strong><br><br>Festival – <a href="https://www.afrikaburn.org/about/our-guiding-principles/">Afrika Burn</a><br><br>Festival – <a href="https://burningman.org/about/about-us/sustainability/">Burning Man</a> (Aufruf, keine Spuren auf dem Gelände zu hinterlassen)<br><br>Festival – <a href="https://echoesofearth.com/">Echoes of Earth</a><br><br>Festival – <a href="https://www.glastonburyfestivals.co.uk/info/#sustainability--our-green-policies">Glastonbury</a><br><br></li>



<li><strong>Verleih für Ausrüstung (regelmäßige Wartung, soziales Preisangebot) 🟩 🟨</strong><br><br>Festival – <a href="https://www.open-flair.de/info">Open Flair</a> (mobile Batterieboxen zum Verleih, Zelte und Zubehör zur Miete „mein-Zelt-steht-schon“)<br><br>Festival – <a href="https://www.wurzelfestival.de/infos/rund-ums-festival-faq/">Zurück zu den Wurzeln</a> (Campingausrüstung zur Miete)<em><br></em><br></li>



<li><strong>Barrierefreiheit berücksichtigen 🟨 </strong><br><br>Festival – <a href="https://www.wurzelfestival.de/infos/rund-ums-festival-faq/">Zurück zu den Wurzeln</a> (diverse Hilfsangebote für barrierefreies Camping)<br><br>[weitere Infos s. <a href="https://blogs.uni-paderborn.de/nachhaltigkeitskultur/good-practice-beispiele/barrierefreiheit-zugaenglichkeit-inklusion/">Barrierefreiheit &#8211; Zugänglichkeit &#8211; Inklusion</a>]<em><br></em><br></li>



<li><strong>Spendenmöglichkeiten anbieten 🟨 </strong>🟩<br><br>Festival – <a href="https://www.green-juice.de/nachhaltigkeit/">Green Juice</a> (Möglichkeit zur Spende von gebrauchtem Camping-Equipment für Bedürftige)<br></li>
</ul>



<hr class="wp-block-separator has-alpha-channel-opacity is-style-default" />



<p class="has-text-color has-link-color wp-elements-55e4e73c579048fa88c25f79f60127e8" style="color:#5da21c"></p>



<div class="wp-block-group is-vertical is-content-justification-center is-layout-flex wp-container-core-group-is-layout-4b2eccd6 wp-block-group-is-layout-flex">
<p>Die verschiedenen Aspekte von Nachhaltigkeit sind mit folgenden Farben markiert: </p>



<p class="has-text-color has-link-color wp-elements-b48eb7cb1454663384e8899bb207e09f" style="color:#5da21c"><strong>Ökologisch </strong>🟩</p>



<p class="has-text-color has-link-color wp-elements-b2bb20cf63b8c2ce379d20c7afa7cff0" style="color:#3983ea"><strong>Ökonomisch </strong>🟦</p>



<p class="has-yellow-color has-text-color has-link-color wp-elements-a1fb50dd221ed44d61af5688488a34f3"><strong>Sozial </strong>🟨</p>



<p class="has-text-color has-link-color wp-elements-058bcd20b9a894dce01fbdc017cdaf82" style="color:#d183fb"><strong>Kulturell </strong>🟪</p>
</div>



<p class="has-text-color has-link-color wp-elements-c8b88da8d80cb0e0991a2fc3cdfdbd0b" style="color:#d183fb"></p>

<p>Bei Veranstaltungen, die über einen Tag hinaus gehen, gibt es häufig die Möglichkeit zu Campen. Neben Naturschutz und Müllentsorgung sind auch bspw. Zugänglichkeit und Recycling Themen rund ums Camping, bei denen der Nachhaltigkeitsaspekt eine große Rolle spielen kann. Die verschiedenen Aspekte von Nachhaltigkeit sind mit folgenden Farben markiert: Ökologisch 🟩 Ökonomisch 🟦 Sozial 🟨 Kulturell &hellip; <a href="https://blogs.uni-paderborn.de/nachhaltigkeitskultur/good-practice-beispiele/camping/" class="more-link"><span class="screen-reader-text">Camping</span> weiterlesen</a></p>
