{"id":352,"date":"2025-04-07T13:54:29","date_gmt":"2025-04-07T11:54:29","guid":{"rendered":"https:\/\/blogs.uni-paderborn.de\/nachhaltigkeitskultur\/?page_id=352"},"modified":"2025-05-27T09:52:47","modified_gmt":"2025-05-27T07:52:47","slug":"abfallmanagement","status":"publish","type":"page","link":"https:\/\/blogs.uni-paderborn.de\/nachhaltigkeitskultur\/good-practice-beispiele\/abfallmanagement\/","title":{"rendered":"Abfallmanagement"},"content":{"rendered":"<div class=\"twoclick_social_bookmarks_post_352 social_share_privacy clearfix 1.6.4 locale-de_DE sprite-de_DE\"><\/div><div class=\"twoclick-js\"><script type=\"text\/javascript\">\/* <![CDATA[ *\/\njQuery(document).ready(function($){if($('.twoclick_social_bookmarks_post_352')){$('.twoclick_social_bookmarks_post_352').socialSharePrivacy({\"txt_help\":\"Wenn Sie diese Felder durch einen Klick aktivieren, werden Informationen an Facebook, Twitter, Flattr, Xing, t3n, LinkedIn, Pinterest oder Google eventuell ins Ausland \\u00fcbertragen und unter Umst\\u00e4nden auch dort gespeichert. N\\u00e4heres erfahren Sie durch einen Klick auf das <em>i<\\\/em>.\",\"settings_perma\":\"Dauerhaft aktivieren und Daten\\u00fcber-tragung zustimmen:\",\"info_link\":\"http:\\\/\\\/www.heise.de\\\/ct\\\/artikel\\\/2-Klicks-fuer-mehr-Datenschutz-1333879.html\",\"uri\":\"https:\\\/\\\/blogs.uni-paderborn.de\\\/nachhaltigkeitskultur\\\/good-practice-beispiele\\\/abfallmanagement\\\/\",\"post_id\":352,\"post_title_referrer_track\":\"Abfallmanagement\",\"display_infobox\":\"on\"});}});\n\/* ]]> *\/<\/script><\/div>\n<p>Es l\u00e4sst sich kaum verhindern, dass bei einer Kulturveranstaltung Abfall entsteht. Deswegen ist es schon im Vorhinein wichtig, dass zun\u00e4chst so wenig Abfall wie m\u00f6glich erzeugt wird. Das, was sich nicht vermeiden l\u00e4sst, muss au\u00dferdem nachhaltig entsorgt werden.<\/p>\n\n\n\n<ul class=\"wp-block-list\">\n<li><strong>Abfallreduktion  <\/strong>\ud83d\udfe9<br><br>Beratung\/Vermittlung \u2013 <a href=\"https:\/\/www.trashgalore.de\/materialvermittlung\">TRASH GALORE<\/a> (Unterst\u00fctzung der Kreislaufwirtschaft, Begleitung von \u201eCircular Events\u201c)<br><em><br><\/em>Festival \u2013 <a href=\"https:\/\/burningman.org\/about\/about-us\/sustainability\/\">Burning Man<\/a> (Versuch der Abfallminimierung)<br><br>Festival \u2013 <a href=\"https:\/\/www.futur2festival.de\/konzept\">Futur 2 Festival<\/a> (M\u00fcllvermeidungskonzept: Kreislaufwirtschaft, Kompost, Recycling etc.)<br><br>Verpackungsdienstleister \u2013 <a href=\"https:\/\/www.papstar.com\/solutions\">PAPSTAR<\/a> (mit Bio-Konverter wird aus organischem Material biologisch abbaubares Einmalgeschirr hergestellt)<br><em><br><\/em>[f\u00fcr weitere Infos s. <a href=\"https:\/\/blogs.uni-paderborn.de\/nachhaltigkeitskultur\/good-practice-beispiele\/catering-verpflegung\/\" data-type=\"link\" data-id=\"https:\/\/blogs.uni-paderborn.de\/nachhaltigkeitskultur\/catering-verpflegung\/\">Catering\/Verpflegung: Mehrwegalternativen ff.<\/a>]<em><br><\/em><br><\/li>\n\n\n\n<li><strong>M\u00fclltrennung <strong> <\/strong>\ud83d\udfe9 <\/strong><br><br>Festival \u2013 <a href=\"https:\/\/www.pohodafestival.sk\/en\/ecology\">Pohoda<\/a> (mehrere Stationen zur M\u00fclltrennung auf dem Festivalgel\u00e4nde)<br><br>Festival \u2013 <a href=\"https:\/\/pulsopenair.de\/uber-uns\/\">Puls Open Air<\/a><br><br>Festival \u2013 <a href=\"https:\/\/www.rockambeckenrand.de\/festival\/abc\">Rock am Beckenrand<\/a><br><br>Festival \u2013 <a href=\"https:\/\/snntg.de\/\">SNNTG<\/a><br><br>Festival &#8211; <a href=\"https:\/\/www.tollwood.de\/mensch-und-umwelt\/festival-fuer-mensch-und-umwelt\/\">Tollwood<\/a><em><br><\/em><br><\/li>\n\n\n\n<li><strong>Recycling &amp; Upcycling\/Wiederverwertung<span style=\"color: #5da21c\"><strong>  <\/strong>\ud83d\udfe9<\/span> \ud83d\udfe6 <\/strong><br><br>Baumarkt \u2013 <a href=\"https:\/\/materialbuffet.de\/\">Material Buffet<\/a> (Second-Hand Baumarkt, Annahme und Vermittlung von Reststoffen bspw. f\u00fcr\/von Dekomaterial bei Veranstaltungen)<br><br>Beratung\/Vermittlung \u2013 <a href=\"https:\/\/www.trashgalore.de\/materialvermittlung\">TRASH GALORE<\/a> (Vermittlung und Annahme von Restmaterialien)<br><br>Festival \u2013 <a href=\"https:\/\/www.bush-fire.com\/bring-your-fire\/\">MTN Bushfire<\/a> (Recycling-Tonnen auf dem Gel\u00e4nde)<br><br>Festival \u2013 <a href=\"https:\/\/www.rockwerchter.be\/en\/info\/sustainability-report\">Rock Werchter<\/a> (Gr\u00fcner M\u00fcll von Artists\/Team\/VIP wird gesammelt und in Biogasanlage verwertet)<br><br>Initiative \u2013 <a href=\"https:\/\/www.musicdeclares.net\/\">Music Declares Emergency<\/a> (Inspiration zu Upcycling gesammelt in einem digitalen Toolkoffer zum Wissenstransfer)<br><br>Manufaktur &#8211; <a href=\"https:\/\/www.machart-manufaktur.de\/\">Machart<\/a> (Workshops zu Upcycling, Naturfarben etc.)<br><br>Verpackungsdienstleister \u2013 <a href=\"https:\/\/www.papstar.com\/solutions\">PAPSTAR<\/a> (organisierte Sammlung von eigenem Einwegmaterial zur Wiederverwertung zu anderen Produkten)<br><br>Veranstaltungstechnik \u2013 <a href=\"https:\/\/satis-fy.com\/nachhaltige-events\">Satis &amp; Fy<\/a> (Weiter- und Wiederverwendung des eingesetzten Materials)<br><em><br><\/em>[f\u00fcr weitere Infos s. <a href=\"https:\/\/blogs.uni-paderborn.de\/nachhaltigkeitskultur\/good-practice-beispiele\/buehne\/\">B\u00fchne: B\u00fchnenbau und Deko<\/a>]<em><br><\/em><br><\/li>\n\n\n\n<li><strong>Abfallmanagement-System  <\/strong>\ud83d\udfe9<br><br>Abfallmanagement \u2013 <a href=\"https:\/\/www.refood.de\/\">REFOOD<\/a> (sichere Entsorgung und Verwertung von Speiseresten, Frittierfetten und Fettabscheiderinhalten)<br><br>Veranstaltungstechnik \u2013 <a href=\"https:\/\/maurer-veranstaltungstechnik.de\/nachhaltigkeit\/\">Maurer<\/a> (M\u00fcllmanagement wird in Konzept miteingeplant)<br><br><\/li>\n\n\n\n<li><strong>Aufkl\u00e4rungsangebot zur korrekten M\u00fclltrennung  <\/strong>\ud83d\udfe9<br><br>Hotel \u2013 <a href=\"https:\/\/www.maritim.de\/fileadmin\/user_upload\/Hotels\/Dus\/PDF\/DUS_Flyer_Fact_Sheet_Green.pdf\">MARITIM Hotel D\u00fcsseldorf<\/a> (Schulungen f\u00fcr Mitarbeitende im Bereich Abfallentsorgung)<em><br><\/em><br><\/li>\n\n\n\n<li><strong>M\u00fcllpfand <strong> <\/strong>\ud83d\udfe9 <\/strong><br><em><br><\/em>Festival \u2013 <a href=\"https:\/\/www.open-flair.de\/info\">Open Flair<\/a> (M\u00fcll- und M\u00f6belpfand zur Ermutigung, den eigenen M\u00fcll auch wirklich zu entsorgen)<br><br>Festival \u2013 <a href=\"https:\/\/snntg.de\/\">SNNTG<\/a> (Pfand ausschlie\u00dflich f\u00fcr Restm\u00fcll, ansonsten Trennstationen)<em><br><\/em><br><\/li>\n\n\n\n<li><strong>Kronkorken sammeln\/spenden <strong> <\/strong>\ud83d\udfe9 <\/strong><br><br>Festival &#8211; <a href=\"https:\/\/orangeblossomspecial.de\/nachhaltigkeit\/\">Orange Blossom Special<\/a> (Kronkorken werden zentral gesammelt und sp\u00e4ter gespendet)<br><br>Spendenprojekt \u2013 <a href=\"https:\/\/medecon.ruhr\/2019\/07\/500-deckel-fuer-ein-leben-ohne-kinderlaehmung\/\">500 Deckel f\u00fcr eine Impfung<\/a> (Sammlung und Weitervermittlung von Deckeln im Austausch f\u00fcr Impfungen gegen Polio f\u00fcr Bed\u00fcrftige)<em><br><\/em><br><\/li>\n\n\n\n<li><strong>Verteilung von Taschenaschenbecher \/ Sammlung von Rauchresten  <\/strong>\ud83d\udfe9<br><br>Abfallmanagement-System \u2013 <a href=\"https:\/\/tobacycle.de\/\">TobaCycle<\/a> (separate Sammlung und Entsorgung von Rauchresten, Angebot von Taschenaschenbechern, f\u00fcr dritte Orte)<em><br><\/em><br>Festival \u2013 <a href=\"https:\/\/orangeblossomspecial.de\/nachhaltigkeit\/\">Orange Blossom Special<\/a> (separate Sammlung von Zigarettenstummeln)<br><br>Festival \u2013 <a href=\"https:\/\/www.wurzelfestival.de\/infos\/rund-ums-festival-faq\/\">Zur\u00fcck zu den Wurzeln<\/a> (kostenfreie Taschenaschenbecher zur Sammlung von Zigarettenstummeln, um Verschmutzung zu vermeiden)<br><br><\/li>\n\n\n\n<li><strong>ausreichend Sammelstellen anbieten  <\/strong>\ud83d\udfe9<\/li>\n<\/ul>\n\n\n\n<hr class=\"wp-block-separator has-alpha-channel-opacity is-style-default\" \/>\n\n\n\n<div class=\"wp-block-group is-vertical is-content-justification-center is-layout-flex wp-container-core-group-is-layout-4b2eccd6 wp-block-group-is-layout-flex\">\n<p>Die verschiedenen Aspekte von Nachhaltigkeit sind mit folgenden Farben markiert: <\/p>\n\n\n\n<p class=\"has-text-color has-link-color wp-elements-b48eb7cb1454663384e8899bb207e09f\" style=\"color:#5da21c\"><strong>\u00d6kologisch <\/strong>\ud83d\udfe9<\/p>\n\n\n\n<p class=\"has-text-color has-link-color wp-elements-b2bb20cf63b8c2ce379d20c7afa7cff0\" style=\"color:#3983ea\"><strong>\u00d6konomisch <\/strong>\ud83d\udfe6<\/p>\n\n\n\n<p class=\"has-yellow-color has-text-color has-link-color wp-elements-a1fb50dd221ed44d61af5688488a34f3\"><strong>Sozial <\/strong>\ud83d\udfe8<\/p>\n\n\n\n<p class=\"has-text-color has-link-color wp-elements-058bcd20b9a894dce01fbdc017cdaf82\" style=\"color:#d183fb\"><strong>Kulturell <\/strong>\ud83d\udfea<\/p>\n<\/div>\n\n\n\n<p><\/p>\n","protected":false},"excerpt":{"rendered":"<p>Es l\u00e4sst sich kaum verhindern, dass bei einer Kulturveranstaltung Abfall entsteht. Deswegen ist es schon im Vorhinein wichtig, dass zun\u00e4chst so wenig Abfall wie m\u00f6glich erzeugt wird. Das, was sich nicht vermeiden l\u00e4sst, muss au\u00dferdem nachhaltig entsorgt werden. Die verschiedenen Aspekte von Nachhaltigkeit sind mit folgenden Farben markiert: \u00d6kologisch \ud83d\udfe9 \u00d6konomisch \ud83d\udfe6 Sozial \ud83d\udfe8 Kulturell &hellip; <a href=\"https:\/\/blogs.uni-paderborn.de\/nachhaltigkeitskultur\/good-practice-beispiele\/abfallmanagement\/\" class=\"more-link\"><span class=\"screen-reader-text\">Abfallmanagement<\/span> weiterlesen<\/a><\/p>\n","protected":false},"author":9494,"featured_media":0,"parent":197,"menu_order":0,"comment_status":"closed","ping_status":"closed","template":"","meta":{"footnotes":""},"class_list":["post-352","page","type-page","status-publish","hentry"],"_links":{"self":[{"href":"https:\/\/blogs.uni-paderborn.de\/nachhaltigkeitskultur\/wp-json\/wp\/v2\/pages\/352","targetHints":{"allow":["GET"]}}],"collection":[{"href":"https:\/\/blogs.uni-paderborn.de\/nachhaltigkeitskultur\/wp-json\/wp\/v2\/pages"}],"about":[{"href":"https:\/\/blogs.uni-paderborn.de\/nachhaltigkeitskultur\/wp-json\/wp\/v2\/types\/page"}],"author":[{"embeddable":true,"href":"https:\/\/blogs.uni-paderborn.de\/nachhaltigkeitskultur\/wp-json\/wp\/v2\/users\/9494"}],"replies":[{"embeddable":true,"href":"https:\/\/blogs.uni-paderborn.de\/nachhaltigkeitskultur\/wp-json\/wp\/v2\/comments?post=352"}],"version-history":[{"count":20,"href":"https:\/\/blogs.uni-paderborn.de\/nachhaltigkeitskultur\/wp-json\/wp\/v2\/pages\/352\/revisions"}],"predecessor-version":[{"id":681,"href":"https:\/\/blogs.uni-paderborn.de\/nachhaltigkeitskultur\/wp-json\/wp\/v2\/pages\/352\/revisions\/681"}],"up":[{"embeddable":true,"href":"https:\/\/blogs.uni-paderborn.de\/nachhaltigkeitskultur\/wp-json\/wp\/v2\/pages\/197"}],"wp:attachment":[{"href":"https:\/\/blogs.uni-paderborn.de\/nachhaltigkeitskultur\/wp-json\/wp\/v2\/media?parent=352"}],"curies":[{"name":"wp","href":"https:\/\/api.w.org\/{rel}","templated":true}]}}

<div class="twoclick_social_bookmarks_post_352 social_share_privacy clearfix 1.6.4 locale-de_DE sprite-de_DE"></div><div class="twoclick-js"><script type="text/javascript">/* <![CDATA[ */
jQuery(document).ready(function($){if($('.twoclick_social_bookmarks_post_352')){$('.twoclick_social_bookmarks_post_352').socialSharePrivacy({"txt_help":"Wenn Sie diese Felder durch einen Klick aktivieren, werden Informationen an Facebook, Twitter, Flattr, Xing, t3n, LinkedIn, Pinterest oder Google eventuell ins Ausland \u00fcbertragen und unter Umst\u00e4nden auch dort gespeichert. N\u00e4heres erfahren Sie durch einen Klick auf das <em>i<\/em>.","settings_perma":"Dauerhaft aktivieren und Daten\u00fcber-tragung zustimmen:","info_link":"http:\/\/www.heise.de\/ct\/artikel\/2-Klicks-fuer-mehr-Datenschutz-1333879.html","uri":"https:\/\/blogs.uni-paderborn.de\/nachhaltigkeitskultur\/good-practice-beispiele\/abfallmanagement\/","post_id":352,"post_title_referrer_track":"Abfallmanagement","display_infobox":"on"});}});
/* ]]> */</script></div>
<p>Es lässt sich kaum verhindern, dass bei einer Kulturveranstaltung Abfall entsteht. Deswegen ist es schon im Vorhinein wichtig, dass zunächst so wenig Abfall wie möglich erzeugt wird. Das, was sich nicht vermeiden lässt, muss außerdem nachhaltig entsorgt werden.</p>



<ul class="wp-block-list">
<li><strong>Abfallreduktion  </strong>🟩<br><br>Beratung/Vermittlung – <a href="https://www.trashgalore.de/materialvermittlung">TRASH GALORE</a> (Unterstützung der Kreislaufwirtschaft, Begleitung von „Circular Events“)<br><em><br></em>Festival – <a href="https://burningman.org/about/about-us/sustainability/">Burning Man</a> (Versuch der Abfallminimierung)<br><br>Festival – <a href="https://www.futur2festival.de/konzept">Futur 2 Festival</a> (Müllvermeidungskonzept: Kreislaufwirtschaft, Kompost, Recycling etc.)<br><br>Verpackungsdienstleister – <a href="https://www.papstar.com/solutions">PAPSTAR</a> (mit Bio-Konverter wird aus organischem Material biologisch abbaubares Einmalgeschirr hergestellt)<br><em><br></em>[für weitere Infos s. <a href="https://blogs.uni-paderborn.de/nachhaltigkeitskultur/good-practice-beispiele/catering-verpflegung/" data-type="link" data-id="https://blogs.uni-paderborn.de/nachhaltigkeitskultur/catering-verpflegung/">Catering/Verpflegung: Mehrwegalternativen ff.</a>]<em><br></em><br></li>



<li><strong>Mülltrennung <strong> </strong>🟩 </strong><br><br>Festival – <a href="https://www.pohodafestival.sk/en/ecology">Pohoda</a> (mehrere Stationen zur Mülltrennung auf dem Festivalgelände)<br><br>Festival – <a href="https://pulsopenair.de/uber-uns/">Puls Open Air</a><br><br>Festival – <a href="https://www.rockambeckenrand.de/festival/abc">Rock am Beckenrand</a><br><br>Festival – <a href="https://snntg.de/">SNNTG</a><br><br>Festival &#8211; <a href="https://www.tollwood.de/mensch-und-umwelt/festival-fuer-mensch-und-umwelt/">Tollwood</a><em><br></em><br></li>



<li><strong>Recycling &amp; Upcycling/Wiederverwertung<span style="color: #5da21c"><strong>  </strong>🟩</span> 🟦 </strong><br><br>Baumarkt – <a href="https://materialbuffet.de/">Material Buffet</a> (Second-Hand Baumarkt, Annahme und Vermittlung von Reststoffen bspw. für/von Dekomaterial bei Veranstaltungen)<br><br>Beratung/Vermittlung – <a href="https://www.trashgalore.de/materialvermittlung">TRASH GALORE</a> (Vermittlung und Annahme von Restmaterialien)<br><br>Festival – <a href="https://www.bush-fire.com/bring-your-fire/">MTN Bushfire</a> (Recycling-Tonnen auf dem Gelände)<br><br>Festival – <a href="https://www.rockwerchter.be/en/info/sustainability-report">Rock Werchter</a> (Grüner Müll von Artists/Team/VIP wird gesammelt und in Biogasanlage verwertet)<br><br>Initiative – <a href="https://www.musicdeclares.net/">Music Declares Emergency</a> (Inspiration zu Upcycling gesammelt in einem digitalen Toolkoffer zum Wissenstransfer)<br><br>Manufaktur &#8211; <a href="https://www.machart-manufaktur.de/">Machart</a> (Workshops zu Upcycling, Naturfarben etc.)<br><br>Verpackungsdienstleister – <a href="https://www.papstar.com/solutions">PAPSTAR</a> (organisierte Sammlung von eigenem Einwegmaterial zur Wiederverwertung zu anderen Produkten)<br><br>Veranstaltungstechnik – <a href="https://satis-fy.com/nachhaltige-events">Satis &amp; Fy</a> (Weiter- und Wiederverwendung des eingesetzten Materials)<br><em><br></em>[für weitere Infos s. <a href="https://blogs.uni-paderborn.de/nachhaltigkeitskultur/good-practice-beispiele/buehne/">Bühne: Bühnenbau und Deko</a>]<em><br></em><br></li>



<li><strong>Abfallmanagement-System  </strong>🟩<br><br>Abfallmanagement – <a href="https://www.refood.de/">REFOOD</a> (sichere Entsorgung und Verwertung von Speiseresten, Frittierfetten und Fettabscheiderinhalten)<br><br>Veranstaltungstechnik – <a href="https://maurer-veranstaltungstechnik.de/nachhaltigkeit/">Maurer</a> (Müllmanagement wird in Konzept miteingeplant)<br><br></li>



<li><strong>Aufklärungsangebot zur korrekten Mülltrennung  </strong>🟩<br><br>Hotel – <a href="https://www.maritim.de/fileadmin/user_upload/Hotels/Dus/PDF/DUS_Flyer_Fact_Sheet_Green.pdf">MARITIM Hotel Düsseldorf</a> (Schulungen für Mitarbeitende im Bereich Abfallentsorgung)<em><br></em><br></li>



<li><strong>Müllpfand <strong> </strong>🟩 </strong><br><em><br></em>Festival – <a href="https://www.open-flair.de/info">Open Flair</a> (Müll- und Möbelpfand zur Ermutigung, den eigenen Müll auch wirklich zu entsorgen)<br><br>Festival – <a href="https://snntg.de/">SNNTG</a> (Pfand ausschließlich für Restmüll, ansonsten Trennstationen)<em><br></em><br></li>



<li><strong>Kronkorken sammeln/spenden <strong> </strong>🟩 </strong><br><br>Festival &#8211; <a href="https://orangeblossomspecial.de/nachhaltigkeit/">Orange Blossom Special</a> (Kronkorken werden zentral gesammelt und später gespendet)<br><br>Spendenprojekt – <a href="https://medecon.ruhr/2019/07/500-deckel-fuer-ein-leben-ohne-kinderlaehmung/">500 Deckel für eine Impfung</a> (Sammlung und Weitervermittlung von Deckeln im Austausch für Impfungen gegen Polio für Bedürftige)<em><br></em><br></li>



<li><strong>Verteilung von Taschenaschenbecher / Sammlung von Rauchresten  </strong>🟩<br><br>Abfallmanagement-System – <a href="https://tobacycle.de/">TobaCycle</a> (separate Sammlung und Entsorgung von Rauchresten, Angebot von Taschenaschenbechern, für dritte Orte)<em><br></em><br>Festival – <a href="https://orangeblossomspecial.de/nachhaltigkeit/">Orange Blossom Special</a> (separate Sammlung von Zigarettenstummeln)<br><br>Festival – <a href="https://www.wurzelfestival.de/infos/rund-ums-festival-faq/">Zurück zu den Wurzeln</a> (kostenfreie Taschenaschenbecher zur Sammlung von Zigarettenstummeln, um Verschmutzung zu vermeiden)<br><br></li>



<li><strong>ausreichend Sammelstellen anbieten  </strong>🟩</li>
</ul>



<hr class="wp-block-separator has-alpha-channel-opacity is-style-default" />



<div class="wp-block-group is-vertical is-content-justification-center is-layout-flex wp-container-core-group-is-layout-4b2eccd6 wp-block-group-is-layout-flex">
<p>Die verschiedenen Aspekte von Nachhaltigkeit sind mit folgenden Farben markiert: </p>



<p class="has-text-color has-link-color wp-elements-b48eb7cb1454663384e8899bb207e09f" style="color:#5da21c"><strong>Ökologisch </strong>🟩</p>



<p class="has-text-color has-link-color wp-elements-b2bb20cf63b8c2ce379d20c7afa7cff0" style="color:#3983ea"><strong>Ökonomisch </strong>🟦</p>



<p class="has-yellow-color has-text-color has-link-color wp-elements-a1fb50dd221ed44d61af5688488a34f3"><strong>Sozial </strong>🟨</p>



<p class="has-text-color has-link-color wp-elements-058bcd20b9a894dce01fbdc017cdaf82" style="color:#d183fb"><strong>Kulturell </strong>🟪</p>
</div>



<p></p>

<p>Es lässt sich kaum verhindern, dass bei einer Kulturveranstaltung Abfall entsteht. Deswegen ist es schon im Vorhinein wichtig, dass zunächst so wenig Abfall wie möglich erzeugt wird. Das, was sich nicht vermeiden lässt, muss außerdem nachhaltig entsorgt werden. Die verschiedenen Aspekte von Nachhaltigkeit sind mit folgenden Farben markiert: Ökologisch 🟩 Ökonomisch 🟦 Sozial 🟨 Kulturell &hellip; <a href="https://blogs.uni-paderborn.de/nachhaltigkeitskultur/good-practice-beispiele/abfallmanagement/" class="more-link"><span class="screen-reader-text">Abfallmanagement</span> weiterlesen</a></p>
