{"id":324,"date":"2025-04-08T08:43:15","date_gmt":"2025-04-08T06:43:15","guid":{"rendered":"https:\/\/blogs.uni-paderborn.de\/nachhaltigkeitskultur\/?page_id=324"},"modified":"2025-05-27T10:16:02","modified_gmt":"2025-05-27T08:16:02","slug":"technik","status":"publish","type":"page","link":"https:\/\/blogs.uni-paderborn.de\/nachhaltigkeitskultur\/good-practice-beispiele\/technik\/","title":{"rendered":"Technik"},"content":{"rendered":"<div class=\"twoclick_social_bookmarks_post_324 social_share_privacy clearfix 1.6.4 locale-de_DE sprite-de_DE\"><\/div><div class=\"twoclick-js\"><script type=\"text\/javascript\">\/* <![CDATA[ *\/\njQuery(document).ready(function($){if($('.twoclick_social_bookmarks_post_324')){$('.twoclick_social_bookmarks_post_324').socialSharePrivacy({\"txt_help\":\"Wenn Sie diese Felder durch einen Klick aktivieren, werden Informationen an Facebook, Twitter, Flattr, Xing, t3n, LinkedIn, Pinterest oder Google eventuell ins Ausland \\u00fcbertragen und unter Umst\\u00e4nden auch dort gespeichert. N\\u00e4heres erfahren Sie durch einen Klick auf das <em>i<\\\/em>.\",\"settings_perma\":\"Dauerhaft aktivieren und Daten\\u00fcber-tragung zustimmen:\",\"info_link\":\"http:\\\/\\\/www.heise.de\\\/ct\\\/artikel\\\/2-Klicks-fuer-mehr-Datenschutz-1333879.html\",\"uri\":\"https:\\\/\\\/blogs.uni-paderborn.de\\\/nachhaltigkeitskultur\\\/good-practice-beispiele\\\/technik\\\/\",\"post_id\":324,\"post_title_referrer_track\":\"Technik\",\"display_infobox\":\"on\"});}});\n\/* ]]> *\/<\/script><\/div>\n<p>Der technische Aspekt einer Veranstaltung spielt eine gro\u00dfe Rolle sowohl in der Planung als auch in der Umsetzung. Hier sind einige Beispiele f\u00fcr nachhaltige M\u00f6glichkeiten bei technischen Fragen (abgesehen von Stromversorgung).<\/p>\n\n\n\n<ul class=\"wp-block-list\">\n<li><strong>mobile PA <\/strong>(akkubetrieben, wetterfest, gut gewartet) f\u00fcr mobile Veranstaltungen \ud83d\udfe9 <br><br>Festival \u2013 <a href=\"https:\/\/bildstoerung.net\/\">Bildst\u00f6rung<\/a> (mobile PA f\u00fcr mobile Veranstaltungen, Wetterfestigkeit)<br><br>Festival \u2013 <a href=\"https:\/\/orangeblossomspecial.de\/nachhaltigkeit\/\">Orange Blossom Special<\/a> (mobile Powerstation f\u00fcr \u201eWalking Acts\u201c, kann via Solar geladen werden)<br><br><\/li>\n\n\n\n<li><strong>Energieeffiziente Nutzung der Technik <span style=\"color: #3983ea\">\ud83d\udfe9 <\/span><\/strong>\ud83d\udfe6<br><br>Festival \u2013 <a href=\"https:\/\/immergutrocken.de\/article\/nachhaltigkeit\">Immergut<\/a> (Nutzung von LEDs)<br><br>Hotel\/Veranstaltungsort \u2013 <a href=\"https:\/\/www.maritim.de\/fileadmin\/user_upload\/Hotels\/Dus\/PDF\/DUS_Flyer_Fact_Sheet_Green.pdf\">MARITIM Hotel D\u00fcsseldorf<\/a> (nutzungsgesteuertes Beleuchtungskonzept, Energiecontrolling, Schulungen f\u00fcr Mitarbeitende u. A. im Bereich Technik)<br><br>Netzwerk \u2013 <a href=\"https:\/\/clubtopia.de\/\">Clubtopia<\/a> (Energieberatung zur effizienten Nutzung, spezialisiert auf Clubbetriebe, perspektivisch auch f\u00fcr Outdoor Events)<em><br><\/em><br>Veranstaltungstechnik \u2013 <a href=\"https:\/\/www.green-event.de\/unternehmen\/nachhaltigkeit\/\">G.E.T.<\/a> (energiesparendes Equipment und nachhaltige Transportboxen)<br><br>Veranstaltungstechnik \u2013 <a href=\"https:\/\/maurer-veranstaltungstechnik.de\/nachhaltigkeit\/\">Maurer<\/a> (Nutzung von Elektroger\u00e4ten der <a>h\u00f6chsten <\/a>Effizienzklasse)<br><br><\/li>\n\n\n\n<li><strong>Effizienter und strukturiert geplanter B\u00fchnenbau<\/strong> \/ Einsparung materieller und sozialer Ressourcen <span style=\"color: #3983ea\"><strong>\ud83d\udfe9 <\/strong><\/span>\ud83d\udfe6 <br><br>Veranstaltungstechnik \u2013 <a href=\"https:\/\/www.green-event.de\/unternehmen\/nachhaltigkeit\/\">G.E.T.<\/a> (ressourcenschonende Planung von Events<br><br>Veranstaltungstechnik \u2013 <a href=\"https:\/\/satis-fy.com\/nachhaltige-events\">Satis&amp;Fy<\/a> (nachhaltige Umsetzung beginnend in der Planungsphase: ressourcenschonender Auf- und Abbau, Weiterverwendung des genutzten Materials, kurze Logistikwege, Ber\u00fccksichtigung der Lieferkettensorgfaltspflicht, regelm\u00e4\u00dfige Wartung und Reparatur des Equipments)<em><br><\/em><br><\/li>\n\n\n\n<li><strong>Stromverlegung mit wiederverwendbaren Materialien<\/strong> (keine Einweg-Kabelbinder, eher: Kabelklett) <span style=\"color: #3983ea\">\ud83d\udfe9 <\/span>\ud83d\udfe6<\/li>\n<\/ul>\n\n\n\n<p>[f\u00fcr Infos zur allgemeinen Stromversorgung: s. Punkt <em>Stromversorgung<\/em> auf der Seite <a href=\"https:\/\/blogs.uni-paderborn.de\/nachhaltigkeitskultur\/good-practice-beispiele\/buehne\/\">B\u00fchne<\/a>]<\/p>\n\n\n\n<p><\/p>\n\n\n\n<p><\/p>\n\n\n\n<p><strong>Personal<\/strong>:<\/p>\n\n\n\n<ul class=\"wp-block-list\">\n<li><strong>Realistisches Konzept f\u00fcr Arbeitssicherheit und -recht \ud83d\udfe8 <\/strong>\ud83d\udfe6<br><br>Veranstaltungsreinigung \u2013 <a href=\"https:\/\/biberservice.gmbh\/#home\">BIBER<\/a> (faire L\u00f6hne und Arbeitsverh\u00e4ltnisse)<br><br>Veranstaltungstechnik \u2013 <a href=\"https:\/\/maurer-veranstaltungstechnik.de\/nachhaltigkeit\/\">Maurer<\/a> (Mitarbeitende k\u00f6nnen kostenfrei per \u00d6PNV anreisen)<br><br>Veranstaltungstechnik\/Messebau \u2013 <a href=\"https:\/\/setcon.de\/nachhaltigkeit\/\">setcon<\/a> (Schutz von Menschenrechten, faire Arbeitsverh\u00e4ltnisse)<br><\/li>\n<\/ul>\n\n\n\n<ul class=\"wp-block-list\">\n<li><strong>Unterst\u00fctzung allgemeiner Vielfalt in der Arbeitswelt <\/strong>\ud83d\udfe8<br><br>Initiative \u2013 <a href=\"https:\/\/www.charta-der-vielfalt.de\/ueber-uns\/ueber-die-initiative\/\">charta der Vielfalt<\/a> (Selbstverpflichtung der Unterzeichnenden)<br>Veranstaltungstechnik \u2013 <a href=\"https:\/\/satis-fy.com\/nachhaltige-events\">Satis&amp;Fy<\/a> (Fokus auf angenehmes Arbeitsklima und Gleichstellung\/Diversit\u00e4t)<br><br>Veranstaltungstechnik \u2013 <a href=\"https:\/\/www.nachhaltigkeitsstrategie.de\/fileadmin\/Downloads\/Publikationen\/Wirtschaft\/WIN-Unternehmen\/Zielkonzepte\/2019\/Maurer_Zielkonzept.pdf\">Maurer<\/a> (interne Zielsetzung: kulturelle Vielfalt und Chancengleichheit f\u00f6rdern, Unterbindung jeglicher Diskriminierung, regelm\u00e4\u00dfige Mitarbeitergespr\u00e4che)<\/li>\n<\/ul>\n\n\n\n<p>[f\u00fcr Infos zu Barrierefreiheit o. \u00c4.: s. <a href=\"https:\/\/blogs.uni-paderborn.de\/nachhaltigkeitskultur\/good-practice-beispiele\/barrierefreiheit-zugaenglichkeit-inklusion\/\">Barrierefreiheit Zug\u00e4nglichkeit Inklusion<\/a>]<\/p>\n\n\n\n<hr class=\"wp-block-separator has-alpha-channel-opacity is-style-default\" \/>\n\n\n\n<p class=\"has-text-color has-link-color wp-elements-55e4e73c579048fa88c25f79f60127e8\" style=\"color:#5da21c\"><\/p>\n\n\n\n<div class=\"wp-block-group is-vertical is-content-justification-center is-layout-flex wp-container-core-group-is-layout-4b2eccd6 wp-block-group-is-layout-flex\">\n<p>Die verschiedenen Aspekte von Nachhaltigkeit sind mit folgenden Farben markiert: <\/p>\n\n\n\n<p class=\"has-text-color has-link-color wp-elements-b48eb7cb1454663384e8899bb207e09f\" style=\"color:#5da21c\"><strong>\u00d6kologisch <\/strong>\ud83d\udfe9<\/p>\n\n\n\n<p class=\"has-text-color has-link-color wp-elements-b2bb20cf63b8c2ce379d20c7afa7cff0\" style=\"color:#3983ea\"><strong>\u00d6konomisch <\/strong>\ud83d\udfe6<\/p>\n\n\n\n<p class=\"has-yellow-color has-text-color has-link-color wp-elements-a1fb50dd221ed44d61af5688488a34f3\"><strong>Sozial <\/strong>\ud83d\udfe8<\/p>\n\n\n\n<p class=\"has-text-color has-link-color wp-elements-058bcd20b9a894dce01fbdc017cdaf82\" style=\"color:#d183fb\"><strong>Kulturell <\/strong>\ud83d\udfea<\/p>\n<\/div>\n\n\n\n<p class=\"has-text-color has-link-color wp-elements-c8b88da8d80cb0e0991a2fc3cdfdbd0b\" style=\"color:#d183fb\"><\/p>\n","protected":false},"excerpt":{"rendered":"<p>Der technische Aspekt einer Veranstaltung spielt eine gro\u00dfe Rolle sowohl in der Planung als auch in der Umsetzung. Hier sind einige Beispiele f\u00fcr nachhaltige M\u00f6glichkeiten bei technischen Fragen (abgesehen von Stromversorgung). [f\u00fcr Infos zur allgemeinen Stromversorgung: s. Punkt Stromversorgung auf der Seite B\u00fchne] Personal: [f\u00fcr Infos zu Barrierefreiheit o. \u00c4.: s. Barrierefreiheit Zug\u00e4nglichkeit Inklusion] Die &hellip; <a href=\"https:\/\/blogs.uni-paderborn.de\/nachhaltigkeitskultur\/good-practice-beispiele\/technik\/\" class=\"more-link\"><span class=\"screen-reader-text\">Technik<\/span> weiterlesen<\/a><\/p>\n","protected":false},"author":9494,"featured_media":0,"parent":197,"menu_order":0,"comment_status":"closed","ping_status":"closed","template":"","meta":{"footnotes":""},"class_list":["post-324","page","type-page","status-publish","hentry"],"_links":{"self":[{"href":"https:\/\/blogs.uni-paderborn.de\/nachhaltigkeitskultur\/wp-json\/wp\/v2\/pages\/324","targetHints":{"allow":["GET"]}}],"collection":[{"href":"https:\/\/blogs.uni-paderborn.de\/nachhaltigkeitskultur\/wp-json\/wp\/v2\/pages"}],"about":[{"href":"https:\/\/blogs.uni-paderborn.de\/nachhaltigkeitskultur\/wp-json\/wp\/v2\/types\/page"}],"author":[{"embeddable":true,"href":"https:\/\/blogs.uni-paderborn.de\/nachhaltigkeitskultur\/wp-json\/wp\/v2\/users\/9494"}],"replies":[{"embeddable":true,"href":"https:\/\/blogs.uni-paderborn.de\/nachhaltigkeitskultur\/wp-json\/wp\/v2\/comments?post=324"}],"version-history":[{"count":19,"href":"https:\/\/blogs.uni-paderborn.de\/nachhaltigkeitskultur\/wp-json\/wp\/v2\/pages\/324\/revisions"}],"predecessor-version":[{"id":697,"href":"https:\/\/blogs.uni-paderborn.de\/nachhaltigkeitskultur\/wp-json\/wp\/v2\/pages\/324\/revisions\/697"}],"up":[{"embeddable":true,"href":"https:\/\/blogs.uni-paderborn.de\/nachhaltigkeitskultur\/wp-json\/wp\/v2\/pages\/197"}],"wp:attachment":[{"href":"https:\/\/blogs.uni-paderborn.de\/nachhaltigkeitskultur\/wp-json\/wp\/v2\/media?parent=324"}],"curies":[{"name":"wp","href":"https:\/\/api.w.org\/{rel}","templated":true}]}}

<div class="twoclick_social_bookmarks_post_324 social_share_privacy clearfix 1.6.4 locale-de_DE sprite-de_DE"></div><div class="twoclick-js"><script type="text/javascript">/* <![CDATA[ */
jQuery(document).ready(function($){if($('.twoclick_social_bookmarks_post_324')){$('.twoclick_social_bookmarks_post_324').socialSharePrivacy({"txt_help":"Wenn Sie diese Felder durch einen Klick aktivieren, werden Informationen an Facebook, Twitter, Flattr, Xing, t3n, LinkedIn, Pinterest oder Google eventuell ins Ausland \u00fcbertragen und unter Umst\u00e4nden auch dort gespeichert. N\u00e4heres erfahren Sie durch einen Klick auf das <em>i<\/em>.","settings_perma":"Dauerhaft aktivieren und Daten\u00fcber-tragung zustimmen:","info_link":"http:\/\/www.heise.de\/ct\/artikel\/2-Klicks-fuer-mehr-Datenschutz-1333879.html","uri":"https:\/\/blogs.uni-paderborn.de\/nachhaltigkeitskultur\/good-practice-beispiele\/technik\/","post_id":324,"post_title_referrer_track":"Technik","display_infobox":"on"});}});
/* ]]> */</script></div>
<p>Der technische Aspekt einer Veranstaltung spielt eine große Rolle sowohl in der Planung als auch in der Umsetzung. Hier sind einige Beispiele für nachhaltige Möglichkeiten bei technischen Fragen (abgesehen von Stromversorgung).</p>



<ul class="wp-block-list">
<li><strong>mobile PA </strong>(akkubetrieben, wetterfest, gut gewartet) für mobile Veranstaltungen 🟩 <br><br>Festival – <a href="https://bildstoerung.net/">Bildstörung</a> (mobile PA für mobile Veranstaltungen, Wetterfestigkeit)<br><br>Festival – <a href="https://orangeblossomspecial.de/nachhaltigkeit/">Orange Blossom Special</a> (mobile Powerstation für „Walking Acts“, kann via Solar geladen werden)<br><br></li>



<li><strong>Energieeffiziente Nutzung der Technik <span style="color: #3983ea">🟩 </span></strong>🟦<br><br>Festival – <a href="https://immergutrocken.de/article/nachhaltigkeit">Immergut</a> (Nutzung von LEDs)<br><br>Hotel/Veranstaltungsort – <a href="https://www.maritim.de/fileadmin/user_upload/Hotels/Dus/PDF/DUS_Flyer_Fact_Sheet_Green.pdf">MARITIM Hotel Düsseldorf</a> (nutzungsgesteuertes Beleuchtungskonzept, Energiecontrolling, Schulungen für Mitarbeitende u. A. im Bereich Technik)<br><br>Netzwerk – <a href="https://clubtopia.de/">Clubtopia</a> (Energieberatung zur effizienten Nutzung, spezialisiert auf Clubbetriebe, perspektivisch auch für Outdoor Events)<em><br></em><br>Veranstaltungstechnik – <a href="https://www.green-event.de/unternehmen/nachhaltigkeit/">G.E.T.</a> (energiesparendes Equipment und nachhaltige Transportboxen)<br><br>Veranstaltungstechnik – <a href="https://maurer-veranstaltungstechnik.de/nachhaltigkeit/">Maurer</a> (Nutzung von Elektrogeräten der <a>höchsten </a>Effizienzklasse)<br><br></li>



<li><strong>Effizienter und strukturiert geplanter Bühnenbau</strong> / Einsparung materieller und sozialer Ressourcen <span style="color: #3983ea"><strong>🟩 </strong></span>🟦 <br><br>Veranstaltungstechnik – <a href="https://www.green-event.de/unternehmen/nachhaltigkeit/">G.E.T.</a> (ressourcenschonende Planung von Events<br><br>Veranstaltungstechnik – <a href="https://satis-fy.com/nachhaltige-events">Satis&amp;Fy</a> (nachhaltige Umsetzung beginnend in der Planungsphase: ressourcenschonender Auf- und Abbau, Weiterverwendung des genutzten Materials, kurze Logistikwege, Berücksichtigung der Lieferkettensorgfaltspflicht, regelmäßige Wartung und Reparatur des Equipments)<em><br></em><br></li>



<li><strong>Stromverlegung mit wiederverwendbaren Materialien</strong> (keine Einweg-Kabelbinder, eher: Kabelklett) <span style="color: #3983ea">🟩 </span>🟦</li>
</ul>



<p>[für Infos zur allgemeinen Stromversorgung: s. Punkt <em>Stromversorgung</em> auf der Seite <a href="https://blogs.uni-paderborn.de/nachhaltigkeitskultur/good-practice-beispiele/buehne/">Bühne</a>]</p>



<p></p>



<p></p>



<p><strong>Personal</strong>:</p>



<ul class="wp-block-list">
<li><strong>Realistisches Konzept für Arbeitssicherheit und -recht 🟨 </strong>🟦<br><br>Veranstaltungsreinigung – <a href="https://biberservice.gmbh/#home">BIBER</a> (faire Löhne und Arbeitsverhältnisse)<br><br>Veranstaltungstechnik – <a href="https://maurer-veranstaltungstechnik.de/nachhaltigkeit/">Maurer</a> (Mitarbeitende können kostenfrei per ÖPNV anreisen)<br><br>Veranstaltungstechnik/Messebau – <a href="https://setcon.de/nachhaltigkeit/">setcon</a> (Schutz von Menschenrechten, faire Arbeitsverhältnisse)<br></li>
</ul>



<ul class="wp-block-list">
<li><strong>Unterstützung allgemeiner Vielfalt in der Arbeitswelt </strong>🟨<br><br>Initiative – <a href="https://www.charta-der-vielfalt.de/ueber-uns/ueber-die-initiative/">charta der Vielfalt</a> (Selbstverpflichtung der Unterzeichnenden)<br>Veranstaltungstechnik – <a href="https://satis-fy.com/nachhaltige-events">Satis&amp;Fy</a> (Fokus auf angenehmes Arbeitsklima und Gleichstellung/Diversität)<br><br>Veranstaltungstechnik – <a href="https://www.nachhaltigkeitsstrategie.de/fileadmin/Downloads/Publikationen/Wirtschaft/WIN-Unternehmen/Zielkonzepte/2019/Maurer_Zielkonzept.pdf">Maurer</a> (interne Zielsetzung: kulturelle Vielfalt und Chancengleichheit fördern, Unterbindung jeglicher Diskriminierung, regelmäßige Mitarbeitergespräche)</li>
</ul>



<p>[für Infos zu Barrierefreiheit o. Ä.: s. <a href="https://blogs.uni-paderborn.de/nachhaltigkeitskultur/good-practice-beispiele/barrierefreiheit-zugaenglichkeit-inklusion/">Barrierefreiheit Zugänglichkeit Inklusion</a>]</p>



<hr class="wp-block-separator has-alpha-channel-opacity is-style-default" />



<p class="has-text-color has-link-color wp-elements-55e4e73c579048fa88c25f79f60127e8" style="color:#5da21c"></p>



<div class="wp-block-group is-vertical is-content-justification-center is-layout-flex wp-container-core-group-is-layout-4b2eccd6 wp-block-group-is-layout-flex">
<p>Die verschiedenen Aspekte von Nachhaltigkeit sind mit folgenden Farben markiert: </p>



<p class="has-text-color has-link-color wp-elements-b48eb7cb1454663384e8899bb207e09f" style="color:#5da21c"><strong>Ökologisch </strong>🟩</p>



<p class="has-text-color has-link-color wp-elements-b2bb20cf63b8c2ce379d20c7afa7cff0" style="color:#3983ea"><strong>Ökonomisch </strong>🟦</p>



<p class="has-yellow-color has-text-color has-link-color wp-elements-a1fb50dd221ed44d61af5688488a34f3"><strong>Sozial </strong>🟨</p>



<p class="has-text-color has-link-color wp-elements-058bcd20b9a894dce01fbdc017cdaf82" style="color:#d183fb"><strong>Kulturell </strong>🟪</p>
</div>



<p class="has-text-color has-link-color wp-elements-c8b88da8d80cb0e0991a2fc3cdfdbd0b" style="color:#d183fb"></p>

<p>Der technische Aspekt einer Veranstaltung spielt eine große Rolle sowohl in der Planung als auch in der Umsetzung. Hier sind einige Beispiele für nachhaltige Möglichkeiten bei technischen Fragen (abgesehen von Stromversorgung). [für Infos zur allgemeinen Stromversorgung: s. Punkt Stromversorgung auf der Seite Bühne] Personal: [für Infos zu Barrierefreiheit o. Ä.: s. Barrierefreiheit Zugänglichkeit Inklusion] Die &hellip; <a href="https://blogs.uni-paderborn.de/nachhaltigkeitskultur/good-practice-beispiele/technik/" class="more-link"><span class="screen-reader-text">Technik</span> weiterlesen</a></p>
