{"id":2,"date":"2024-05-23T15:54:44","date_gmt":"2024-05-23T13:54:44","guid":{"rendered":"https:\/\/blogs.uni-paderborn.de\/nachhaltigkeitskultur\/?page_id=2"},"modified":"2025-06-17T11:38:24","modified_gmt":"2025-06-17T09:38:24","slug":"beispiel-seite","status":"publish","type":"page","link":"https:\/\/blogs.uni-paderborn.de\/nachhaltigkeitskultur\/","title":{"rendered":"NachhaltigkeitsKulturOWL"},"content":{"rendered":"<div class=\"twoclick_social_bookmarks_post_2 social_share_privacy clearfix 1.6.4 locale-de_DE sprite-de_DE\"><\/div><div class=\"twoclick-js\"><script type=\"text\/javascript\">\/* <![CDATA[ *\/\njQuery(document).ready(function($){if($('.twoclick_social_bookmarks_post_2')){$('.twoclick_social_bookmarks_post_2').socialSharePrivacy({\"txt_help\":\"Wenn Sie diese Felder durch einen Klick aktivieren, werden Informationen an Facebook, Twitter, Flattr, Xing, t3n, LinkedIn, Pinterest oder Google eventuell ins Ausland \\u00fcbertragen und unter Umst\\u00e4nden auch dort gespeichert. N\\u00e4heres erfahren Sie durch einen Klick auf das <em>i<\\\/em>.\",\"settings_perma\":\"Dauerhaft aktivieren und Daten\\u00fcber-tragung zustimmen:\",\"info_link\":\"http:\\\/\\\/www.heise.de\\\/ct\\\/artikel\\\/2-Klicks-fuer-mehr-Datenschutz-1333879.html\",\"uri\":\"https:\\\/\\\/blogs.uni-paderborn.de\\\/nachhaltigkeitskultur\\\/\",\"post_id\":2,\"post_title_referrer_track\":\"NachhaltigkeitsKulturOWL\",\"display_infobox\":\"on\"});}});\n\/* ]]> *\/<\/script><\/div>\n<p><strong><a href=\"#englishversion\" data-type=\"internal\" data-id=\"#englishversion\">English Version below<\/a><\/strong><\/p>\n\n\n\n<p><strong>Innovative Strategien zur Nutzung der Nachhaltigkeitspotenziale in der Kulturveranstaltungsbranche in OstWestfalenLippe<\/strong><\/p>\n\n\n\n<figure class=\"wp-block-embed is-type-video is-provider-youtube wp-block-embed-youtube wp-embed-aspect-16-9 wp-has-aspect-ratio\"><div class=\"wp-block-embed__wrapper\">\n<iframe loading=\"lazy\" title=\"Pop forscht \u2013 NachhaltigkeitsKulturOWL\" width=\"660\" height=\"371\" src=\"https:\/\/www.youtube.com\/embed\/Wk1QkeasjpM?feature=oembed\" frameborder=\"0\" allow=\"accelerometer; autoplay; clipboard-write; encrypted-media; gyroscope; picture-in-picture; web-share\" referrerpolicy=\"strict-origin-when-cross-origin\" allowfullscreen><\/iframe>\n<\/div><\/figure>\n\n\n\n<p>Outdoorveranstaltungen gelten als unverzichtbare Bestandteile des kulturellen Lebens, sowohl in urbanen als auch in l\u00e4ndlichen Gebieten. Als wichtige Orte f\u00fcr gesellschaftliche Aushandlungsprozesse tragen sie u. a. ma\u00dfgeblich zur regionalen Standortentwicklung bei. Ein neues Forschungsprojekt der Universit\u00e4t Paderborn zielt jetzt darauf ab, in enger Zusammenarbeit mit <a href=\"https:\/\/blogs.uni-paderborn.de\/nachhaltigkeitskultur\/kooperationspartner\/\">regionalen Akteur*innen<\/a> innovative Strategien zur Nutzung der Nachhaltigkeitspotenziale in der Kulturveranstaltungsbranche zu entwickeln. Entsprechende Ma\u00dfnahmen und nachhaltige Strukturen sollen die Branche in OWL st\u00e4rken und zukunftsf\u00e4hig machen. <\/p>\n\n\n\n<blockquote class=\"wp-block-quote is-layout-flow wp-block-quote-is-layout-flow\">\n<p>&#8222;Das Forschungsvorhaben verbindet aktuelle gesellschafts- und kulturpolitische Herausforderungen mit den Bed\u00fcrfnissen der Veranstaltungsbranche in Ostwestfalen-Lippe. Wir sind davon \u00fcberzeugt, dass die systematische Erforschung und die gezielte Implementierung nachhaltigkeitswirksamer Strategien nicht nur das vielf\u00e4ltige kulturelle Leben der Region bereichern, sondern auch die Branche selbst nachhaltig st\u00e4rken werden.&#8220; <\/p>\n<cite>Prof.in Dr.in Beate Flath<\/cite><\/blockquote>\n\n\n\n<figure class=\"wp-block-image size-large\"><img loading=\"lazy\" decoding=\"async\" width=\"1024\" height=\"768\" src=\"https:\/\/blogs.uni-paderborn.de\/nachhaltigkeitskultur\/files\/2024\/06\/NachhaltigkeitsKulturOWL_Flath_Stork-1024x768.jpg\" alt=\"Links im Bild: Christian Storck, Gesch\u00e4ftsf\u00fchrung Schlosspark und Lippesee GmbH\n\nRechts im Bild: Prof.in Dr.in Beate Flath\" class=\"wp-image-105\" style=\"aspect-ratio:16\/9;object-fit:cover\" srcset=\"https:\/\/blogs.uni-paderborn.de\/nachhaltigkeitskultur\/files\/2024\/06\/NachhaltigkeitsKulturOWL_Flath_Stork-1024x768.jpg 1024w, https:\/\/blogs.uni-paderborn.de\/nachhaltigkeitskultur\/files\/2024\/06\/NachhaltigkeitsKulturOWL_Flath_Stork-300x225.jpg 300w, https:\/\/blogs.uni-paderborn.de\/nachhaltigkeitskultur\/files\/2024\/06\/NachhaltigkeitsKulturOWL_Flath_Stork-768x576.jpg 768w, https:\/\/blogs.uni-paderborn.de\/nachhaltigkeitskultur\/files\/2024\/06\/NachhaltigkeitsKulturOWL_Flath_Stork-1536x1152.jpg 1536w, https:\/\/blogs.uni-paderborn.de\/nachhaltigkeitskultur\/files\/2024\/06\/NachhaltigkeitsKulturOWL_Flath_Stork-2048x1536.jpg 2048w\" sizes=\"auto, (max-width: 1024px) 100vw, 1024px\" \/><figcaption class=\"wp-element-caption\">Foto: Universit\u00e4t Paderborn \/ Dominik N\u00f6sner<\/figcaption><\/figure>\n\n\n\n<p><\/p>\n\n\n\n<p>Verbundpartner ist die Schlosspark und Lippesee GmbH, die als Veranstalter und Betreiber von mehreren (Outdoor-)Veranstaltungsfl\u00e4chen unter der Gesch\u00e4ftsf\u00fchrung von Christian Stork am Projekt beteiligt ist. <a href=\"https:\/\/blogs.uni-paderborn.de\/nachhaltigkeitskultur\/kooperationspartner\/\">Weitere assoziierte Partner*innen aus der Region<\/a> sind der Bielefelder Carnival der Kulturen, das Kulturamt der Stadt Paderborn, das Kulturb\u00fcro OWL, die Kulturvereinigung OWL, die Kuppel e.V., die LiveInitiative NRW e.V., das nurguteleute Kreativb\u00fcro aus Warburg, das Orange Blossom Special Festival (OBS), die OWL GmbH (OWL Kulturb\u00fcro), die Wohlsein GmbH und die Sound Linear GmbH.<\/p>\n\n\n\n<p>Prof. Dr. Beate Flath, Professorin f\u00fcr Eventmanagement im Fach Musik und gesch\u00e4ftsf\u00fchrende Direktorin des Forschungszentrums \u201e<a href=\"https:\/\/kw.uni-paderborn.de\/cpop\" target=\"_blank\" rel=\"noreferrer noopener\">C:POP. Transdisciplinary Research Center for Popular Music Cultures and Creative Economies<\/a>\u201d der Universit\u00e4t Paderborn leitet das Projekt.<\/p>\n\n\n\n<blockquote class=\"wp-block-quote is-layout-flow wp-block-quote-is-layout-flow\">\n<p>\u201eDie F\u00f6rderung nachhaltiger Kultur in unserer Region ist von entscheidender Bedeutung f\u00fcr die Zukunftsf\u00e4higkeit unserer Veranstaltungsbranche. Wir freuen uns, Verbundpartner dieses wegweisenden Forschungsprojekts zu sein und einen Beitrag zur Entwicklung nachhaltiger Strukturen zu leisten.&#8220;<\/p>\n<cite>Christian Stork, Gesch\u00e4ftsf\u00fchrung Schlosspark und Lippesee GmbH<\/cite><\/blockquote>\n\n\n\n<p>Das Projekt wird von einer Vielzahl an Online- und Offline-Formaten des Wissenstransfers und der Wissenskommunikation begleitet, darunter Round Tables, Workshops, Podcasts und eine Webseite mit aktuellen Informationen zum Projekt.<\/p>\n\n\n\n<p>Das dreij\u00e4hrige Verbundprojekt mit dem Titel \u201eNachhaltigkeitsKulturOWL&#8220; wird im Rahmen des F\u00f6rderprogrammes \u201eRegio.NRW \u2013 Transformation (EFRE)&#8220; insgesamt mit rund 320.000 Euro aus Mitteln der Europ\u00e4ischen Union und des Landes Nordrhein-Westfalen gef\u00f6rdert.<\/p>\n\n\n\n<p id=\"englishversion\"><strong>English Version:<\/strong><\/p>\n\n\n\n<p><strong>SustainabilityCultureOWL<\/strong><\/p>\n\n\n\n<p><strong>Innovative strategies for using sustainability potential in cultural event economy in East Westphalia-Lippe&nbsp;<\/strong><\/p>\n\n\n\n<p>Because outdoor cultural events are a main factor in improving a regions locational advantage as well as enriching cultural live, this project asks how the increasingly urgent socio-political demand for the establishment of cultures of sustainable thinking and action can be reconciled with the needs of a heavily impacted industry using the specific example of outdoor cultural festivals in OWL.&nbsp;To identify innovative strategies for more sustainable outdoor events data is collected by means of interviews and questionnaires. These innovative strategies will be tested and evaluated by implementing them into actual outdoor events in collaboration with the partners of the research project. <\/p>\n\n\n\n<p>In collaboration with Schlosspark and Lippesee GmbH as an associated partner and multiple other associated project partners (Carnival der&nbsp;Kulturen&nbsp;Bielefeld,&nbsp;Kulturamt&nbsp;Paderborn,&nbsp;Kulturb\u00fcro&nbsp;OWL,&nbsp;Kulturvereinigung&nbsp;OWL,&nbsp;Kuppel&nbsp;Paderborn e. V.,&nbsp;nurguteleute&nbsp;Kreativb\u00fcro, Orange Blossom Special Festival (OBS), OWL&nbsp;Kulturb\u00fcro, Sound Linear, Wohlsein, Verband&nbsp;der Clubs und&nbsp;Veranstalter&nbsp;in NRW e. V. (LINA)) the research project is planned to take 36 months and is accompanied by different online and offline forms of knowledge transfer and communication, for example round tables, workshops, a podcast and this website.&nbsp;<\/p>\n\n\n\n<p>This research project under the leadership of Prof. Dr. Beate Flath at the University of Paderborn, Germany, is receiving financial support from the European Union as well as the federal state North Rhine-Westphalia in the context of the support program &#8222;Regio.NRW &#8211; Transformation (EFRE)&#8220;.&nbsp;<\/p>\n\n\n\n<p>For further information or other requests please&nbsp;<a href=\"mailto:naup@mail.uni-paderborn.de\">contact us via mail<\/a>.&nbsp;<\/p>\n","protected":false},"excerpt":{"rendered":"<p>English Version below Innovative Strategien zur Nutzung der Nachhaltigkeitspotenziale in der Kulturveranstaltungsbranche in OstWestfalenLippe Outdoorveranstaltungen gelten als unverzichtbare Bestandteile des kulturellen Lebens, sowohl in urbanen als auch in l\u00e4ndlichen Gebieten. Als wichtige Orte f\u00fcr gesellschaftliche Aushandlungsprozesse tragen sie u. a. ma\u00dfgeblich zur regionalen Standortentwicklung bei. Ein neues Forschungsprojekt der Universit\u00e4t Paderborn zielt jetzt darauf ab, &hellip; <a href=\"https:\/\/blogs.uni-paderborn.de\/nachhaltigkeitskultur\/\" class=\"more-link\"><span class=\"screen-reader-text\">NachhaltigkeitsKulturOWL<\/span> weiterlesen<\/a><\/p>\n","protected":false},"author":9052,"featured_media":0,"parent":0,"menu_order":0,"comment_status":"closed","ping_status":"open","template":"","meta":{"footnotes":""},"class_list":["post-2","page","type-page","status-publish","hentry"],"_links":{"self":[{"href":"https:\/\/blogs.uni-paderborn.de\/nachhaltigkeitskultur\/wp-json\/wp\/v2\/pages\/2","targetHints":{"allow":["GET"]}}],"collection":[{"href":"https:\/\/blogs.uni-paderborn.de\/nachhaltigkeitskultur\/wp-json\/wp\/v2\/pages"}],"about":[{"href":"https:\/\/blogs.uni-paderborn.de\/nachhaltigkeitskultur\/wp-json\/wp\/v2\/types\/page"}],"author":[{"embeddable":true,"href":"https:\/\/blogs.uni-paderborn.de\/nachhaltigkeitskultur\/wp-json\/wp\/v2\/users\/9052"}],"replies":[{"embeddable":true,"href":"https:\/\/blogs.uni-paderborn.de\/nachhaltigkeitskultur\/wp-json\/wp\/v2\/comments?post=2"}],"version-history":[{"count":15,"href":"https:\/\/blogs.uni-paderborn.de\/nachhaltigkeitskultur\/wp-json\/wp\/v2\/pages\/2\/revisions"}],"predecessor-version":[{"id":751,"href":"https:\/\/blogs.uni-paderborn.de\/nachhaltigkeitskultur\/wp-json\/wp\/v2\/pages\/2\/revisions\/751"}],"wp:attachment":[{"href":"https:\/\/blogs.uni-paderborn.de\/nachhaltigkeitskultur\/wp-json\/wp\/v2\/media?parent=2"}],"curies":[{"name":"wp","href":"https:\/\/api.w.org\/{rel}","templated":true}]}}