{"id":87,"date":"2009-05-20T19:55:41","date_gmt":"2009-05-20T17:55:41","guid":{"rendered":"https:\/\/home.z0id.net\/afpb\/?page_id=87"},"modified":"2022-04-06T13:47:05","modified_gmt":"2022-04-06T12:47:05","slug":"zusammenarbeit","status":"publish","type":"page","link":"https:\/\/blogs.uni-paderborn.de\/mia\/wer-sind-wir\/zusammenarbeit\/","title":{"rendered":"Zusammenarbeit"},"content":{"rendered":"<div class=\"twoclick_social_bookmarks_post_87 social_share_privacy clearfix 1.6.4 locale-de_DE sprite-de_DE\"><\/div><div class=\"twoclick-js\"><script type=\"text\/javascript\">\/* <![CDATA[ *\/\njQuery(document).ready(function($){if($('.twoclick_social_bookmarks_post_87')){$('.twoclick_social_bookmarks_post_87').socialSharePrivacy({\"txt_help\":\"Wenn Sie diese Felder durch einen Klick aktivieren, werden Informationen an Facebook, Twitter, Flattr, Xing, t3n, LinkedIn, Pinterest oder Google eventuell ins Ausland \\u00fcbertragen und unter Umst\\u00e4nden auch dort gespeichert. N\\u00e4heres erfahren Sie durch einen Klick auf das <em>i<\\\/em>.\",\"settings_perma\":\"Dauerhaft aktivieren und Daten\\u00fcber-tragung zustimmen:\",\"info_link\":\"http:\\\/\\\/www.heise.de\\\/ct\\\/artikel\\\/2-Klicks-fuer-mehr-Datenschutz-1333879.html\",\"uri\":\"https:\\\/\\\/blogs.uni-paderborn.de\\\/mia\\\/wer-sind-wir\\\/zusammenarbeit\\\/\",\"post_id\":87,\"post_title_referrer_track\":\"Zusammenarbeit\",\"display_infobox\":\"on\"});}});\n\/* ]]> *\/<\/script><\/div><p>Bei vielen Aktionen und Projekten konnten wir auf eine gute Zusammenarbeit mit anderen Projektbereichen und Institutionen bauen. An der Uni Paderborn, aber auch au\u00dferhalb, engagieren sich viele Gruppen f\u00fcr wichtige Themen und Probleme, die uns ebenfalls ein Anliegen sind. Einige davon sollen hier kurz vorgestellt werden.<br \/>\n\u2192 Gemeinsame Aktionen findest du unter <a href=\"http:\/\/groups.uni-paderborn.de\/mia\/?page_id=83\">Veranstaltungen<\/a>.<\/p>\n<table border=\"0\" width=\"607\">\n<tbody>\n<tr>\n<td><a href=\"http:\/\/www.plussandfriends.de\" target=\"_blank\" rel=\"noopener\"><img decoding=\"async\" class=\"alignnone\" title=\"logo_pluss\" src=\"http:\/\/asta.upb.de:7080\/asta-site\/uploads\/tx_astapbgrouplister\/1-8bf216b3e1a08bf6.jpg\" alt=\"\" width=\"100\"><\/a><\/td>\n<td><a href=\"http:\/\/www.plussandfriends.de\" target=\"_blank\" rel=\"noopener\"><strong>Paderborner lesbische und schwule Studierenden &amp; Friends (P.l.u.s.S.)<\/strong><\/a><\/p>\n<p>Der P.l.u.s.S. ist eine vom AStA gef\u00f6rderte Initiative, die sich f\u00fcr die Belange lesbischer und schwuler Studierender einsetzt. Sie engagieren sich f\u00fcr Toleranz und Akzeptanz der verschiedenen sexuellen Identit\u00e4ten sowie gegen Diskriminierung bestimmter Lebensformen.<br \/>\nUnser Raum ME 0.204 steht f\u00fcr das P.l.u.s.S. immer offen. Ihre Treffen finden hier immer montags um 18 Uhr statt.<\/td>\n<\/tr>\n<tr>\n<td><a href=\"http:\/\/einewelt.upb.de\/cms\/index.php\" target=\"_blank\" rel=\"noopener\"><img decoding=\"async\" class=\"alignnone\" title=\"eine_welt\" src=\"http:\/\/asta.upb.de:7080\/asta-site\/uploads\/tx_astapbgrouplister\/Logo_Internet_05.gif\" alt=\"\" height=\"100\"><\/a><\/td>\n<td><a href=\"http:\/\/einewelt.upb.de\/cms\/index.php\" target=\"_blank\" rel=\"noopener\"><strong>Projektbereich Eine Welt<\/strong><\/a><\/p>\n<p>Der Projektbereich \u201cEine Welt\u201d ist mit der Ausl\u00e4ndischen Studierenden Vertretung (ASV) und dem Frauenprojektbereich einer der \u00e4ltesten Projektbereiche an der Uni Paderborn. Er engagiert sich f\u00fcr eine Welt, die gerechter und friedlicher ist, als die, in der wir heute leben. Dies f\u00e4ngt in Paderborn an, bei der Abschiebeknast-Problematik, bei der allgemeinen politischen Bildung der Studierenden und reicht bis zu Menschenrechtsfragen oder der Ausbeutung von in L\u00e4ndern der sogenannten \u201edritten Welt\u201c.<\/td>\n<\/tr>\n<tr>\n<td><a href=\"http:\/\/asv.upb.de\/cms\/\" target=\"_blank\" rel=\"noopener\"><img decoding=\"async\" class=\"alignnone\" title=\"asv\" src=\"http:\/\/asta.upb.de:7080\/asta-site\/uploads\/tx_astapbgrouplister\/asv-logo_05.jpg\" alt=\"\" width=\"100\"><\/a><\/td>\n<td><a href=\"http:\/\/asv.upb.de\/cms\/\" target=\"_blank\" rel=\"noopener\"><strong>Ausl\u00e4ndische Studierenden-Vertretung (ASV)<\/strong><\/a><\/p>\n<p>Der ASV ist eine studentische Organisation, die alle ausl\u00e4ndischen Studierende der Universit\u00e4t Paderborn vertritt. Sie engagieren sich f\u00fcr s\u00e4mtliche Belange ausl\u00e4ndischer Studierender, organisieren aber auch regelm\u00e4\u00dfig Aufkl\u00e4rungsprogramme wie die gemeinsame Antidiskriminierungswoche oder die Internationale Woche.<\/td>\n<\/tr>\n<tr>\n<td><a href=\"http:\/\/groups.uni-paderborn.de\/kinder-upb\/home\/\" target=\"_blank\" rel=\"noopener\"><img decoding=\"async\" class=\"alignnone\" title=\"kinder\" src=\"http:\/\/groups.uni-paderborn.de\/kinder-upb\/home\/images\/stories\/logo-studikind-klein.jpg\" alt=\"\" width=\"100\"><\/a><\/td>\n<td><a href=\"http:\/\/groups.uni-paderborn.de\/kinder-upb\/home\/\" target=\"_blank\" rel=\"noopener\"><strong>Studieren mit Kind(ern)<\/strong><\/a><\/p>\n<p>Der Projektbereich \u201cStudieren mit Kind(ern)\u201d ist eine bunte Mischung studierender Eltern verschiedener Fakult\u00e4ten und Nationen an der Universit\u00e4t Paderborn. Sie verf\u00fcgen \u00fcber einen Eltern-Kind-Raum in Mensageb\u00e4ude (ME 0.207). Der Projektbereich dient auch als Anlaufstelle f\u00fcr gegenseitigen Informationsaustausch und engagiert sich f\u00fcr die sozialen Belange studierender M\u00fctter und V\u00e4ter.<\/td>\n<\/tr>\n<tr>\n<td><a href=\"http:\/\/kw.uni-paderborn.de\/institute-einrichtungen\/gender-studien\/\" target=\"_blank\" rel=\"noopener\"><img decoding=\"async\" class=\"alignnone\" title=\"logo_pluss\" src=\"http:\/\/kw.uni-paderborn.de\/fileadmin\/kw\/Institute\/Kunst\/Personal\/Mahs\/Gender-Studies\/Bilder\/schrift02_80dpi.jpg\" alt=\"\" width=\"100\"><\/a><\/td>\n<td><a href=\"http:\/\/kw.uni-paderborn.de\/institute-einrichtungen\/gender-studien\/\" target=\"_blank\" rel=\"noopener\"><strong>Zentrum f\u00fcr Gender-Studien in Forschung und Lehre<\/strong><\/a><\/p>\n<p>An dem neu gegr\u00fcndete Zentrum f\u00fcr Gender-Studien wird in den Paderborner Kultuwissenschaften ein Schwerpunkt in der Gender-Forschung gesetzt. Es werden regelm\u00e4\u00dfig Vortragsreihen zu Themen der Geschlechterforschung, sozialen und kulturellen Diskursen etc. angeboten, sowie neue Netzwerke innerhalb und au\u00dferhalb der Uni gekn\u00fcpft. Wir hoffen auf eine spannende Zusammenarbeit mit diesem jungen Forschungsbereich.<\/td>\n<\/tr>\n<tr>\n<td><a href=\"http:\/\/www.amnesty-paderborn.de\/\" target=\"_blank\" rel=\"noopener\"><img decoding=\"async\" class=\"alignnone\" title=\"amnesty_international\" src=\"http:\/\/asta.upb.de:7080\/asta-site\/uploads\/tx_astapbgrouplister\/du_kannst_neu.jpg\" alt=\"\" width=\"100\"><\/a><\/td>\n<td><a href=\"http:\/\/www.amnesty-paderborn.de\/\" target=\"_blank\" rel=\"noopener\"><strong>Amnesty International Paderborn<\/strong><\/a><\/p>\n<p>Die Uni-Initiative des Amnesty International ist Teil der Paderborner Lokalgruppe und engagiert sich auf Grundlage der Allgemeinen Erkl\u00e4rung der Menschenrechte gegen alle Arten von Menschenrechtsverletzungen, Diskriminierung, Freiheitseinschr\u00e4nkungen etc. Die Gruppe besteht bereits seit 1970 und hat sich j\u00fcngst an das deutschlandweite Unigruppennetz angeschlossen.<br \/>\nAllgemeine Infos zu der unabh\u00e4ngigen Menschenrechtsorganisation: <a href=\"http:\/\/www.amnesty.de\/\" target=\"_blank\" rel=\"noopener\">http:\/\/www.amnesty.de\/<\/a><\/td>\n<\/tr>\n<tr>\n<td><a href=\"http:\/\/www.protest-gegen-studiengeb\u00fchren.de\/index.php\/Start\" target=\"_blank\" rel=\"noopener\"><img decoding=\"async\" class=\"alignnone\" title=\"akpb\" src=\"http:\/\/asta.upb.de:7080\/asta-site\/uploads\/tx_astapbgrouplister\/Ak-PB_05.jpg\" alt=\"\" width=\"100\"><\/a><\/td>\n<td><a href=\"http:\/\/www.protest-gegen-studiengeb\u00fchren.de\/index.php\/Start\" target=\"_blank\" rel=\"noopener\"><strong>Aktionskreis gegen die Privatisierung der Bildung (AK-PB)<\/strong><\/a><\/p>\n<p>Der AK-PB ist ein Gruppe Paderborner Studierender, die sich kritisch mit den derzeit stattfindenden Umw\u00e4lzungen in den Hochschullandschaften besch\u00e4ftigt. Insbesondere die Einf\u00fchrung von Studiengeb\u00fchren wird als soziale Belastung bek\u00e4mpft. Gemeinsam mit anderen Initiativen organisierten sie den Studiengeb\u00fchrenboykott mit: <a href=\"http:\/\/www.boykott-paderborn.de\" target=\"_blank\" rel=\"noopener\">www.boykott-paderborn.de<\/a><\/td>\n<\/tr>\n<\/tbody>\n<\/table>\n<h3><\/h3>\n","protected":false},"excerpt":{"rendered":"<p>Bei vielen Aktionen und Projekten konnten wir auf eine gute Zusammenarbeit mit anderen Projektbereichen und Institutionen bauen. An der Uni Paderborn, aber auch au\u00dferhalb, engagieren sich viele Gruppen f\u00fcr wichtige Themen und Probleme, die uns ebenfalls ein Anliegen sind. Einige davon sollen hier kurz vorgestellt werden. \u2192 Gemeinsame Aktionen findest du unter Veranstaltungen. Paderborner lesbische &hellip; <a href=\"https:\/\/blogs.uni-paderborn.de\/mia\/wer-sind-wir\/zusammenarbeit\/\" class=\"more-link\"><span class=\"screen-reader-text\">\u201eZusammenarbeit\u201c <\/span>weiterlesen<\/a><\/p>\n","protected":false},"author":1,"featured_media":0,"parent":60,"menu_order":3,"comment_status":"closed","ping_status":"open","template":"","meta":{"footnotes":""},"class_list":["post-87","page","type-page","status-publish","hentry"],"_links":{"self":[{"href":"https:\/\/blogs.uni-paderborn.de\/mia\/wp-json\/wp\/v2\/pages\/87","targetHints":{"allow":["GET"]}}],"collection":[{"href":"https:\/\/blogs.uni-paderborn.de\/mia\/wp-json\/wp\/v2\/pages"}],"about":[{"href":"https:\/\/blogs.uni-paderborn.de\/mia\/wp-json\/wp\/v2\/types\/page"}],"author":[{"embeddable":true,"href":"https:\/\/blogs.uni-paderborn.de\/mia\/wp-json\/wp\/v2\/users\/1"}],"replies":[{"embeddable":true,"href":"https:\/\/blogs.uni-paderborn.de\/mia\/wp-json\/wp\/v2\/comments?post=87"}],"version-history":[{"count":27,"href":"https:\/\/blogs.uni-paderborn.de\/mia\/wp-json\/wp\/v2\/pages\/87\/revisions"}],"predecessor-version":[{"id":29491,"href":"https:\/\/blogs.uni-paderborn.de\/mia\/wp-json\/wp\/v2\/pages\/87\/revisions\/29491"}],"up":[{"embeddable":true,"href":"https:\/\/blogs.uni-paderborn.de\/mia\/wp-json\/wp\/v2\/pages\/60"}],"wp:attachment":[{"href":"https:\/\/blogs.uni-paderborn.de\/mia\/wp-json\/wp\/v2\/media?parent=87"}],"curies":[{"name":"wp","href":"https:\/\/api.w.org\/{rel}","templated":true}]}}

<div class="twoclick_social_bookmarks_post_87 social_share_privacy clearfix 1.6.4 locale-de_DE sprite-de_DE"></div><div class="twoclick-js"><script type="text/javascript">/* <![CDATA[ */
jQuery(document).ready(function($){if($('.twoclick_social_bookmarks_post_87')){$('.twoclick_social_bookmarks_post_87').socialSharePrivacy({"txt_help":"Wenn Sie diese Felder durch einen Klick aktivieren, werden Informationen an Facebook, Twitter, Flattr, Xing, t3n, LinkedIn, Pinterest oder Google eventuell ins Ausland \u00fcbertragen und unter Umst\u00e4nden auch dort gespeichert. N\u00e4heres erfahren Sie durch einen Klick auf das <em>i<\/em>.","settings_perma":"Dauerhaft aktivieren und Daten\u00fcber-tragung zustimmen:","info_link":"http:\/\/www.heise.de\/ct\/artikel\/2-Klicks-fuer-mehr-Datenschutz-1333879.html","uri":"https:\/\/blogs.uni-paderborn.de\/mia\/wer-sind-wir\/zusammenarbeit\/","post_id":87,"post_title_referrer_track":"Zusammenarbeit","display_infobox":"on"});}});
/* ]]> */</script></div><p>Bei vielen Aktionen und Projekten konnten wir auf eine gute Zusammenarbeit mit anderen Projektbereichen und Institutionen bauen. An der Uni Paderborn, aber auch außerhalb, engagieren sich viele Gruppen für wichtige Themen und Probleme, die uns ebenfalls ein Anliegen sind. Einige davon sollen hier kurz vorgestellt werden.<br />
→ Gemeinsame Aktionen findest du unter <a href="http://groups.uni-paderborn.de/mia/?page_id=83">Veranstaltungen</a>.</p>
<table border="0" width="607">
<tbody>
<tr>
<td><a href="http://www.plussandfriends.de" target="_blank" rel="noopener"><img decoding="async" class="alignnone" title="logo_pluss" src="http://asta.upb.de:7080/asta-site/uploads/tx_astapbgrouplister/1-8bf216b3e1a08bf6.jpg" alt="" width="100"></a></td>
<td><a href="http://www.plussandfriends.de" target="_blank" rel="noopener"><strong>Paderborner lesbische und schwule Studierenden &amp; Friends (P.l.u.s.S.)</strong></a></p>
<p>Der P.l.u.s.S. ist eine vom AStA geförderte Initiative, die sich für die Belange lesbischer und schwuler Studierender einsetzt. Sie engagieren sich für Toleranz und Akzeptanz der verschiedenen sexuellen Identitäten sowie gegen Diskriminierung bestimmter Lebensformen.<br />
Unser Raum ME 0.204 steht für das P.l.u.s.S. immer offen. Ihre Treffen finden hier immer montags um 18 Uhr statt.</td>
</tr>
<tr>
<td><a href="http://einewelt.upb.de/cms/index.php" target="_blank" rel="noopener"><img decoding="async" class="alignnone" title="eine_welt" src="http://asta.upb.de:7080/asta-site/uploads/tx_astapbgrouplister/Logo_Internet_05.gif" alt="" height="100"></a></td>
<td><a href="http://einewelt.upb.de/cms/index.php" target="_blank" rel="noopener"><strong>Projektbereich Eine Welt</strong></a></p>
<p>Der Projektbereich “Eine Welt” ist mit der Ausländischen Studierenden Vertretung (ASV) und dem Frauenprojektbereich einer der ältesten Projektbereiche an der Uni Paderborn. Er engagiert sich für eine Welt, die gerechter und friedlicher ist, als die, in der wir heute leben. Dies fängt in Paderborn an, bei der Abschiebeknast-Problematik, bei der allgemeinen politischen Bildung der Studierenden und reicht bis zu Menschenrechtsfragen oder der Ausbeutung von in Ländern der sogenannten „dritten Welt“.</td>
</tr>
<tr>
<td><a href="http://asv.upb.de/cms/" target="_blank" rel="noopener"><img decoding="async" class="alignnone" title="asv" src="http://asta.upb.de:7080/asta-site/uploads/tx_astapbgrouplister/asv-logo_05.jpg" alt="" width="100"></a></td>
<td><a href="http://asv.upb.de/cms/" target="_blank" rel="noopener"><strong>Ausländische Studierenden-Vertretung (ASV)</strong></a></p>
<p>Der ASV ist eine studentische Organisation, die alle ausländischen Studierende der Universität Paderborn vertritt. Sie engagieren sich für sämtliche Belange ausländischer Studierender, organisieren aber auch regelmäßig Aufklärungsprogramme wie die gemeinsame Antidiskriminierungswoche oder die Internationale Woche.</td>
</tr>
<tr>
<td><a href="http://groups.uni-paderborn.de/kinder-upb/home/" target="_blank" rel="noopener"><img decoding="async" class="alignnone" title="kinder" src="http://groups.uni-paderborn.de/kinder-upb/home/images/stories/logo-studikind-klein.jpg" alt="" width="100"></a></td>
<td><a href="http://groups.uni-paderborn.de/kinder-upb/home/" target="_blank" rel="noopener"><strong>Studieren mit Kind(ern)</strong></a></p>
<p>Der Projektbereich “Studieren mit Kind(ern)” ist eine bunte Mischung studierender Eltern verschiedener Fakultäten und Nationen an der Universität Paderborn. Sie verfügen über einen Eltern-Kind-Raum in Mensagebäude (ME 0.207). Der Projektbereich dient auch als Anlaufstelle für gegenseitigen Informationsaustausch und engagiert sich für die sozialen Belange studierender Mütter und Väter.</td>
</tr>
<tr>
<td><a href="http://kw.uni-paderborn.de/institute-einrichtungen/gender-studien/" target="_blank" rel="noopener"><img decoding="async" class="alignnone" title="logo_pluss" src="http://kw.uni-paderborn.de/fileadmin/kw/Institute/Kunst/Personal/Mahs/Gender-Studies/Bilder/schrift02_80dpi.jpg" alt="" width="100"></a></td>
<td><a href="http://kw.uni-paderborn.de/institute-einrichtungen/gender-studien/" target="_blank" rel="noopener"><strong>Zentrum für Gender-Studien in Forschung und Lehre</strong></a></p>
<p>An dem neu gegründete Zentrum für Gender-Studien wird in den Paderborner Kultuwissenschaften ein Schwerpunkt in der Gender-Forschung gesetzt. Es werden regelmäßig Vortragsreihen zu Themen der Geschlechterforschung, sozialen und kulturellen Diskursen etc. angeboten, sowie neue Netzwerke innerhalb und außerhalb der Uni geknüpft. Wir hoffen auf eine spannende Zusammenarbeit mit diesem jungen Forschungsbereich.</td>
</tr>
<tr>
<td><a href="http://www.amnesty-paderborn.de/" target="_blank" rel="noopener"><img decoding="async" class="alignnone" title="amnesty_international" src="http://asta.upb.de:7080/asta-site/uploads/tx_astapbgrouplister/du_kannst_neu.jpg" alt="" width="100"></a></td>
<td><a href="http://www.amnesty-paderborn.de/" target="_blank" rel="noopener"><strong>Amnesty International Paderborn</strong></a></p>
<p>Die Uni-Initiative des Amnesty International ist Teil der Paderborner Lokalgruppe und engagiert sich auf Grundlage der Allgemeinen Erklärung der Menschenrechte gegen alle Arten von Menschenrechtsverletzungen, Diskriminierung, Freiheitseinschränkungen etc. Die Gruppe besteht bereits seit 1970 und hat sich jüngst an das deutschlandweite Unigruppennetz angeschlossen.<br />
Allgemeine Infos zu der unabhängigen Menschenrechtsorganisation: <a href="http://www.amnesty.de/" target="_blank" rel="noopener">http://www.amnesty.de/</a></td>
</tr>
<tr>
<td><a href="http://www.protest-gegen-studiengebühren.de/index.php/Start" target="_blank" rel="noopener"><img decoding="async" class="alignnone" title="akpb" src="http://asta.upb.de:7080/asta-site/uploads/tx_astapbgrouplister/Ak-PB_05.jpg" alt="" width="100"></a></td>
<td><a href="http://www.protest-gegen-studiengebühren.de/index.php/Start" target="_blank" rel="noopener"><strong>Aktionskreis gegen die Privatisierung der Bildung (AK-PB)</strong></a></p>
<p>Der AK-PB ist ein Gruppe Paderborner Studierender, die sich kritisch mit den derzeit stattfindenden Umwälzungen in den Hochschullandschaften beschäftigt. Insbesondere die Einführung von Studiengebühren wird als soziale Belastung bekämpft. Gemeinsam mit anderen Initiativen organisierten sie den Studiengebührenboykott mit: <a href="http://www.boykott-paderborn.de" target="_blank" rel="noopener">www.boykott-paderborn.de</a></td>
</tr>
</tbody>
</table>
<h3></h3>

<p>Bei vielen Aktionen und Projekten konnten wir auf eine gute Zusammenarbeit mit anderen Projektbereichen und Institutionen bauen. An der Uni Paderborn, aber auch außerhalb, engagieren sich viele Gruppen für wichtige Themen und Probleme, die uns ebenfalls ein Anliegen sind. Einige davon sollen hier kurz vorgestellt werden. → Gemeinsame Aktionen findest du unter Veranstaltungen. Paderborner lesbische &hellip; <a href="https://blogs.uni-paderborn.de/mia/wer-sind-wir/zusammenarbeit/" class="more-link"><span class="screen-reader-text">„Zusammenarbeit“ </span>weiterlesen</a></p>
