{"id":810,"date":"2020-10-09T16:08:46","date_gmt":"2020-10-09T14:08:46","guid":{"rendered":"https:\/\/blogs.uni-paderborn.de\/lingutools\/?page_id=810"},"modified":"2022-07-12T14:34:24","modified_gmt":"2022-07-12T12:34:24","slug":"video-tutorials-dta","status":"publish","type":"page","link":"https:\/\/blogs.uni-paderborn.de\/lingutools\/video-tutorials-dta\/","title":{"rendered":"Video-Tutorials (DTA)"},"content":{"rendered":"<div class=\"twoclick_social_bookmarks_post_810 social_share_privacy clearfix 1.6.4 locale-de_DE sprite-de_DE\"><\/div><div class=\"twoclick-js\"><script type=\"text\/javascript\">\/* <![CDATA[ *\/\njQuery(document).ready(function($){if($('.twoclick_social_bookmarks_post_810')){$('.twoclick_social_bookmarks_post_810').socialSharePrivacy({\"txt_help\":\"Wenn Sie diese Felder durch einen Klick aktivieren, werden Informationen an Facebook, Twitter, Flattr, Xing, t3n, LinkedIn, Pinterest oder Google eventuell ins Ausland \\u00fcbertragen und unter Umst\\u00e4nden auch dort gespeichert. N\\u00e4heres erfahren Sie durch einen Klick auf das <em>i<\\\/em>.\",\"settings_perma\":\"Dauerhaft aktivieren und Daten\\u00fcber-tragung zustimmen:\",\"info_link\":\"http:\\\/\\\/www.heise.de\\\/ct\\\/artikel\\\/2-Klicks-fuer-mehr-Datenschutz-1333879.html\",\"uri\":\"https:\\\/\\\/blogs.uni-paderborn.de\\\/lingutools\\\/video-tutorials-dta\\\/\",\"post_id\":810,\"post_title_referrer_track\":\"Video-Tutorials+%28DTA%29\",\"display_infobox\":\"on\"});}});\n\/* ]]> *\/<\/script><\/div>\n<p>Die nachfolgenden Videos sind Schritt-f\u00fcr-Schritt Tutorials zur Arbeit mit dem Korpus des Deutschen Textarchivs (DTA). Die Videos sind f\u00fcr Einsteiger geeignet und helfen dabei, die Grundlagen der linguistischen Korpusanalyse kennenzulernen. Viel Spa\u00df!<\/p>\n\n\n\n<h2 class=\"wp-block-heading\">Korpusanalysen im <a href=\"http:\/\/www.deutschestextarchiv.de\/\">Deutschen Textarchiv<\/a><\/h2>\n\n\n\n<figure class=\"wp-block-embed is-type-video is-provider-youtube wp-block-embed-youtube wp-embed-aspect-16-9 wp-has-aspect-ratio\"><div class=\"wp-block-embed__wrapper\">\n<iframe loading=\"lazy\" title=\"Video-Tutorial 01: Deutsches Textarchiv - Einf\u00fchrung\" width=\"660\" height=\"371\" src=\"https:\/\/www.youtube.com\/embed\/q6rPFypzJaE?feature=oembed\" frameborder=\"0\" allow=\"accelerometer; autoplay; clipboard-write; encrypted-media; gyroscope; picture-in-picture; web-share\" referrerpolicy=\"strict-origin-when-cross-origin\" allowfullscreen><\/iframe>\n<\/div><figcaption>DTA: Einf\u00fchrung<\/figcaption><\/figure>\n\n\n\n<figure class=\"wp-block-embed is-type-video is-provider-youtube wp-block-embed-youtube wp-embed-aspect-16-9 wp-has-aspect-ratio\"><div class=\"wp-block-embed__wrapper\">\n<iframe loading=\"lazy\" title=\"Video-Tutorial 02: Deutsches Textarchiv - Suchanfragen\" width=\"660\" height=\"371\" src=\"https:\/\/www.youtube.com\/embed\/oMEC_rKTsX0?feature=oembed\" frameborder=\"0\" allow=\"accelerometer; autoplay; clipboard-write; encrypted-media; gyroscope; picture-in-picture; web-share\" referrerpolicy=\"strict-origin-when-cross-origin\" allowfullscreen><\/iframe>\n<\/div><figcaption>DTA: Suchanfragen<\/figcaption><\/figure>\n\n\n\n<figure class=\"wp-block-embed is-type-video is-provider-youtube wp-block-embed-youtube wp-embed-aspect-16-9 wp-has-aspect-ratio\"><div class=\"wp-block-embed__wrapper\">\n<iframe loading=\"lazy\" title=\"Video 03: CATMA - Suchanfragen und Auswertungen\" width=\"660\" height=\"371\" src=\"https:\/\/www.youtube.com\/embed\/79-5U3rlSKs?feature=oembed\" frameborder=\"0\" allow=\"accelerometer; autoplay; clipboard-write; encrypted-media; gyroscope; picture-in-picture; web-share\" referrerpolicy=\"strict-origin-when-cross-origin\" allowfullscreen><\/iframe>\n<\/div><figcaption>DTA: Part-of-Speech-Suchen<\/figcaption><\/figure>\n\n\n\n<figure class=\"wp-block-embed is-type-video is-provider-youtube wp-block-embed-youtube wp-embed-aspect-16-9 wp-has-aspect-ratio\"><div class=\"wp-block-embed__wrapper\">\n<iframe loading=\"lazy\" title=\"Video-Tutorial 04: Deutsches Textarchiv - Phrasensuchen\" width=\"660\" height=\"371\" src=\"https:\/\/www.youtube.com\/embed\/q_CcSq-004I?feature=oembed\" frameborder=\"0\" allow=\"accelerometer; autoplay; clipboard-write; encrypted-media; gyroscope; picture-in-picture; web-share\" referrerpolicy=\"strict-origin-when-cross-origin\" allowfullscreen><\/iframe>\n<\/div><figcaption>DTA: Phrasensuchen<\/figcaption><\/figure>\n\n\n\n<figure class=\"wp-block-embed is-type-video is-provider-youtube wp-block-embed-youtube wp-embed-aspect-16-9 wp-has-aspect-ratio\"><div class=\"wp-block-embed__wrapper\">\n<iframe loading=\"lazy\" title=\"Video-Tutorial 05: Deutsches Textrachiv - Filter und Export\" width=\"660\" height=\"371\" src=\"https:\/\/www.youtube.com\/embed\/6ry_aAgxRhA?feature=oembed\" frameborder=\"0\" allow=\"accelerometer; autoplay; clipboard-write; encrypted-media; gyroscope; picture-in-picture; web-share\" referrerpolicy=\"strict-origin-when-cross-origin\" allowfullscreen><\/iframe>\n<\/div><figcaption>DTA: Filter &amp; Export<\/figcaption><\/figure>\n","protected":false},"excerpt":{"rendered":"<p>Die nachfolgenden Videos sind Schritt-f\u00fcr-Schritt Tutorials zur Arbeit mit dem Korpus des Deutschen Textarchivs (DTA). Die Videos sind f\u00fcr Einsteiger geeignet und helfen dabei, die Grundlagen der linguistischen Korpusanalyse kennenzulernen. Viel Spa\u00df! Korpusanalysen im Deutschen Textarchiv<\/p>\n","protected":false},"author":7825,"featured_media":0,"parent":0,"menu_order":0,"comment_status":"closed","ping_status":"closed","template":"","meta":{"footnotes":""},"class_list":["post-810","page","type-page","status-publish","hentry"],"_links":{"self":[{"href":"https:\/\/blogs.uni-paderborn.de\/lingutools\/wp-json\/wp\/v2\/pages\/810","targetHints":{"allow":["GET"]}}],"collection":[{"href":"https:\/\/blogs.uni-paderborn.de\/lingutools\/wp-json\/wp\/v2\/pages"}],"about":[{"href":"https:\/\/blogs.uni-paderborn.de\/lingutools\/wp-json\/wp\/v2\/types\/page"}],"author":[{"embeddable":true,"href":"https:\/\/blogs.uni-paderborn.de\/lingutools\/wp-json\/wp\/v2\/users\/7825"}],"replies":[{"embeddable":true,"href":"https:\/\/blogs.uni-paderborn.de\/lingutools\/wp-json\/wp\/v2\/comments?post=810"}],"version-history":[{"count":3,"href":"https:\/\/blogs.uni-paderborn.de\/lingutools\/wp-json\/wp\/v2\/pages\/810\/revisions"}],"predecessor-version":[{"id":878,"href":"https:\/\/blogs.uni-paderborn.de\/lingutools\/wp-json\/wp\/v2\/pages\/810\/revisions\/878"}],"wp:attachment":[{"href":"https:\/\/blogs.uni-paderborn.de\/lingutools\/wp-json\/wp\/v2\/media?parent=810"}],"curies":[{"name":"wp","href":"https:\/\/api.w.org\/{rel}","templated":true}]}}