{"id":72,"date":"2017-06-04T18:40:07","date_gmt":"2017-06-04T16:40:07","guid":{"rendered":"https:\/\/blogs.uni-paderborn.de\/kunstdidaktik\/?page_id=72"},"modified":"2021-10-20T11:52:42","modified_gmt":"2021-10-20T09:52:42","slug":"wikis","status":"publish","type":"page","link":"https:\/\/blogs.uni-paderborn.de\/kunstdidaktik\/wissen\/wikis\/","title":{"rendered":"Wichtige Begriffe"},"content":{"rendered":"<div class=\"twoclick_social_bookmarks_post_72 social_share_privacy clearfix 1.6.4 locale-de_DE sprite-de_DE\"><\/div><div class=\"twoclick-js\"><script type=\"text\/javascript\">\/* <![CDATA[ *\/\njQuery(document).ready(function($){if($('.twoclick_social_bookmarks_post_72')){$('.twoclick_social_bookmarks_post_72').socialSharePrivacy({\"txt_help\":\"Wenn Sie diese Felder durch einen Klick aktivieren, werden Informationen an Facebook, Twitter, Flattr, Xing, t3n, LinkedIn, Pinterest oder Google eventuell ins Ausland \\u00fcbertragen und unter Umst\\u00e4nden auch dort gespeichert. N\\u00e4heres erfahren Sie durch einen Klick auf das <em>i<\\\/em>.\",\"settings_perma\":\"Dauerhaft aktivieren und Daten\\u00fcber-tragung zustimmen:\",\"info_link\":\"http:\\\/\\\/www.heise.de\\\/ct\\\/artikel\\\/2-Klicks-fuer-mehr-Datenschutz-1333879.html\",\"uri\":\"https:\\\/\\\/blogs.uni-paderborn.de\\\/kunstdidaktik\\\/wissen\\\/wikis\\\/\",\"post_id\":72,\"post_title_referrer_track\":\"Wichtige+Begriffe\",\"display_infobox\":\"on\"});}});\n\/* ]]> *\/<\/script><\/div><p style=\"font-family: segoe ui, trebuchet ms;padding-top: 20px;padding-bottom: 05px;margin: 15px;margin-top: 0px;margin-bottom: 0px;margin-left: 0px;font-size: 18px\">Was ist eigentlich \u00c4sthetische Erfahrung? Wer entwickelte das Konzept der k\u00fcnstlerischen Bildung und wie sieht es aus? &#8230;<br \/>\nAntwort auf diese und viele weitere Fragen gibt unser <a href=\"https:\/\/wikis.uni-paderborn.de\/begriffe-kunstpaedagogik\/Hauptseite\"><strong>Wiki<\/strong><\/a>. Hier werden wichtige Begriffe der Kunstp\u00e4dagogik kurz und zusammenfassend skizziert. Die Artikel, die in den Seminaren und durch studentische Beitr\u00e4ge entstanden sind, geben eine erste kurze inhaltliche Orientierung, was darunter zu verstehen ist.<\/p>\n<p style=\"font-family: segoe ui, trebuchet ms;padding-top: 20px;padding-bottom: 05px;margin: 15px;margin-top: 0px;margin-bottom: 0px;margin-left: 0px;font-size: 18px\">Auf unserem <a href=\"https:\/\/www.youtube.com\/channel\/UClGz9I8HDm-A78GZ2BHQZ9w\"><strong>Youtubekanal<\/strong><\/a> finden sich au\u00dferdem Erkl\u00e4rvideos, die einige wichtige Begriffe in Wort und Bild erl\u00e4utern. Wir w\u00fcnschen viel Spa\u00df beim Ansehen.<\/p>\n<p style=\"font-family: segoe ui, trebuchet ms;padding-top: 20px;padding-bottom: 05px;margin: 15px;margin-top: 0px;margin-bottom: 0px;margin-left: 0px;font-size: 18px\">Und wie immer git: <strong>Wir freuen uns \u00fcber Erg\u00e4nzungen, Kommentare und&nbsp;Hinweise, was noch fehlt.<\/strong><\/p>\n<p style=\"font-family: seoge ui, trebuchet ms;padding-top: 20px;font-size: 18px\"><strong><a href=\"https:\/\/wikis.uni-paderborn.de\/begriffe-kunstpaedagogik\/Begriffe_im_Bereich_Kunstp\u00e4dagogik\"> \u21d2 Begriffe im Bereich Kunstp\u00e4dagogik<\/a><\/strong><br \/>\n<strong><a href=\"https:\/\/wikis.uni-paderborn.de\/begriffe-kunstpaedagogik\/Begriffe_im_Bereich_Realisierungsform\/_k\u00fcnstlerische_Techniken\"> \u21d2 Begriffe im Bereich Realisierungsform\/ k\u00fcnstlerische Techniken<\/a><\/strong><br \/>\n<strong><a href=\"https:\/\/www.youtube.com\/channel\/UClGz9I8HDm-A78GZ2BHQZ9w\"> \u21d2 Youtubekanal Kunstdidaktik UPB<\/a><\/strong><\/p>\n","protected":false},"excerpt":{"rendered":"<p>Was ist eigentlich \u00c4sthetische Erfahrung? Wer entwickelte das Konzept der k\u00fcnstlerischen Bildung und wie sieht es aus? &#8230; Antwort auf diese und viele weitere Fragen gibt unser Wiki. Hier werden wichtige Begriffe der Kunstp\u00e4dagogik kurz und zusammenfassend skizziert. Die Artikel, &hellip; <a href=\"https:\/\/blogs.uni-paderborn.de\/kunstdidaktik\/wissen\/wikis\/\">Weiterlesen <span class=\"meta-nav\">&rarr;<\/span><\/a><\/p>\n","protected":false},"author":7975,"featured_media":8451,"parent":58,"menu_order":0,"comment_status":"closed","ping_status":"closed","template":"","meta":{"footnotes":""},"class_list":["post-72","page","type-page","status-publish","has-post-thumbnail","hentry"],"_links":{"self":[{"href":"https:\/\/blogs.uni-paderborn.de\/kunstdidaktik\/wp-json\/wp\/v2\/pages\/72","targetHints":{"allow":["GET"]}}],"collection":[{"href":"https:\/\/blogs.uni-paderborn.de\/kunstdidaktik\/wp-json\/wp\/v2\/pages"}],"about":[{"href":"https:\/\/blogs.uni-paderborn.de\/kunstdidaktik\/wp-json\/wp\/v2\/types\/page"}],"author":[{"embeddable":true,"href":"https:\/\/blogs.uni-paderborn.de\/kunstdidaktik\/wp-json\/wp\/v2\/users\/7975"}],"replies":[{"embeddable":true,"href":"https:\/\/blogs.uni-paderborn.de\/kunstdidaktik\/wp-json\/wp\/v2\/comments?post=72"}],"version-history":[{"count":19,"href":"https:\/\/blogs.uni-paderborn.de\/kunstdidaktik\/wp-json\/wp\/v2\/pages\/72\/revisions"}],"predecessor-version":[{"id":8452,"href":"https:\/\/blogs.uni-paderborn.de\/kunstdidaktik\/wp-json\/wp\/v2\/pages\/72\/revisions\/8452"}],"up":[{"embeddable":true,"href":"https:\/\/blogs.uni-paderborn.de\/kunstdidaktik\/wp-json\/wp\/v2\/pages\/58"}],"wp:featuredmedia":[{"embeddable":true,"href":"https:\/\/blogs.uni-paderborn.de\/kunstdidaktik\/wp-json\/wp\/v2\/media\/8451"}],"wp:attachment":[{"href":"https:\/\/blogs.uni-paderborn.de\/kunstdidaktik\/wp-json\/wp\/v2\/media?parent=72"}],"curies":[{"name":"wp","href":"https:\/\/api.w.org\/{rel}","templated":true}]}}