{"id":102,"date":"2017-06-04T19:04:14","date_gmt":"2017-06-04T17:04:14","guid":{"rendered":"https:\/\/blogs.uni-paderborn.de\/kunstdidaktik\/?page_id=102"},"modified":"2022-06-08T12:57:36","modified_gmt":"2022-06-08T10:57:36","slug":"veranstaltungen","status":"publish","type":"page","link":"https:\/\/blogs.uni-paderborn.de\/kunstdidaktik\/projekte-events\/veranstaltungen\/","title":{"rendered":"Veranstaltungen"},"content":{"rendered":"<div class=\"twoclick_social_bookmarks_post_102 social_share_privacy clearfix 1.6.4 locale-de_DE sprite-de_DE\"><\/div><div class=\"twoclick-js\"><script type=\"text\/javascript\">\/* <![CDATA[ *\/\njQuery(document).ready(function($){if($('.twoclick_social_bookmarks_post_102')){$('.twoclick_social_bookmarks_post_102').socialSharePrivacy({\"txt_help\":\"Wenn Sie diese Felder durch einen Klick aktivieren, werden Informationen an Facebook, Twitter, Flattr, Xing, t3n, LinkedIn, Pinterest oder Google eventuell ins Ausland \\u00fcbertragen und unter Umst\\u00e4nden auch dort gespeichert. N\\u00e4heres erfahren Sie durch einen Klick auf das <em>i<\\\/em>.\",\"settings_perma\":\"Dauerhaft aktivieren und Daten\\u00fcber-tragung zustimmen:\",\"info_link\":\"http:\\\/\\\/www.heise.de\\\/ct\\\/artikel\\\/2-Klicks-fuer-mehr-Datenschutz-1333879.html\",\"uri\":\"https:\\\/\\\/blogs.uni-paderborn.de\\\/kunstdidaktik\\\/projekte-events\\\/veranstaltungen\\\/\",\"post_id\":102,\"post_title_referrer_track\":\"Veranstaltungen\",\"display_infobox\":\"on\"});}});\n\/* ]]> *\/<\/script><\/div>\n<p style=\"text-align: justify;padding-top: 20px;padding-bottom: 20px;font-family: segoe ui,trebuchet ms;font-size: 18px;margin-top: 0px;margin-bottom: 10px;margin-left: 0px\">Die Professur Kunstdidaktik mit besonderer Ber\u00fccksichtigung von Inklusion beteiligt sich mit verschiedenen Workshops und Vortr\u00e4gen an Tagungen und bietet auch eigene Fortbildungen an.<\/p>\n<p style=\"text-align: justify;padding-top: 0px;padding-bottom: 10px;font-family: segoe ui,trebuchet ms;font-size: 18px;margin-top: 0px;margin-bottom: 10px;margin-left: 0px\">Auf dieser Seite weisen wir auf kommende eigene und interessante Veranstaltungen und informieren \u00fcber Wettbewerbe.<\/p>\n<p style=\"font-family: segoe ui, trebuchet ms;padding-top: 50px;padding-bottom: 5px;margin-top: 20px;margin-bottom: 10px;margin-left: 0px;font-size: 20px;border-top: 8px;border-bottom: 0px;border-left: 0px;border-right: 0px;border-style: solid;border-color: #A4A4A4\"><strong><img loading=\"lazy\" decoding=\"async\" class=\"alignnone wp-image-2450 size-full\" style=\"border: 0px solid #000000\" src=\"https:\/\/blogs.uni-paderborn.de\/kunstdidaktik\/files\/2018\/07\/Banner_1.jpg\" alt=\"\" width=\"2939\" height=\"980\" srcset=\"https:\/\/blogs.uni-paderborn.de\/kunstdidaktik\/files\/2018\/07\/Banner_1.jpg 2939w, https:\/\/blogs.uni-paderborn.de\/kunstdidaktik\/files\/2018\/07\/Banner_1-300x100.jpg 300w, https:\/\/blogs.uni-paderborn.de\/kunstdidaktik\/files\/2018\/07\/Banner_1-768x256.jpg 768w, https:\/\/blogs.uni-paderborn.de\/kunstdidaktik\/files\/2018\/07\/Banner_1-1024x341.jpg 1024w, https:\/\/blogs.uni-paderborn.de\/kunstdidaktik\/files\/2018\/07\/Banner_1-500x167.jpg 500w\" sizes=\"auto, (max-width: 2939px) 100vw, 2939px\" \/>Diese Veranstaltungen&nbsp;finden aktuell oder in n\u00e4chster Zukunft mit Beteiligung der Professur f\u00fcr Kunstdidaktik unter besonderer Ber\u00fccksichtigung von Inklusion statt:<br><br><\/strong><\/p> \n\n","protected":false},"excerpt":{"rendered":"<p>Die Professur Kunstdidaktik mit besonderer Ber\u00fccksichtigung von Inklusion beteiligt sich mit verschiedenen Workshops und Vortr\u00e4gen an Tagungen und bietet auch eigene Fortbildungen an. Auf dieser Seite weisen wir auf kommende eigene und interessante Veranstaltungen und informieren \u00fcber Wettbewerbe. Diese Veranstaltungen&nbsp;finden &hellip; <a href=\"https:\/\/blogs.uni-paderborn.de\/kunstdidaktik\/projekte-events\/veranstaltungen\/\">Weiterlesen <span class=\"meta-nav\">&rarr;<\/span><\/a><\/p>\n","protected":false},"author":7975,"featured_media":8691,"parent":90,"menu_order":0,"comment_status":"closed","ping_status":"closed","template":"","meta":{"footnotes":""},"class_list":["post-102","page","type-page","status-publish","has-post-thumbnail","hentry"],"_links":{"self":[{"href":"https:\/\/blogs.uni-paderborn.de\/kunstdidaktik\/wp-json\/wp\/v2\/pages\/102","targetHints":{"allow":["GET"]}}],"collection":[{"href":"https:\/\/blogs.uni-paderborn.de\/kunstdidaktik\/wp-json\/wp\/v2\/pages"}],"about":[{"href":"https:\/\/blogs.uni-paderborn.de\/kunstdidaktik\/wp-json\/wp\/v2\/types\/page"}],"author":[{"embeddable":true,"href":"https:\/\/blogs.uni-paderborn.de\/kunstdidaktik\/wp-json\/wp\/v2\/users\/7975"}],"replies":[{"embeddable":true,"href":"https:\/\/blogs.uni-paderborn.de\/kunstdidaktik\/wp-json\/wp\/v2\/comments?post=102"}],"version-history":[{"count":99,"href":"https:\/\/blogs.uni-paderborn.de\/kunstdidaktik\/wp-json\/wp\/v2\/pages\/102\/revisions"}],"predecessor-version":[{"id":9156,"href":"https:\/\/blogs.uni-paderborn.de\/kunstdidaktik\/wp-json\/wp\/v2\/pages\/102\/revisions\/9156"}],"up":[{"embeddable":true,"href":"https:\/\/blogs.uni-paderborn.de\/kunstdidaktik\/wp-json\/wp\/v2\/pages\/90"}],"wp:featuredmedia":[{"embeddable":true,"href":"https:\/\/blogs.uni-paderborn.de\/kunstdidaktik\/wp-json\/wp\/v2\/media\/8691"}],"wp:attachment":[{"href":"https:\/\/blogs.uni-paderborn.de\/kunstdidaktik\/wp-json\/wp\/v2\/media?parent=102"}],"curies":[{"name":"wp","href":"https:\/\/api.w.org\/{rel}","templated":true}]}}