{"id":27,"date":"2019-12-13T08:55:50","date_gmt":"2019-12-13T07:55:50","guid":{"rendered":"https:\/\/blogs.uni-paderborn.de\/kulturpreis\/?page_id=27"},"modified":"2021-10-20T18:08:26","modified_gmt":"2021-10-20T16:08:26","slug":"neuigkeiten","status":"publish","type":"page","link":"https:\/\/blogs.uni-paderborn.de\/kulturpreis\/neuigkeiten\/","title":{"rendered":"Neuigkeiten"},"content":{"rendered":"<div class=\"twoclick_social_bookmarks_post_27 social_share_privacy clearfix 1.6.4 locale-de_DE sprite-de_DE\"><\/div><div class=\"twoclick-js\"><script type=\"text\/javascript\">\/* <![CDATA[ *\/\njQuery(document).ready(function($){if($('.twoclick_social_bookmarks_post_27')){$('.twoclick_social_bookmarks_post_27').socialSharePrivacy({\"txt_help\":\"Wenn Sie diese Felder durch einen Klick aktivieren, werden Informationen an Facebook, Twitter, Flattr, Xing, t3n, LinkedIn, Pinterest oder Google eventuell ins Ausland \\u00fcbertragen und unter Umst\\u00e4nden auch dort gespeichert. N\\u00e4heres erfahren Sie durch einen Klick auf das <em>i<\\\/em>.\",\"settings_perma\":\"Dauerhaft aktivieren und Daten\\u00fcber-tragung zustimmen:\",\"info_link\":\"http:\\\/\\\/www.heise.de\\\/ct\\\/artikel\\\/2-Klicks-fuer-mehr-Datenschutz-1333879.html\",\"uri\":\"https:\\\/\\\/blogs.uni-paderborn.de\\\/kulturpreis\\\/neuigkeiten\\\/\",\"post_id\":27,\"post_title_referrer_track\":\"Neuigkeiten\",\"display_infobox\":\"on\"});}});\n\/* ]]> *\/<\/script><\/div>\n<p><\/p>\n\n\n\n<p><strong>[Oktober<\/strong> <strong>2021] <\/strong><\/p>\n\n\n\n<p><strong>K\u00fcrzlich fand ein weiteres digitales Projekttreffen des Projektes kulturPreis  statt.<\/strong><\/p>\n\n\n\n<p>Diesen Oktober haben wir uns digital mit unseren Projektpartnern sowie einer Vertreterin unseres Projekttr\u00e4gers DLR getroffen, um aktuelle Ergebnisse sowie die n\u00e4chsten Schritte im Projekt kulturPreis zu besprechen. Im Rahmen des Treffens hat das Team der TU Berlin und der Universit\u00e4t Paderborn gemeinsam mit den Projektpartnern, zu denen das Theater Paderborn, der Caritasverband Paderborn, das Pollux by Cineplex, der Musikclub Wohlsein, das HNF Heinz Nixdorf MuseumsForum, das Kulturamt der Stadt Paderborn sowie der Kreis Paderborn geh\u00f6ren, aktuelle Ergebnisse und das weitere Vorgehen innerhalb des Projektes, gerade in Hinblick auf die anhaltende Corona-Pandemie diskutiert. Diskutiert wurde der Prozess der Pilotierung einzelner innovativer Preiskonzepte bei den Projektpartnern sowie der Einfluss der Pandemie auf unsere Zielgruppe. Das Feedback und der Input von unseren Projektpartnern sind sehr gewinnbringend f\u00fcr unsere weitere Projektplanung.<\/p>\n\n\n\n<figure class=\"wp-block-image size-large\"><img loading=\"lazy\" decoding=\"async\" width=\"1024\" height=\"892\" src=\"https:\/\/blogs.uni-paderborn.de\/kulturpreis\/files\/2021\/10\/KulturPreis_2-1024x892.png\" alt=\"\" class=\"wp-image-573\" srcset=\"https:\/\/blogs.uni-paderborn.de\/kulturpreis\/files\/2021\/10\/KulturPreis_2-1024x892.png 1024w, https:\/\/blogs.uni-paderborn.de\/kulturpreis\/files\/2021\/10\/KulturPreis_2-300x261.png 300w, https:\/\/blogs.uni-paderborn.de\/kulturpreis\/files\/2021\/10\/KulturPreis_2-768x669.png 768w, https:\/\/blogs.uni-paderborn.de\/kulturpreis\/files\/2021\/10\/KulturPreis_2-1536x1338.png 1536w, https:\/\/blogs.uni-paderborn.de\/kulturpreis\/files\/2021\/10\/KulturPreis_2-2048x1784.png 2048w\" sizes=\"auto, (max-width: 1024px) 100vw, 1024px\" \/><figcaption>  <em>v.l.o.n.r.u.: C. Gockel-B\u00f6hner (Kulturamt der Stadt Paderborn), B. Flath (UPB), D. Kundisch (UPB), Emily Nass (UPB), M. K\u00f6ster (Theater Paderborn), M. Momen Pour Trafreshi (UPB), A. Brockmann (Stadt Paderborn), E. Brockmann (Caritas Paderborn), D. N\u00f6sner (Musikclub Wohlsein), A. Buchholz (TU Berlin), I. Rothkirch (HNF) N. W\u00fcnderlich (TU Berlin), S. M\u00fcller (UPB) <\/em>  <\/figcaption><\/figure>\n\n\n\n<p><strong>[Juli 2021<\/strong>]<\/p>\n\n\n\n<p><strong>K\u00fcrzlich konnten wir bei der 21.st Conference on Cultural Economics aktuelle Forschungsbeitr\u00e4ge aus unserem Projekt vorstellen. <\/strong><\/p>\n\n\n\n<p><strong>Vortr\u00e4ge:<\/strong><\/p>\n\n\n\n<ul class=\"wp-block-list\"><li>Althaus, M., M\u00fcller, S., Kundisch, D., 2021. What Price Culture? \u2013 A Taxonomy of Entry Pricing Policies at Museums, contribution at: 21st International Conference on Cultural Economics (ACEI2020).<\/li><li>M\u00fcller, S., Buchholz, A., Flath, B., Kundisch, D., Momen Pour Tafreshi, M., W\u00fcnderlich, N., 2021. The Agony of Finding the Right Pricing Policy for Cultural Institutions: Addressing Economic Viability and Cultural Participation through Innovative Pricing, contribution at: 21st International Conference on Cultural Economics (ACEI2020).<\/li><\/ul>\n\n\n\n<p><\/p>\n\n\n\n<p><strong>[Juni 2021<\/strong>]<\/p>\n\n\n\n<p><strong>K\u00fcrzlich konnten wir beim Arts and the Market Journal einen aktuellen Forschungsbeitrag aus unserem Projekt vorstellen.  <\/strong><\/p>\n\n\n\n<ul class=\"wp-block-list\"><li>Flath, B., Momen Pour Tafreshi, M., 2021. Work-related practices of local managers of live music events in Ostwestfalen-Lippe (OWL) and their impact on cultural participation. In:&nbsp;Arts and the Market, Vol. 11, Issue 2.<\/li><\/ul>\n\n\n\n<p><\/p>\n\n\n\n<p><strong>[M\u00e4rz 2021<\/strong>]<\/p>\n\n\n\n<p><strong>K\u00fcrzlich konnten wir bei der 4th IASPM D-A-CH Conference aktuelle Forschungsbeitr\u00e4ge aus unserem Projekt vorstellen.  <\/strong><\/p>\n\n\n\n<p>Flath, B., Kundisch, D., Momen Pour Tafreshi, M., M\u00fcller, S., 2021. Popmusikkulturen und kulturelle Teilhabe im Kontext gesellschaftlicher Transformationen. Panel bei der 4th IASPM D-A-CH Conference: Transformational POP \u2013 Transitions, Breaks, and Crises in Popular Music (Studies). <\/p>\n\n\n\n<p><strong>Vortr\u00e4ge:<\/strong><\/p>\n\n\n\n<ul class=\"wp-block-list\"><li>Flath, B., 2021. Popmusikkulturen und kulturelle Teilhabe: Reflexionen zu transdisziplin\u00e4rer Forschung an den Schnittstellen von Kulturmanagement, Kulturpolitik und Kulturvermittlung.<\/li><li>Momen Pour Tafreshi, M., 2021. Gesellschaftliche Transformationen und Teilhabe. Eine empirische Untersuchung zur Steigerung popmusik-kultureller Teilhabe von &#8222;verletzlichen Verbraucher*innen&#8220;<\/li><li>M\u00fcller, S., Kundisch, D., 2021. Gesellschaftliche Transformationen durch die Steigerung (popmusik)kultureller Teilhabe mittels innovativer Preiskonzepte \u2013 ein interdisziplin\u00e4rer Literatur\u00fcberblick<\/li><\/ul>\n\n\n\n<p><\/p>\n\n\n\n<p><strong>[April 2020<\/strong>]<\/p>\n\n\n\n<p><strong>K\u00fcrzlich konnten wir bei der Zeitung des Deutschen Kulturrates unser Projekt vorstellen.  <\/strong> <\/p>\n\n\n\n<ul class=\"wp-block-list\"><li>Flath, B., 2020. <a rel=\"noreferrer noopener\" href=\"https:\/\/www.kulturrat.de\/publikationen\/zeitung-pk\/ausgabe-nr-052020\/\" data-type=\"URL\" data-id=\"https:\/\/www.kulturrat.de\/publikationen\/zeitung-pk\/ausgabe-nr-052020\/\" target=\"_blank\">Kulturelle Teilhabe durch innovative Preiskonzepte steigern. Projekt an der Universit\u00e4t Paderborn<\/a>, Politik &amp; Kultur 5\/20, S. 15.<\/li><\/ul>\n\n\n\n<figure class=\"wp-block-embed is-type-wp-embed is-provider-deutscher-kulturrat wp-block-embed-deutscher-kulturrat\"><div class=\"wp-block-embed__wrapper\">\n<blockquote class=\"wp-embedded-content\" data-secret=\"Yta6ZfkFDK\"><a href=\"https:\/\/www.kulturrat.de\/publikationen\/zeitung-pk\/ausgabe-nr-052020\/\">Ausgabe: Nr. 05\/2020<\/a><\/blockquote><iframe loading=\"lazy\" class=\"wp-embedded-content\" sandbox=\"allow-scripts\" security=\"restricted\" style=\"position: absolute; clip: rect(1px, 1px, 1px, 1px);\" title=\"&#8222;Ausgabe: Nr. 05\/2020&#8220; &#8212; Deutscher Kulturrat\" src=\"https:\/\/www.kulturrat.de\/publikationen\/zeitung-pk\/ausgabe-nr-052020\/embed\/#?secret=Yta6ZfkFDK\" data-secret=\"Yta6ZfkFDK\" width=\"600\" height=\"338\" frameborder=\"0\" marginwidth=\"0\" marginheight=\"0\" scrolling=\"no\"><\/iframe>\n<\/div><\/figure>\n\n\n\n<p><\/p>\n\n\n\n<p>&nbsp;&nbsp;&nbsp;&nbsp;&nbsp;&nbsp;&nbsp;&nbsp;&nbsp;&nbsp;&nbsp; <\/p>\n","protected":false},"excerpt":{"rendered":"<p>[Oktober 2021] K\u00fcrzlich fand ein weiteres digitales Projekttreffen des Projektes kulturPreis statt. Diesen Oktober haben wir uns digital mit unseren Projektpartnern sowie einer Vertreterin unseres Projekttr\u00e4gers DLR getroffen, um aktuelle Ergebnisse sowie die n\u00e4chsten Schritte im Projekt kulturPreis zu besprechen. Im Rahmen des Treffens hat das Team der TU Berlin und der Universit\u00e4t Paderborn gemeinsam &hellip; <a href=\"https:\/\/blogs.uni-paderborn.de\/kulturpreis\/neuigkeiten\/\" class=\"more-link\"><span class=\"screen-reader-text\">Neuigkeiten<\/span> weiterlesen<\/a><\/p>\n","protected":false},"author":2772,"featured_media":0,"parent":0,"menu_order":7,"comment_status":"closed","ping_status":"closed","template":"","meta":{"footnotes":""},"class_list":["post-27","page","type-page","status-publish","hentry"],"_links":{"self":[{"href":"https:\/\/blogs.uni-paderborn.de\/kulturpreis\/wp-json\/wp\/v2\/pages\/27","targetHints":{"allow":["GET"]}}],"collection":[{"href":"https:\/\/blogs.uni-paderborn.de\/kulturpreis\/wp-json\/wp\/v2\/pages"}],"about":[{"href":"https:\/\/blogs.uni-paderborn.de\/kulturpreis\/wp-json\/wp\/v2\/types\/page"}],"author":[{"embeddable":true,"href":"https:\/\/blogs.uni-paderborn.de\/kulturpreis\/wp-json\/wp\/v2\/users\/2772"}],"replies":[{"embeddable":true,"href":"https:\/\/blogs.uni-paderborn.de\/kulturpreis\/wp-json\/wp\/v2\/comments?post=27"}],"version-history":[{"count":19,"href":"https:\/\/blogs.uni-paderborn.de\/kulturpreis\/wp-json\/wp\/v2\/pages\/27\/revisions"}],"predecessor-version":[{"id":577,"href":"https:\/\/blogs.uni-paderborn.de\/kulturpreis\/wp-json\/wp\/v2\/pages\/27\/revisions\/577"}],"wp:attachment":[{"href":"https:\/\/blogs.uni-paderborn.de\/kulturpreis\/wp-json\/wp\/v2\/media?parent=27"}],"curies":[{"name":"wp","href":"https:\/\/api.w.org\/{rel}","templated":true}]}}