{"id":26,"date":"2020-08-16T11:06:01","date_gmt":"2020-08-16T09:06:01","guid":{"rendered":"https:\/\/blogs.uni-paderborn.de\/kraft-bildungsdoku\/?page_id=26"},"modified":"2021-12-13T13:30:59","modified_gmt":"2021-12-13T12:30:59","slug":"ihr-feedback","status":"publish","type":"page","link":"https:\/\/blogs.uni-paderborn.de\/kraft-bildungsdoku\/ihr-feedback\/","title":{"rendered":"Ihr Feedback"},"content":{"rendered":"<div class=\"twoclick_social_bookmarks_post_26 social_share_privacy clearfix 1.6.4 locale-de_DE sprite-de_DE\"><\/div><div class=\"twoclick-js\"><script type=\"text\/javascript\">\/* <![CDATA[ *\/\njQuery(document).ready(function($){if($('.twoclick_social_bookmarks_post_26')){$('.twoclick_social_bookmarks_post_26').socialSharePrivacy({\"txt_help\":\"Wenn Sie diese Felder durch einen Klick aktivieren, werden Informationen an Facebook, Twitter, Flattr, Xing, t3n, LinkedIn, Pinterest oder Google eventuell ins Ausland \\u00fcbertragen und unter Umst\\u00e4nden auch dort gespeichert. N\\u00e4heres erfahren Sie durch einen Klick auf das <em>i<\\\/em>.\",\"settings_perma\":\"Dauerhaft aktivieren und Daten\\u00fcber-tragung zustimmen:\",\"info_link\":\"http:\\\/\\\/www.heise.de\\\/ct\\\/artikel\\\/2-Klicks-fuer-mehr-Datenschutz-1333879.html\",\"uri\":\"https:\\\/\\\/blogs.uni-paderborn.de\\\/kraft-bildungsdoku\\\/ihr-feedback\\\/\",\"post_id\":26,\"post_title_referrer_track\":\"Ihr+Feedback\",\"display_infobox\":\"on\"});}});\n\/* ]]> *\/<\/script><\/div>\n<div class=\"wp-block-image\"><figure class=\"alignright is-resized\"><img loading=\"lazy\" decoding=\"async\" src=\"https:\/\/blogs.uni-paderborn.de\/kraft-bildungsdoku\/files\/2020\/08\/blau-228x300.png\" alt=\"\" class=\"wp-image-44\" width=\"80\" height=\"225\" \/><\/figure><\/div>\n\n\n\n<p><p style=\"text-align: left;font-family: 'Century Gothic';font-size: 12pt\">Wie sind Sie beim Einsatz der KrafT Bildungsdokumentation vorgegangen, welche Erfahrungen konnten Sie mit KrafT gewinnen? Haben Sie&nbsp;<strong>Fragen oder Verbesserungsvorschl\u00e4ge?<\/strong><\/p><\/p>\n\n\n\n<p><p style=\"text-align: left;font-family: 'Century Gothic';font-size: 12pt\">Da es sich bei der KrafT Bildungsdokumentation um ein neues Instrument handelt, freuen wir uns \u00fcber Ihr Feedback!<\/p><\/p>\n\n\n\n<p><p style=\"text-align: left;font-family: 'Century Gothic';font-size: 12pt\">Daher w\u00fcrden wir Sie nach ersten Erfahrungen durch die praktische Arbeit mit der KrafT Bildungsdokumentation herzlich darum bitten, an einer kurzen <strong>Online-Evaluation<\/strong> unter folgendem Link teilzunehmen: \n<div style=\"font-family: 'Century Gothic';font-size: 12pt;text-align: justify\"><strong><a href=\"https:\/\/umfragen.uni-paderborn.de\/index.php\/388315?lang=de\">https:\/\/umfragen.uni-paderborn.de\/index.php\/388315?lang=de<\/a><\/strong><\/div>\n<\/p>\n\n\n\n<p><p style=\"text-align: left;font-family: 'Century Gothic';font-size: 12pt\">Hier k\u00f6nnen Sie einen Blick in die Informationen \u00fcber die Verarbeitung personenbezogener Daten bei der Nutzung des Umfragesystems LimeSurvey der Universit\u00e4t Paderborn werfen.<\/p>\n\n\n\n<li><a href=\"https:\/\/blogs.uni-paderborn.de\/kraft-bildungsdoku\/files\/2021\/04\/Datenschutzerkla\u0308rung_zum_Fragebogen_KrafT_Evaluation_DSB_final.pdf\">Datenschutzerkl\u00e4rung zur Evaluation der KrafT Bildungsdokumentation<\/a><\/li>\n<li><a href=\"https:\/\/blogs.uni-paderborn.de\/kraft-bildungsdoku\/files\/2021\/04\/Datenschutzerklaerung_LimeSurvey_final.pdf\">Datenschutzerkl\u00e4rung LimeSurvey<\/a><\/li>\n<li><a href=\"https:\/\/blogs.uni-paderborn.de\/kraft-bildungsdoku\/files\/2021\/04\/Nutzungsvereinbarung-Limesurvey_final.pdf\">Nutzungsvereinbarung LimeSurvey<\/a><\/li>\n\n\n\n<p><\/p><p style=\"text-align: left;font-family: 'Century Gothic';font-size: 12pt\">Bei weiteren Fragen oder allgemeinen R\u00fcckmeldungen kontaktieren Sie bitte Petra B\u00fcker (<a href=\"mailto:petra.bueker@uni-paderborn.de\">petra.bueker@uni-paderborn.de<\/a>) oder Jana Herding (<a href=\"mailto:jana.herding@uni-paderborn.de\">jana.herding@uni-paderborn.de<\/a>) aus dem Autorenteam der KrafT Bildungsdokumentation.<\/p><p><\/p>\n\n\n\n\n\n<figure class=\"wp-block-image is-resized\"><img loading=\"lazy\" decoding=\"async\" src=\"https:\/\/blogs.uni-paderborn.de\/kraft-bildungsdoku\/files\/2020\/10\/KrafT4.png\" alt=\"\" class=\"wp-image-578\" width=\"617\" height=\"178\" \/><\/figure>\n","protected":false},"excerpt":{"rendered":"<p>Wie sind Sie beim Einsatz der KrafT Bildungsdokumentation vorgegangen, welche Erfahrungen konnten Sie mit KrafT gewinnen? Haben Sie&nbsp;Fragen oder Verbesserungsvorschl\u00e4ge? Da es sich bei der KrafT Bildungsdokumentation um ein neues Instrument handelt, freuen wir uns \u00fcber Ihr Feedback! Daher w\u00fcrden &hellip; <a href=\"https:\/\/blogs.uni-paderborn.de\/kraft-bildungsdoku\/ihr-feedback\/\">Weiterlesen <span class=\"meta-nav\">&rarr;<\/span><\/a><\/p>\n","protected":false},"author":8904,"featured_media":0,"parent":0,"menu_order":4,"comment_status":"closed","ping_status":"closed","template":"","meta":{"footnotes":""},"class_list":["post-26","page","type-page","status-publish","hentry"],"_links":{"self":[{"href":"https:\/\/blogs.uni-paderborn.de\/kraft-bildungsdoku\/wp-json\/wp\/v2\/pages\/26","targetHints":{"allow":["GET"]}}],"collection":[{"href":"https:\/\/blogs.uni-paderborn.de\/kraft-bildungsdoku\/wp-json\/wp\/v2\/pages"}],"about":[{"href":"https:\/\/blogs.uni-paderborn.de\/kraft-bildungsdoku\/wp-json\/wp\/v2\/types\/page"}],"author":[{"embeddable":true,"href":"https:\/\/blogs.uni-paderborn.de\/kraft-bildungsdoku\/wp-json\/wp\/v2\/users\/8904"}],"replies":[{"embeddable":true,"href":"https:\/\/blogs.uni-paderborn.de\/kraft-bildungsdoku\/wp-json\/wp\/v2\/comments?post=26"}],"version-history":[{"count":42,"href":"https:\/\/blogs.uni-paderborn.de\/kraft-bildungsdoku\/wp-json\/wp\/v2\/pages\/26\/revisions"}],"predecessor-version":[{"id":713,"href":"https:\/\/blogs.uni-paderborn.de\/kraft-bildungsdoku\/wp-json\/wp\/v2\/pages\/26\/revisions\/713"}],"wp:attachment":[{"href":"https:\/\/blogs.uni-paderborn.de\/kraft-bildungsdoku\/wp-json\/wp\/v2\/media?parent=26"}],"curies":[{"name":"wp","href":"https:\/\/api.w.org\/{rel}","templated":true}]}}