{"id":22,"date":"2020-08-16T11:05:03","date_gmt":"2020-08-16T09:05:03","guid":{"rendered":"https:\/\/blogs.uni-paderborn.de\/kraft-bildungsdoku\/?page_id=22"},"modified":"2024-08-30T09:59:47","modified_gmt":"2024-08-30T07:59:47","slug":"zu-kraft","status":"publish","type":"page","link":"https:\/\/blogs.uni-paderborn.de\/kraft-bildungsdoku\/zu-kraft\/","title":{"rendered":"Zu KrafT"},"content":{"rendered":"<div class=\"twoclick_social_bookmarks_post_22 social_share_privacy clearfix 1.6.4 locale-de_DE sprite-de_DE\"><\/div><div class=\"twoclick-js\"><script type=\"text\/javascript\">\/* <![CDATA[ *\/\njQuery(document).ready(function($){if($('.twoclick_social_bookmarks_post_22')){$('.twoclick_social_bookmarks_post_22').socialSharePrivacy({\"txt_help\":\"Wenn Sie diese Felder durch einen Klick aktivieren, werden Informationen an Facebook, Twitter, Flattr, Xing, t3n, LinkedIn, Pinterest oder Google eventuell ins Ausland \\u00fcbertragen und unter Umst\\u00e4nden auch dort gespeichert. N\\u00e4heres erfahren Sie durch einen Klick auf das <em>i<\\\/em>.\",\"settings_perma\":\"Dauerhaft aktivieren und Daten\\u00fcber-tragung zustimmen:\",\"info_link\":\"http:\\\/\\\/www.heise.de\\\/ct\\\/artikel\\\/2-Klicks-fuer-mehr-Datenschutz-1333879.html\",\"uri\":\"https:\\\/\\\/blogs.uni-paderborn.de\\\/kraft-bildungsdoku\\\/zu-kraft\\\/\",\"post_id\":22,\"post_title_referrer_track\":\"Zu+KrafT\",\"display_infobox\":\"on\"});}});\n\/* ]]> *\/<\/script><\/div><div class=\"wp-block-image\">\n<figure class=\"alignright is-resized\"><img loading=\"lazy\" decoding=\"async\" width=\"228\" height=\"300\" src=\"https:\/\/blogs.uni-paderborn.de\/kraft-bildungsdoku\/files\/2020\/08\/orange-228x300.png\" alt=\"\" class=\"wp-image-52\" style=\"width:80px;height:185px\" srcset=\"https:\/\/blogs.uni-paderborn.de\/kraft-bildungsdoku\/files\/2020\/08\/orange-228x300.png 228w, https:\/\/blogs.uni-paderborn.de\/kraft-bildungsdoku\/files\/2020\/08\/orange.png 447w\" sizes=\"auto, (max-width: 228px) 100vw, 228px\" \/><\/figure>\n<\/div>\n\n\n<p style=\"text-align: left;font-family: 'Century Gothic';font-size: 12pt\">Hier finden Sie die gesamte aktuelle Auflage von KrafT zur st\u00e4rkenorientierten Bildungsdokumentation in einer inklusiven Schule.<\/p>\n<p style=\"text-align: left;font-family: 'Century Gothic';font-size: 12pt\"><strong data-rich-text-format-boundary=\"true\">Wenn Sie auf KrafT zugreifen m\u00f6chten, ist eine Anmeldung \u00fcber ein Kontaktformular erforderlich. Nach der Anmeldung senden wir Ihnen innerhalb weniger Tage eine Email mit KrafT als PDF im Anhang kostenlos zu<\/strong>.<\/p>\n<p style=\"text-align: left;font-family: 'Century Gothic';font-size: 12pt\">Sie k\u00f6nnen KrafT dann f\u00fcr den Gebrauch in Ihrer Einrichtung ausdrucken oder mit dem beschreibbaren PDF-Format digital arbeiten und selbstverst\u00e4ndlich f\u00fcr den Eigenbedarf entsprechend adaptieren. F\u00fcr den Ausdruck empfehlen wir Ihnen die Verwendung eines Farbdruckers.<\/p>\n<p>\n<\/p><p style=\"text-align: left\"><a href=\"https:\/\/blogs.uni-paderborn.de\/kraft-bildungsdoku\/files\/2020\/10\/KrafT-Stand_Einblick2.pdf\"><img loading=\"lazy\" decoding=\"async\" class=\"alignnone\" src=\"https:\/\/groups.uni-paderborn.de\/ag-bueker\/paderborner-qualitaetsstern-kita-gs\/page\/images\/ErsterBlick_Symbol.png\" alt=\"Vorschau\" width=\"70\" height=\"70\">&nbsp; &nbsp; &nbsp; <strong>Hier<\/strong><\/a> k\u00f6nnen Sie einen <strong>ersten Blick<\/strong> in KrafT werfen.<\/p>\n\n<\/p><p style=\"text-align: left\"><a href=\"https:\/\/kw.uni-paderborn.de\/institut-fuer-erziehungswissenschaft\/arbeitsbereiche\/grundschulpaedagogik-und-fruehe-bildung\/forschungsprojekte-prof-dr-petra-bueker\/kraft-bildungsdokumentation\/anmeldeformular-kraft\"><img loading=\"lazy\" decoding=\"async\" class=\"alignnone\" src=\"https:\/\/blogs.uni-paderborn.de\/kraft-bildungsdoku\/files\/2020\/08\/Kontaktformular_Zu-KrafT.png\" alt=\"Kontaktformular\" width=\"70\" height=\"70\">&nbsp; &nbsp; &nbsp; <strong>Hier<\/strong><\/a> geht es zum <strong>Kontaktformular<\/strong>.<\/p>\n\n<br>\n<div style=\"font-family: 'Century Gothic';font-size: 12pt;text-align: justify\"><strong><a href=\"mailto:kraft@kw.uni-paderborn.de\">kraft(at)kw.uni-paderborn(dot)de<\/a><\/strong><\/div>\n<br>\n<br>\n\n\n\n<figure class=\"wp-block-image is-resized\"><img loading=\"lazy\" decoding=\"async\" width=\"1000\" height=\"288\" src=\"https:\/\/blogs.uni-paderborn.de\/kraft-bildungsdoku\/files\/2020\/10\/KrafT2.png\" alt=\"\" class=\"wp-image-572\" style=\"width:600px;height:173px\" \/><\/figure>\n","protected":false},"excerpt":{"rendered":"<p>Hier finden Sie die gesamte aktuelle Auflage von KrafT zur st\u00e4rkenorientierten Bildungsdokumentation in einer inklusiven Schule. Wenn Sie auf KrafT zugreifen m\u00f6chten, ist eine Anmeldung \u00fcber ein Kontaktformular erforderlich. Nach der Anmeldung senden wir Ihnen innerhalb weniger Tage eine Email &hellip; <a href=\"https:\/\/blogs.uni-paderborn.de\/kraft-bildungsdoku\/zu-kraft\/\">Weiterlesen <span class=\"meta-nav\">&rarr;<\/span><\/a><\/p>\n","protected":false},"author":8904,"featured_media":0,"parent":0,"menu_order":3,"comment_status":"closed","ping_status":"closed","template":"","meta":{"footnotes":""},"class_list":["post-22","page","type-page","status-publish","hentry"],"_links":{"self":[{"href":"https:\/\/blogs.uni-paderborn.de\/kraft-bildungsdoku\/wp-json\/wp\/v2\/pages\/22","targetHints":{"allow":["GET"]}}],"collection":[{"href":"https:\/\/blogs.uni-paderborn.de\/kraft-bildungsdoku\/wp-json\/wp\/v2\/pages"}],"about":[{"href":"https:\/\/blogs.uni-paderborn.de\/kraft-bildungsdoku\/wp-json\/wp\/v2\/types\/page"}],"author":[{"embeddable":true,"href":"https:\/\/blogs.uni-paderborn.de\/kraft-bildungsdoku\/wp-json\/wp\/v2\/users\/8904"}],"replies":[{"embeddable":true,"href":"https:\/\/blogs.uni-paderborn.de\/kraft-bildungsdoku\/wp-json\/wp\/v2\/comments?post=22"}],"version-history":[{"count":31,"href":"https:\/\/blogs.uni-paderborn.de\/kraft-bildungsdoku\/wp-json\/wp\/v2\/pages\/22\/revisions"}],"predecessor-version":[{"id":757,"href":"https:\/\/blogs.uni-paderborn.de\/kraft-bildungsdoku\/wp-json\/wp\/v2\/pages\/22\/revisions\/757"}],"wp:attachment":[{"href":"https:\/\/blogs.uni-paderborn.de\/kraft-bildungsdoku\/wp-json\/wp\/v2\/media?parent=22"}],"curies":[{"name":"wp","href":"https:\/\/api.w.org\/{rel}","templated":true}]}}