{"id":212,"date":"2020-09-28T12:10:49","date_gmt":"2020-09-28T10:10:49","guid":{"rendered":"https:\/\/blogs.uni-paderborn.de\/kraft-bildungsdoku\/?page_id=212"},"modified":"2021-12-13T13:33:33","modified_gmt":"2021-12-13T12:33:33","slug":"impressum","status":"publish","type":"page","link":"https:\/\/blogs.uni-paderborn.de\/kraft-bildungsdoku\/impressum\/","title":{"rendered":"Impressum"},"content":{"rendered":"<div class=\"twoclick_social_bookmarks_post_212 social_share_privacy clearfix 1.6.4 locale-de_DE sprite-de_DE\"><\/div><div class=\"twoclick-js\"><script type=\"text\/javascript\">\/* <![CDATA[ *\/\njQuery(document).ready(function($){if($('.twoclick_social_bookmarks_post_212')){$('.twoclick_social_bookmarks_post_212').socialSharePrivacy({\"txt_help\":\"Wenn Sie diese Felder durch einen Klick aktivieren, werden Informationen an Facebook, Twitter, Flattr, Xing, t3n, LinkedIn, Pinterest oder Google eventuell ins Ausland \\u00fcbertragen und unter Umst\\u00e4nden auch dort gespeichert. N\\u00e4heres erfahren Sie durch einen Klick auf das <em>i<\\\/em>.\",\"settings_perma\":\"Dauerhaft aktivieren und Daten\\u00fcber-tragung zustimmen:\",\"info_link\":\"http:\\\/\\\/www.heise.de\\\/ct\\\/artikel\\\/2-Klicks-fuer-mehr-Datenschutz-1333879.html\",\"uri\":\"https:\\\/\\\/blogs.uni-paderborn.de\\\/kraft-bildungsdoku\\\/impressum\\\/\",\"post_id\":212,\"post_title_referrer_track\":\"Impressum\",\"display_infobox\":\"on\"});}});\n\/* ]]> *\/<\/script><\/div>\n<div class=\"wp-block-image\"><figure class=\"alignright is-resized\"><img loading=\"lazy\" decoding=\"async\" src=\"https:\/\/blogs.uni-paderborn.de\/kraft-bildungsdoku\/files\/2020\/08\/gelb-228x300.png\" alt=\"\" class=\"wp-image-46\" width=\"80\" height=\"225\" \/><\/figure><\/div>\n\n\n\n<p style=\"text-align: left;font-family: 'Century Gothic';font-size: 12pt\">\n<p style=\"text-align: left;font-family: 'Century Gothic';font-size: 12pt\">1. Auflage 2020<br><\/p>\n<p style=\"text-align: left;font-family: 'Century Gothic';font-size: 12pt\"><strong>Autorinnen:<\/strong><\/p>\n<p style=\"text-align: left;font-family: 'Century Gothic';font-size: 12pt\">Petra B\u00fcker; Jana Herding (geb. Ogrodowski); Teresa Antenbrink<\/p>\n<p style=\"text-align: left;font-family: 'Century Gothic';font-size: 12pt\"><strong>Verantwortlich f\u00fcr den Inhalt:<\/strong><\/p>\n<p style=\"text-align: left;font-family: 'Century Gothic';font-size: 12pt\">Petra B\u00fcker und Jana Herding (geb. Ogrodowski), Universit\u00e4t Paderborn, Institut f\u00fcr Erziehungswissenschaft, Arbeitsbereich Grundschulp\u00e4dagogik und Fr\u00fche Bildung und Teresa Antenbrink, Grundschulverbund Beverungen.<\/p>\n<p style=\"text-align: left;font-family: 'Century Gothic';font-size: 12pt\">F\u00fcr den Inhalt des Vielfaltstableaus sind die Autor*innen des Autorenteams Vielfaltstableau verantwortlich: Anja Bahnschulte; Petra B\u00fcker; Dorothea Backe-Neuwald; Martin Berkemeier; Cathleen Bethke; Marethe Faber; Stefanie Meier; Annette P\u00fctter; Katja Reckelkamm; Theresia Schulze Mengering; Melanie Seibel; Sandra Sonnenbrodt; Karin Stoer-Schulte; Christine Wei\u00df; Andrea Wodtke; Gabriele Wolters-Ruschkowski; Ursula Wulff.<\/p>\n<p style=\"text-align: left;font-family: 'Century Gothic';font-size: 12pt\"><strong>Urheberrecht:<\/strong><\/p>\n<p style=\"text-align: left;font-family: 'Century Gothic';font-size: 12pt\">Diese Schrift ist urheberrechtlich gesch\u00fctzt.<\/p>\n<p style=\"text-align: left;font-family: 'Century Gothic';font-size: 12pt\"><a rel=\"license\" href=\"http:\/\/creativecommons.org\/licenses\/by-nc-sa\/4.0\/\"><img decoding=\"async\" alt=\"Creative Commons Lizenzvertrag\" style=\"border-width:0\" src=\"https:\/\/i.creativecommons.org\/l\/by-nc-sa\/4.0\/88x31.png\"><\/a><br><span>KrafT: St\u00e4rkenorientierte Bildungsdokumentation<\/span> von <a href=\"https:\/\/blogs.uni-paderborn.de\/kraft-bildungsdoku\/\" rel=\"cc:attributionURL\">Universit\u00e4t Paderborn<\/a> ist lizenziert unter einer <a rel=\"license\" href=\"http:\/\/creativecommons.org\/licenses\/by-nc-sa\/4.0\/\">Creative Commons Namensnennung &#8211; Nicht-kommerziell &#8211; Weitergabe unter gleichen Bedingungen 4.0 International Lizenz<\/a>.<\/p>\n<p style=\"text-align: left;font-family: 'Century Gothic';font-size: 12pt\"><strong>Haftungsausschluss:<\/strong><\/p>\n<p style=\"text-align: left;font-family: 'Century Gothic';font-size: 12pt\">Die Autor*innen weisen ausdr\u00fccklich darauf hin, dass keine Haftung bei der Verletzung der geltenden Datenschutz-Grundverordnung (DSGVO) oder nicht legitimierter Nutzung des Instruments \u00fcbernommen wird.<\/p>\n<p style=\"text-align: left;font-family: 'Century Gothic';font-size: 12pt\"><strong>Nachweis:<\/strong><\/p>\n<p style=\"text-align: left;font-family: 'Century Gothic';font-size: 12pt\">Wenn auf das hier vorliegende Konzept zur st\u00e4rkenorientierten Bildungsdokumentation zu wissenschaftlichen oder anderen Zwecken verwiesen werden soll, ist diese Schrift zu zitieren als: B\u00fcker, P., Ogrodowski, J. und Antenbrink, T. (2020): KrafT Bildungsdokumentation: Kind- und ressourcenorientierte, analysebasierte, fortschrittsorientierte Bildungsbegleitung im Team planen, dokumentieren und reflektieren.<\/p>\n\n\n\n<figure class=\"wp-block-image is-resized\"><img loading=\"lazy\" decoding=\"async\" src=\"https:\/\/blogs.uni-paderborn.de\/kraft-bildungsdoku\/files\/2020\/10\/KrafT2.png\" alt=\"\" class=\"wp-image-572\" width=\"602\" height=\"173\" \/><\/figure>\n","protected":false},"excerpt":{"rendered":"<p>1. Auflage 2020 Autorinnen: Petra B\u00fcker; Jana Herding (geb. Ogrodowski); Teresa Antenbrink Verantwortlich f\u00fcr den Inhalt: Petra B\u00fcker und Jana Herding (geb. Ogrodowski), Universit\u00e4t Paderborn, Institut f\u00fcr Erziehungswissenschaft, Arbeitsbereich Grundschulp\u00e4dagogik und Fr\u00fche Bildung und Teresa Antenbrink, Grundschulverbund Beverungen. F\u00fcr den &hellip; <a href=\"https:\/\/blogs.uni-paderborn.de\/kraft-bildungsdoku\/impressum\/\">Weiterlesen <span class=\"meta-nav\">&rarr;<\/span><\/a><\/p>\n","protected":false},"author":8904,"featured_media":0,"parent":0,"menu_order":5,"comment_status":"closed","ping_status":"closed","template":"","meta":{"footnotes":""},"class_list":["post-212","page","type-page","status-publish","hentry"],"_links":{"self":[{"href":"https:\/\/blogs.uni-paderborn.de\/kraft-bildungsdoku\/wp-json\/wp\/v2\/pages\/212","targetHints":{"allow":["GET"]}}],"collection":[{"href":"https:\/\/blogs.uni-paderborn.de\/kraft-bildungsdoku\/wp-json\/wp\/v2\/pages"}],"about":[{"href":"https:\/\/blogs.uni-paderborn.de\/kraft-bildungsdoku\/wp-json\/wp\/v2\/types\/page"}],"author":[{"embeddable":true,"href":"https:\/\/blogs.uni-paderborn.de\/kraft-bildungsdoku\/wp-json\/wp\/v2\/users\/8904"}],"replies":[{"embeddable":true,"href":"https:\/\/blogs.uni-paderborn.de\/kraft-bildungsdoku\/wp-json\/wp\/v2\/comments?post=212"}],"version-history":[{"count":21,"href":"https:\/\/blogs.uni-paderborn.de\/kraft-bildungsdoku\/wp-json\/wp\/v2\/pages\/212\/revisions"}],"predecessor-version":[{"id":712,"href":"https:\/\/blogs.uni-paderborn.de\/kraft-bildungsdoku\/wp-json\/wp\/v2\/pages\/212\/revisions\/712"}],"wp:attachment":[{"href":"https:\/\/blogs.uni-paderborn.de\/kraft-bildungsdoku\/wp-json\/wp\/v2\/media?parent=212"}],"curies":[{"name":"wp","href":"https:\/\/api.w.org\/{rel}","templated":true}]}}

<div class="twoclick_social_bookmarks_post_212 social_share_privacy clearfix 1.6.4 locale-de_DE sprite-de_DE"></div><div class="twoclick-js"><script type="text/javascript">/* <![CDATA[ */
jQuery(document).ready(function($){if($('.twoclick_social_bookmarks_post_212')){$('.twoclick_social_bookmarks_post_212').socialSharePrivacy({"txt_help":"Wenn Sie diese Felder durch einen Klick aktivieren, werden Informationen an Facebook, Twitter, Flattr, Xing, t3n, LinkedIn, Pinterest oder Google eventuell ins Ausland \u00fcbertragen und unter Umst\u00e4nden auch dort gespeichert. N\u00e4heres erfahren Sie durch einen Klick auf das <em>i<\/em>.","settings_perma":"Dauerhaft aktivieren und Daten\u00fcber-tragung zustimmen:","info_link":"http:\/\/www.heise.de\/ct\/artikel\/2-Klicks-fuer-mehr-Datenschutz-1333879.html","uri":"https:\/\/blogs.uni-paderborn.de\/kraft-bildungsdoku\/impressum\/","post_id":212,"post_title_referrer_track":"Impressum","display_infobox":"on"});}});
/* ]]> */</script></div>
<div class="wp-block-image"><figure class="alignright is-resized"><img loading="lazy" decoding="async" src="https://blogs.uni-paderborn.de/kraft-bildungsdoku/files/2020/08/gelb-228x300.png" alt="" class="wp-image-46" width="80" height="225" /></figure></div>



<p style="text-align: left;font-family: 'Century Gothic';font-size: 12pt">
<p style="text-align: left;font-family: 'Century Gothic';font-size: 12pt">1. Auflage 2020<br></p>
<p style="text-align: left;font-family: 'Century Gothic';font-size: 12pt"><strong>Autorinnen:</strong></p>
<p style="text-align: left;font-family: 'Century Gothic';font-size: 12pt">Petra Büker; Jana Herding (geb. Ogrodowski); Teresa Antenbrink</p>
<p style="text-align: left;font-family: 'Century Gothic';font-size: 12pt"><strong>Verantwortlich für den Inhalt:</strong></p>
<p style="text-align: left;font-family: 'Century Gothic';font-size: 12pt">Petra Büker und Jana Herding (geb. Ogrodowski), Universität Paderborn, Institut für Erziehungswissenschaft, Arbeitsbereich Grundschulpädagogik und Frühe Bildung und Teresa Antenbrink, Grundschulverbund Beverungen.</p>
<p style="text-align: left;font-family: 'Century Gothic';font-size: 12pt">Für den Inhalt des Vielfaltstableaus sind die Autor*innen des Autorenteams Vielfaltstableau verantwortlich: Anja Bahnschulte; Petra Büker; Dorothea Backe-Neuwald; Martin Berkemeier; Cathleen Bethke; Marethe Faber; Stefanie Meier; Annette Pütter; Katja Reckelkamm; Theresia Schulze Mengering; Melanie Seibel; Sandra Sonnenbrodt; Karin Stoer-Schulte; Christine Weiß; Andrea Wodtke; Gabriele Wolters-Ruschkowski; Ursula Wulff.</p>
<p style="text-align: left;font-family: 'Century Gothic';font-size: 12pt"><strong>Urheberrecht:</strong></p>
<p style="text-align: left;font-family: 'Century Gothic';font-size: 12pt">Diese Schrift ist urheberrechtlich geschützt.</p>
<p style="text-align: left;font-family: 'Century Gothic';font-size: 12pt"><a rel="license" href="http://creativecommons.org/licenses/by-nc-sa/4.0/"><img decoding="async" alt="Creative Commons Lizenzvertrag" style="border-width:0" src="https://i.creativecommons.org/l/by-nc-sa/4.0/88x31.png"></a><br><span>KrafT: Stärkenorientierte Bildungsdokumentation</span> von <a href="https://blogs.uni-paderborn.de/kraft-bildungsdoku/" rel="cc:attributionURL">Universität Paderborn</a> ist lizenziert unter einer <a rel="license" href="http://creativecommons.org/licenses/by-nc-sa/4.0/">Creative Commons Namensnennung &#8211; Nicht-kommerziell &#8211; Weitergabe unter gleichen Bedingungen 4.0 International Lizenz</a>.</p>
<p style="text-align: left;font-family: 'Century Gothic';font-size: 12pt"><strong>Haftungsausschluss:</strong></p>
<p style="text-align: left;font-family: 'Century Gothic';font-size: 12pt">Die Autor*innen weisen ausdrücklich darauf hin, dass keine Haftung bei der Verletzung der geltenden Datenschutz-Grundverordnung (DSGVO) oder nicht legitimierter Nutzung des Instruments übernommen wird.</p>
<p style="text-align: left;font-family: 'Century Gothic';font-size: 12pt"><strong>Nachweis:</strong></p>
<p style="text-align: left;font-family: 'Century Gothic';font-size: 12pt">Wenn auf das hier vorliegende Konzept zur stärkenorientierten Bildungsdokumentation zu wissenschaftlichen oder anderen Zwecken verwiesen werden soll, ist diese Schrift zu zitieren als: Büker, P., Ogrodowski, J. und Antenbrink, T. (2020): KrafT Bildungsdokumentation: Kind- und ressourcenorientierte, analysebasierte, fortschrittsorientierte Bildungsbegleitung im Team planen, dokumentieren und reflektieren.</p>



<figure class="wp-block-image is-resized"><img loading="lazy" decoding="async" src="https://blogs.uni-paderborn.de/kraft-bildungsdoku/files/2020/10/KrafT2.png" alt="" class="wp-image-572" width="602" height="173" /></figure>

<p>1. Auflage 2020 Autorinnen: Petra Büker; Jana Herding (geb. Ogrodowski); Teresa Antenbrink Verantwortlich für den Inhalt: Petra Büker und Jana Herding (geb. Ogrodowski), Universität Paderborn, Institut für Erziehungswissenschaft, Arbeitsbereich Grundschulpädagogik und Frühe Bildung und Teresa Antenbrink, Grundschulverbund Beverungen. Für den &hellip; <a href="https://blogs.uni-paderborn.de/kraft-bildungsdoku/impressum/">Weiterlesen <span class="meta-nav">&rarr;</span></a></p>
