{"id":18,"date":"2020-08-16T11:01:33","date_gmt":"2020-08-16T09:01:33","guid":{"rendered":"https:\/\/blogs.uni-paderborn.de\/kraft-bildungsdoku\/?page_id=18"},"modified":"2020-11-11T13:28:16","modified_gmt":"2020-11-11T12:28:16","slug":"konzept","status":"publish","type":"page","link":"https:\/\/blogs.uni-paderborn.de\/kraft-bildungsdoku\/konzept\/","title":{"rendered":"Konzept"},"content":{"rendered":"<div class=\"twoclick_social_bookmarks_post_18 social_share_privacy clearfix 1.6.4 locale-de_DE sprite-de_DE\"><\/div><div class=\"twoclick-js\"><script type=\"text\/javascript\">\/* <![CDATA[ *\/\njQuery(document).ready(function($){if($('.twoclick_social_bookmarks_post_18')){$('.twoclick_social_bookmarks_post_18').socialSharePrivacy({\"txt_help\":\"Wenn Sie diese Felder durch einen Klick aktivieren, werden Informationen an Facebook, Twitter, Flattr, Xing, t3n, LinkedIn, Pinterest oder Google eventuell ins Ausland \\u00fcbertragen und unter Umst\\u00e4nden auch dort gespeichert. N\\u00e4heres erfahren Sie durch einen Klick auf das <em>i<\\\/em>.\",\"settings_perma\":\"Dauerhaft aktivieren und Daten\\u00fcber-tragung zustimmen:\",\"info_link\":\"http:\\\/\\\/www.heise.de\\\/ct\\\/artikel\\\/2-Klicks-fuer-mehr-Datenschutz-1333879.html\",\"uri\":\"https:\\\/\\\/blogs.uni-paderborn.de\\\/kraft-bildungsdoku\\\/konzept\\\/\",\"post_id\":18,\"post_title_referrer_track\":\"Konzept\",\"display_infobox\":\"on\"});}});\n\/* ]]> *\/<\/script><\/div>\n<div class=\"wp-block-image\"><figure class=\"alignright is-resized\"><img loading=\"lazy\" decoding=\"async\" src=\"https:\/\/blogs.uni-paderborn.de\/kraft-bildungsdoku\/files\/2020\/08\/path1045-88-25a.png\" alt=\"\" class=\"wp-image-54\" width=\"80\" height=\"151\" \/><\/figure><\/div>\n\n\n<p style=\"text-align: left;font-family: 'Century Gothic';font-size: 12pt\">Die Kernideen von KrafT fu\u00dfen auf dem Grundgedanken der webbasierten Fallsammlung\u201e<a href=\"https:\/\/vielfaltstableau.uni-paderborn.de\/\">Vielfaltstableau<\/a>\u201c, Inklusion vom Kind aus zu denken und gemeinsam mit dem Kind zu gestalten.<\/p>\n<p style=\"text-align: left;font-family: 'Century Gothic';font-size: 12pt\">KrafT ist daher im \u00dcberblick derart konzipiert, dass es:<\/p>\n<ul>\n<li style=\"text-align: left;font-family: 'Century Gothic';font-size: 12pt\">vom Kind, dessen Bed\u00fcrfnissen und St\u00e4rken einschlie\u00dflich der Ressourcen seines sozialen Systems ausgeht,<\/li>\n<li style=\"text-align: left;font-family: 'Century Gothic';font-size: 12pt\">das Kind selbst konsequent partizipatorisch und als Teil des Teams in die Lern- und Entwicklungsplanung sowie die Reflexion seiner Bildungsprozesse einbezieht<\/li>\n<li style=\"text-align: left;font-family: 'Century Gothic';font-size: 12pt\">individuelle F\u00f6rderung und die F\u00f6rderung der heterogenen Lerngruppe \u201ein einer Schule der Vielfalt\u201c zusammendenkt, <br \/>eine Struktur bietet, die alle in die Bildungsbegleitung involvierten Akteure leicht in den fachlichen Dialog bringt und<br \/>neben der Lern- und Entwicklungsf\u00f6rderung des Kindes auch die Professionalisierung der erwachsenen Akteure intendiert und erm\u00f6glicht<\/li>\n<\/ul>\n<p style=\"text-align: left;font-family: 'Century Gothic';font-size: 12pt\">So soll KrafT nicht auf systematisierte Erfassungsb\u00f6gen zur schriftlichen Fixierung von Beobachtungen und Vereinbarungen im Zusammenhang von Bildungsprozessen beschr\u00e4nkt sein.<\/p>\n<p style=\"text-align: left;font-family: 'Century Gothic';font-size: 12pt\">Vielmehr bietet das Verfahren KrafT ein Konzept zur <strong>Unterst\u00fctzung<\/strong> einer strukturierten gemeinsamen Planung, Reflexion und Dokumentation von Bildungsprozessen im Team.<\/p>\n<p style=\"text-align: left;font-family: 'Century Gothic';font-size: 12pt\">Dabei beruht es auf <strong>10 p\u00e4dagogischen Prinzipien<\/strong> sowie einer <strong>zirkul\u00e4ren Struktur von sechs Analyse- und Handlungsschritten<\/strong>, die sich in Form eines Ablaufmodells mit 6 Etappen \u00fcbersichtlich darstellen lassen.<\/p>\n<p>\u00a0<\/p>\n\n\n<div class=\"wp-block-image\"><figure class=\"aligncenter\"><img decoding=\"async\" src=\"https:\/\/blogs.uni-paderborn.de\/kraft-bildungsdoku\/files\/2020\/08\/Ablaufmodell-1.jpg\" alt=\"\" class=\"wp-image-162\" \/><\/figure><\/div>\n\n\n\n<div class=\"wp-block-image\"><figure class=\"aligncenter\"><img loading=\"lazy\" decoding=\"async\" width=\"578\" height=\"309\" src=\"https:\/\/blogs.uni-paderborn.de\/kraft-bildungsdoku\/files\/2020\/08\/KrafT_Prinzipien-3.png\" alt=\"\" class=\"wp-image-166\" srcset=\"https:\/\/blogs.uni-paderborn.de\/kraft-bildungsdoku\/files\/2020\/08\/KrafT_Prinzipien-3.png 578w, https:\/\/blogs.uni-paderborn.de\/kraft-bildungsdoku\/files\/2020\/08\/KrafT_Prinzipien-3-300x160.png 300w\" sizes=\"auto, (max-width: 578px) 100vw, 578px\" \/><\/figure><\/div>\n\n\n<p style=\"text-align: left;font-family: 'Century Gothic';font-size: 12pt\">Grundlegende Erl\u00e4uterungen dieser p\u00e4dagogischen Prinzipien und ihres Zusammenhanges sowie eine ausf\u00fchrliche Einf\u00fchrung in die sechs Etappen der Bildungsdokumentation finden Sie in Kapitel 2 der KrafT Bildungsdokumentation.<\/p>\n<p style=\"text-align: left;font-family: 'Century Gothic';font-size: 12pt\">Damit Sie die Bildungsdokumentation im oben beschriebenen Sinne praktisch umsetzen k\u00f6nnen, bietet das KrafT\u00a9-Verfahren <strong>tabellarische und entsprechend farblich gekennzeichnete Planungs- und Reflexionsb\u00f6gen als Dokumentationsinstrument.<\/strong><\/p>\n<p style=\"text-align: left;font-family: 'Century Gothic';font-size: 12pt\">Unter dem Reiter \u201e<a href=\"https:\/\/blogs.uni-paderborn.de\/kraft-bildungsdoku\/zu-kraft\/\">Zu KrafT<\/a>\u201c k\u00f6nnen Sie auf diese Planungs- und Reflexionsb\u00f6gen bereits einen ersten Blick werfen.<\/p>\n<p style=\"text-align: left;font-family: 'Century Gothic';font-size: 12pt\">In der KrafT Bildungsdokumentation werden diese in einer ausf\u00fchrlichen Handreichung in Kapitel 4 weiterf\u00fchrend beschrieben und in Kapitel 5 als Kopiervorlagen oder beschreibbare PDFs f\u00fcr den eigenen Gebrauch digital zur Verf\u00fcgung gestellt.<\/p>\n\n\n<figure class=\"wp-block-image is-resized\"><img loading=\"lazy\" decoding=\"async\" src=\"https:\/\/blogs.uni-paderborn.de\/kraft-bildungsdoku\/files\/2020\/10\/KrafT3.png\" alt=\"\" class=\"wp-image-573\" width=\"600\" height=\"173\" \/><\/figure>\n","protected":false},"excerpt":{"rendered":"<p>Die Kernideen von KrafT fu\u00dfen auf dem Grundgedanken der webbasierten Fallsammlung\u201eVielfaltstableau\u201c, Inklusion vom Kind aus zu denken und gemeinsam mit dem Kind zu gestalten. KrafT ist daher im \u00dcberblick derart konzipiert, dass es: vom Kind, dessen Bed\u00fcrfnissen und St\u00e4rken einschlie\u00dflich &hellip; <a href=\"https:\/\/blogs.uni-paderborn.de\/kraft-bildungsdoku\/konzept\/\">Weiterlesen <span class=\"meta-nav\">&rarr;<\/span><\/a><\/p>\n","protected":false},"author":8904,"featured_media":0,"parent":0,"menu_order":2,"comment_status":"closed","ping_status":"closed","template":"","meta":{"footnotes":""},"class_list":["post-18","page","type-page","status-publish","hentry"],"_links":{"self":[{"href":"https:\/\/blogs.uni-paderborn.de\/kraft-bildungsdoku\/wp-json\/wp\/v2\/pages\/18","targetHints":{"allow":["GET"]}}],"collection":[{"href":"https:\/\/blogs.uni-paderborn.de\/kraft-bildungsdoku\/wp-json\/wp\/v2\/pages"}],"about":[{"href":"https:\/\/blogs.uni-paderborn.de\/kraft-bildungsdoku\/wp-json\/wp\/v2\/types\/page"}],"author":[{"embeddable":true,"href":"https:\/\/blogs.uni-paderborn.de\/kraft-bildungsdoku\/wp-json\/wp\/v2\/users\/8904"}],"replies":[{"embeddable":true,"href":"https:\/\/blogs.uni-paderborn.de\/kraft-bildungsdoku\/wp-json\/wp\/v2\/comments?post=18"}],"version-history":[{"count":27,"href":"https:\/\/blogs.uni-paderborn.de\/kraft-bildungsdoku\/wp-json\/wp\/v2\/pages\/18\/revisions"}],"predecessor-version":[{"id":621,"href":"https:\/\/blogs.uni-paderborn.de\/kraft-bildungsdoku\/wp-json\/wp\/v2\/pages\/18\/revisions\/621"}],"wp:attachment":[{"href":"https:\/\/blogs.uni-paderborn.de\/kraft-bildungsdoku\/wp-json\/wp\/v2\/media?parent=18"}],"curies":[{"name":"wp","href":"https:\/\/api.w.org\/{rel}","templated":true}]}}

<div class="twoclick_social_bookmarks_post_18 social_share_privacy clearfix 1.6.4 locale-de_DE sprite-de_DE"></div><div class="twoclick-js"><script type="text/javascript">/* <![CDATA[ */
jQuery(document).ready(function($){if($('.twoclick_social_bookmarks_post_18')){$('.twoclick_social_bookmarks_post_18').socialSharePrivacy({"txt_help":"Wenn Sie diese Felder durch einen Klick aktivieren, werden Informationen an Facebook, Twitter, Flattr, Xing, t3n, LinkedIn, Pinterest oder Google eventuell ins Ausland \u00fcbertragen und unter Umst\u00e4nden auch dort gespeichert. N\u00e4heres erfahren Sie durch einen Klick auf das <em>i<\/em>.","settings_perma":"Dauerhaft aktivieren und Daten\u00fcber-tragung zustimmen:","info_link":"http:\/\/www.heise.de\/ct\/artikel\/2-Klicks-fuer-mehr-Datenschutz-1333879.html","uri":"https:\/\/blogs.uni-paderborn.de\/kraft-bildungsdoku\/konzept\/","post_id":18,"post_title_referrer_track":"Konzept","display_infobox":"on"});}});
/* ]]> */</script></div>
<div class="wp-block-image"><figure class="alignright is-resized"><img loading="lazy" decoding="async" src="https://blogs.uni-paderborn.de/kraft-bildungsdoku/files/2020/08/path1045-88-25a.png" alt="" class="wp-image-54" width="80" height="151" /></figure></div>


<p style="text-align: left;font-family: 'Century Gothic';font-size: 12pt">Die Kernideen von KrafT fußen auf dem Grundgedanken der webbasierten Fallsammlung„<a href="https://vielfaltstableau.uni-paderborn.de/">Vielfaltstableau</a>“, Inklusion vom Kind aus zu denken und gemeinsam mit dem Kind zu gestalten.</p>
<p style="text-align: left;font-family: 'Century Gothic';font-size: 12pt">KrafT ist daher im Überblick derart konzipiert, dass es:</p>
<ul>
<li style="text-align: left;font-family: 'Century Gothic';font-size: 12pt">vom Kind, dessen Bedürfnissen und Stärken einschließlich der Ressourcen seines sozialen Systems ausgeht,</li>
<li style="text-align: left;font-family: 'Century Gothic';font-size: 12pt">das Kind selbst konsequent partizipatorisch und als Teil des Teams in die Lern- und Entwicklungsplanung sowie die Reflexion seiner Bildungsprozesse einbezieht</li>
<li style="text-align: left;font-family: 'Century Gothic';font-size: 12pt">individuelle Förderung und die Förderung der heterogenen Lerngruppe „in einer Schule der Vielfalt“ zusammendenkt, <br />eine Struktur bietet, die alle in die Bildungsbegleitung involvierten Akteure leicht in den fachlichen Dialog bringt und<br />neben der Lern- und Entwicklungsförderung des Kindes auch die Professionalisierung der erwachsenen Akteure intendiert und ermöglicht</li>
</ul>
<p style="text-align: left;font-family: 'Century Gothic';font-size: 12pt">So soll KrafT nicht auf systematisierte Erfassungsbögen zur schriftlichen Fixierung von Beobachtungen und Vereinbarungen im Zusammenhang von Bildungsprozessen beschränkt sein.</p>
<p style="text-align: left;font-family: 'Century Gothic';font-size: 12pt">Vielmehr bietet das Verfahren KrafT ein Konzept zur <strong>Unterstützung</strong> einer strukturierten gemeinsamen Planung, Reflexion und Dokumentation von Bildungsprozessen im Team.</p>
<p style="text-align: left;font-family: 'Century Gothic';font-size: 12pt">Dabei beruht es auf <strong>10 pädagogischen Prinzipien</strong> sowie einer <strong>zirkulären Struktur von sechs Analyse- und Handlungsschritten</strong>, die sich in Form eines Ablaufmodells mit 6 Etappen übersichtlich darstellen lassen.</p>
<p> </p>


<div class="wp-block-image"><figure class="aligncenter"><img decoding="async" src="https://blogs.uni-paderborn.de/kraft-bildungsdoku/files/2020/08/Ablaufmodell-1.jpg" alt="" class="wp-image-162" /></figure></div>



<div class="wp-block-image"><figure class="aligncenter"><img loading="lazy" decoding="async" width="578" height="309" src="https://blogs.uni-paderborn.de/kraft-bildungsdoku/files/2020/08/KrafT_Prinzipien-3.png" alt="" class="wp-image-166" srcset="https://blogs.uni-paderborn.de/kraft-bildungsdoku/files/2020/08/KrafT_Prinzipien-3.png 578w, https://blogs.uni-paderborn.de/kraft-bildungsdoku/files/2020/08/KrafT_Prinzipien-3-300x160.png 300w" sizes="auto, (max-width: 578px) 100vw, 578px" /></figure></div>


<p style="text-align: left;font-family: 'Century Gothic';font-size: 12pt">Grundlegende Erläuterungen dieser pädagogischen Prinzipien und ihres Zusammenhanges sowie eine ausführliche Einführung in die sechs Etappen der Bildungsdokumentation finden Sie in Kapitel 2 der KrafT Bildungsdokumentation.</p>
<p style="text-align: left;font-family: 'Century Gothic';font-size: 12pt">Damit Sie die Bildungsdokumentation im oben beschriebenen Sinne praktisch umsetzen können, bietet das KrafT©-Verfahren <strong>tabellarische und entsprechend farblich gekennzeichnete Planungs- und Reflexionsbögen als Dokumentationsinstrument.</strong></p>
<p style="text-align: left;font-family: 'Century Gothic';font-size: 12pt">Unter dem Reiter „<a href="https://blogs.uni-paderborn.de/kraft-bildungsdoku/zu-kraft/">Zu KrafT</a>“ können Sie auf diese Planungs- und Reflexionsbögen bereits einen ersten Blick werfen.</p>
<p style="text-align: left;font-family: 'Century Gothic';font-size: 12pt">In der KrafT Bildungsdokumentation werden diese in einer ausführlichen Handreichung in Kapitel 4 weiterführend beschrieben und in Kapitel 5 als Kopiervorlagen oder beschreibbare PDFs für den eigenen Gebrauch digital zur Verfügung gestellt.</p>


<figure class="wp-block-image is-resized"><img loading="lazy" decoding="async" src="https://blogs.uni-paderborn.de/kraft-bildungsdoku/files/2020/10/KrafT3.png" alt="" class="wp-image-573" width="600" height="173" /></figure>

<p>Die Kernideen von KrafT fußen auf dem Grundgedanken der webbasierten Fallsammlung„Vielfaltstableau“, Inklusion vom Kind aus zu denken und gemeinsam mit dem Kind zu gestalten. KrafT ist daher im Überblick derart konzipiert, dass es: vom Kind, dessen Bedürfnissen und Stärken einschließlich &hellip; <a href="https://blogs.uni-paderborn.de/kraft-bildungsdoku/konzept/">Weiterlesen <span class="meta-nav">&rarr;</span></a></p>
