{"id":146,"date":"2025-09-23T18:00:37","date_gmt":"2025-09-23T16:00:37","guid":{"rendered":"https:\/\/blogs.uni-paderborn.de\/kokodil\/?page_id=146"},"modified":"2026-02-17T14:07:10","modified_gmt":"2026-02-17T13:07:10","slug":"datenschutzerklaerung","status":"publish","type":"page","link":"https:\/\/blogs.uni-paderborn.de\/kokodil\/datenschutzerklaerung\/","title":{"rendered":"Datenschutzerkl\u00e4rung"},"content":{"rendered":"<div class=\"twoclick_social_bookmarks_post_146 social_share_privacy clearfix 1.6.4 locale-de_DE sprite-de_DE\"><\/div><div class=\"twoclick-js\"><script type=\"text\/javascript\">\/* <![CDATA[ *\/\njQuery(document).ready(function($){if($('.twoclick_social_bookmarks_post_146')){$('.twoclick_social_bookmarks_post_146').socialSharePrivacy({\"txt_help\":\"Wenn Sie diese Felder durch einen Klick aktivieren, werden Informationen an Facebook, Twitter, Flattr, Xing, t3n, LinkedIn, Pinterest oder Google eventuell ins Ausland \\u00fcbertragen und unter Umst\\u00e4nden auch dort gespeichert. N\\u00e4heres erfahren Sie durch einen Klick auf das <em>i<\\\/em>.\",\"settings_perma\":\"Dauerhaft aktivieren und Daten\\u00fcber-tragung zustimmen:\",\"info_link\":\"http:\\\/\\\/www.heise.de\\\/ct\\\/artikel\\\/2-Klicks-fuer-mehr-Datenschutz-1333879.html\",\"uri\":\"https:\\\/\\\/blogs.uni-paderborn.de\\\/kokodil\\\/datenschutzerklaerung\\\/\",\"post_id\":146,\"post_title_referrer_track\":\"Datenschutzerkl%C3%A4rung\",\"display_infobox\":\"on\"});}});\n\/* ]]> *\/<\/script><\/div><h1>Informationen \u00fcber die Verarbeitung Ihrer personenbezogenen Daten im Rahmen der Nutzung der zentralen Blog-\/WordPress-Installation von der Universit\u00e4t Paderborn gem\u00e4\u00df Art. 13 der Datenschutz-Grundverordnung (DS-GVO)<\/h1>\n<p><strong>Version 1.0, 10.12.2025<\/strong><\/p>\n<p>Diese Datenschutzerkl\u00e4rung beschreibt die Verarbeitung Ihrer personenbezogenen Daten im Rahmen der Nutzung der zentralen Blog-\/WordPress-Installation zum Projekt <em>KoKoDiL<\/em>. Damit kommt die Universit\u00e4t Paderborn ihren Informationspflichten gem\u00e4\u00df Art. 13 der EU-<\/p>\n<p>Datenschutzgrundverordnung (im Folgenden: DS-GVO) nach. Hinsichtlich der im Folgenden verwendeten Begriffe, bspw. \u201epersonenbezogene Daten\u201c, \u201eVerarbeitung\u201c, \u201eVerantwortlicher\u201c etc., wird auf die Definitionen in Art. 4 der DS-GVO verwiesen.<\/p>\n<h1>1.\u00a0\u00a0\u00a0\u00a0 Namen und Kontaktdaten<\/h1>\n<p>Verantwortlich f\u00fcr die Verarbeitung Ihrer personenbezogenen Daten im Rahmen der<\/p>\n<p>Nutzung der zentralen Blog-\/WordPress-Installation ist die Universit\u00e4t Paderborn, eine vom Land NRW getragene, rechtsf\u00e4hige K\u00f6rperschaft des \u00d6ffentlichen Rechts. Sie wird durch den*die Pr\u00e4sident*in vertreten<\/p>\n<h1>1.1\u00a0\u00a0\u00a0\u00a0\u00a0\u00a0\u00a0\u00a0\u00a0\u00a0\u00a0\u00a0 Name und Kontaktdaten des Verantwortlichen<\/h1>\n<p>Universit\u00e4t Paderborn Warburger Str. 100<br \/>\n33098 Paderborn<br \/>\nTel.: 05251 \/ 60 \u2013 0<br \/>\nWeb:<a href=\"https:\/\/www.uni-paderborn.de\/\"> https:\/\/www.uni-paderborn.de<\/a><\/p>\n<h1>1.2\u00a0\u00a0\u00a0\u00a0\u00a0\u00a0\u00a0\u00a0\u00a0\u00a0\u00a0\u00a0 Ansprechpartnerin f\u00fcr Blog-\/WordPress-Installation des Projekts<\/h1>\n<p><strong><em>KoKoDiL<\/em><\/strong><\/p>\n<p>Universit\u00e4t Paderborn<br \/>\nStabsstelle Bildungsinnovationen und Hochschuldidaktik<br \/>\nDr. Nerea V\u00f6ing<br \/>\nWarburger Str. 100<br \/>\n33098 Paderborn Deutschland<\/p>\n<p>E-Mail: <a href=\"mailto:hochschuldidaktik@upb.de\">hochschuldidaktik@upb.de<\/a> Telefon: +49 5251 60-3332<br \/>\nWeb:\u202f<a href=\"https:\/\/www.uni-paderborn.de\/universitaet\/bildungsinnovationen-hochschuldidaktik\">Stabsstelle Bildungsinnovationen und Hochschuldidaktik &#8211; Stabsstelle Bildungsinnovationen und Hochschuldidaktik | Universit\u00e4t Paderborn<\/a><\/p>\n<h1><\/h1>\n<h1>1.3\u00a0\u00a0\u00a0\u00a0\u00a0\u00a0\u00a0\u00a0\u00a0\u00a0\u00a0\u00a0 Kontaktdaten der*des Datenschutzbeauftragten<\/h1>\n<p>Die*den beh\u00f6rdliche*n Datenschutzbeauftragte*n der Universit\u00e4t Paderborn erreichen Sie postalisch unter der oben angegebenen Adresse des Verantwortlichen oder wie folgt:<\/p>\n<p>E-Mail: <a href=\"mailto:datenschutz@uni-paderborn.de\">datenschutz@uni-paderborn.de<\/a> Tel.: 05251 \/ 60 \u2013 4444<br \/>\nWeb:<a href=\"https:\/\/www.uni-paderborn.de\/datenschutz\/\"> https:\/\/www.uni-paderborn.de\/datenschutz\/<\/a><\/p>\n<h1>2.\u00a0\u00a0\u00a0\u00a0 Datenkategorie\/n, Zweck\/e und Rechtsgrundlage\/n der Verarbeitungs Ihrer personenbezogenen Daten<\/h1>\n<p>Im Rahmen des Betriebs der Webseite <em>KoKoDiL <\/em>(https:\/\/blogs.uni-paderborn.de\/kokodil\/) verarbeitet die Universit\u00e4t Paderborn personenbezogene Daten nur in dem Umfang, der zur Bereitstellung der Webseite sowie zur Nutzung der verlinkten Dienste erforderlich ist. Die folgenden Datenkategorien werden zu den unten aufgef\u00fchrten Zwecken und Rechtsgrundlagen verarbeitet:<\/p>\n<h1>2.1\u00a0\u00a0\u00a0\u00a0\u00a0\u00a0\u00a0\u00a0\u00a0\u00a0\u00a0\u00a0 Log-Daten (Server-Logfiles)<\/h1>\n<h2>Datenkategorien:<\/h2>\n<ul>\n<li>Aufgerufene Webseite\/URL<\/li>\n<li>Datum und Uhrzeit des Zugriffs<\/li>\n<li>IP-Adresse der Nutzer*innen<\/li>\n<li>\u00dcbertragene Datenmenge<\/li>\n<li>Referrer und User-Agent (Browsertyp, Betriebssystem)<\/li>\n<\/ul>\n<h2>Zweck der Verarbeitung:<\/h2>\n<ul>\n<li>Technische Bereitstellung und Auslieferung der Webseite<\/li>\n<li>Sicherstellung der Funktionsf\u00e4higkeit, Stabilit\u00e4t und Sicherheit des Webservers<\/li>\n<li>Fehleranalyse im Falle technischer St\u00f6rungen<\/li>\n<\/ul>\n<h2>Rechtsgrundlage:<\/h2>\n<ul>\n<li>6 Abs. 1 UAbs. 1 lit. e, Abs. 3 DS-GVO i. V. m. \u00a7 3 Aba. 1 DSG NRW i.V.m. \u00a7 3 HG NRW (Aufgabenerf\u00fcllung im Rahmen der \u00f6ffentlichen T\u00e4tigkeit der Hochschule)<\/li>\n<\/ul>\n<h2>Speicherdauer f\u00fcr Log-Daten<\/h2>\n<p>Server-Logdaten (einschlie\u00dflich IP-Adressen) werden zur Sicherstellung des technischen Betriebs verarbeitet und nach sp\u00e4testens 7 Tagen automatisch gel\u00f6scht. Eine l\u00e4ngere Speicherung erfolgt nur im Falle sicherheitsrelevanter Vorf\u00e4lle, bis diese abschlie\u00dfend analysiert sind.<\/p>\n<h1>2.2\u00a0\u00a0\u00a0\u00a0\u00a0\u00a0\u00a0\u00a0\u00a0\u00a0\u00a0\u00a0 Cookies \/ technisch notwendige Cookies<\/h1>\n<p><em>(Auf der Webseite werden ausschlie\u00dflich technisch notwendige Cookies eingesetzt. Tracking- oder Marketing-Cookies werden nicht verwendet.)<\/em><\/p>\n<h2>Datenkategorien:<\/h2>\n<ul>\n<li>Spracheinstellungen<\/li>\n<li>Log-In-Informationen (nur f\u00fcr autorisierte Redakteur*innen des Blogs)<\/li>\n<li>Sitzungscookies zur technischen Bereitstellung der Seite<\/li>\n<\/ul>\n<h2>Zweck der Verarbeitung:<\/h2>\n<ul>\n<li>Darstellung der Webseite in der richtigen Sprache<\/li>\n<li>Erm\u00f6glichung des Back-End-Zugangs f\u00fcr redaktionell Berechtigte<\/li>\n<li>Sicherstellung der Funktionalit\u00e4t des WordPress-Systems<\/li>\n<\/ul>\n<h2>Rechtsgrundlage:<\/h2>\n<ul>\n<li>6 Abs. 1 UAbs. 1 lit. e, Abs. 3 DS-GVO i. V. m. \u00a7 3 Abs. 1 DSG NRW i.V.m. \u00a7 3 HG NRW<\/li>\n<\/ul>\n<ul>\n<li>25 Abs. 2 Nr. 2 TDDDG (technisch notwendige Speicherung)<\/li>\n<\/ul>\n<p><strong>Speicherdauer f\u00fcr Log-Daten<\/strong><\/p>\n<p>Technisch notwendige Cookies werden lediglich f\u00fcr die Dauer der jeweiligen Sitzung gespeichert und beim Schlie\u00dfen des Browsers automatisch gel\u00f6scht. Persistente Cookies werden nicht gesetzt.<\/p>\n<h1>2.3\u00a0\u00a0\u00a0\u00a0\u00a0\u00a0\u00a0\u00a0\u00a0\u00a0\u00a0\u00a0 Hinweise zur Pseudonymisierung und Anonymisierung<\/h1>\n<ul>\n<li>Log-Daten werden ausschlie\u00dflich f\u00fcr den technischen Betrieb verwendet und nach kurzer Zeit automatisiert gel\u00f6scht oder<\/li>\n<\/ul>\n<h1>2.4\u00a0\u00a0\u00a0\u00a0\u00a0\u00a0\u00a0\u00a0\u00a0\u00a0\u00a0\u00a0 Verarbeitung personenbezogener Daten im Rahmen von Blogbeitr\u00e4gen<\/h1>\n<p>Im Rahmen der Ver\u00f6ffentlichung von Blogbeitr\u00e4gen k\u00f6nnen personenbezogene Daten (z.\u202fB. Namen von Autorinnen, Interviewpartnerinnen, Abbildungen oder Zitate) verarbeitet werden. Zweck der Verarbeitung: Darstellung von Projektergebnissen, Kommunikation im wissenschaftlichen Kontext, \u00d6ffentlichkeitsarbeit.<\/p>\n<p>Rechtsgrundlage: Art.\u202f6\u202fAbs.\u202f1\u202fUAbs.\u202f1\u202flit.\u202fe DSGVO i.\u202fV.\u202fm.\u202f\u00a7\u202f3\u202fHG\u202fNRW (Wahrnehmung \u00f6ffentlicher Aufgaben der Hochschule).<\/p>\n<p>Beruht die Ver\u00f6ffentlichung auf einer Einwilligung betroffener Personen (z.\u202fB. bei Fotos oder Zitaten), erfolgt die Verarbeitung erg\u00e4nzend auf Grundlage von Art.\u202f6\u202fAbs.\u202f1\u202flit.\u202fa DSGVO. Die Beitr\u00e4ge bleiben grunds\u00e4tzlich f\u00fcr die Projektdauer abrufbar und k\u00f6nnen ggf. archiviert werden (siehe Punkt\u202f5).<\/p>\n<h1>3.\u00a0\u00a0\u00a0\u00a0 Empf\u00e4nger Ihrer personenbezogenen Daten<\/h1>\n<p>Ihre personenbezogenen Daten, die im Rahmen der Nutzung der zentralen Blog-\/WordPress-Installation f\u00fcr das Projekt <em>KoKoDiL <\/em>von der Universit\u00e4t Paderborn verarbeitet werden, \u00fcbermittelt die Universit\u00e4t Paderborn, vorbehaltlich der nachstehend beschriebenen Datenverarbeitung, grunds\u00e4tzlich nicht an Dritte. In Einzelf\u00e4llen kann eine \u00dcbermittlung auf Grundlage einer gesetzlichen Erlaubnis erfolgen, zum Beispiel eine \u00dcbermittlung an Strafverfolgungsbeh\u00f6rden zur Aufkl\u00e4rung von Straftaten im Rahmen der Regelungen der Strafprozessordnung (StPO) oder zwecks Geltendmachung von Schadensersatzanspr\u00fcchen bei Urheberrechtsverletzungen. Sofern (technische) Dienstleister Zugang zu Ihren personenbezogenen Daten erhalten, geschieht dies im Bedarfsfall auf Grundlage eines Vertrags gem\u00e4\u00df Art. 28 DS-GVO. F\u00fcr Datenverarbeitungen die mit anderen Verantwortlichen stattfinden, geschieht dies im Bedarfsfall auf Grundlage einer Vereinbarung gem\u00e4\u00df Art. 26 DS-GVO. Innerhalb der Universit\u00e4t Paderborn erhalten nur diejenigen Stellen und Besch\u00e4ftigten Ihre personenbezogenen Daten, wenn diese befugt sind und sie diese zur Erf\u00fcllung der\/s o. g. Zwecke\/s ben\u00f6tigen. Die Webseite enth\u00e4lt Verlinkungen auf externe Systeme der Universit\u00e4t bzw. externe Anbieter. Beim Betreten dieser Systeme gelten deren eigene Datenschutzregelungen.<\/p>\n<h2>MediaWiki mit einem \u00f6ffentlichen Zugang<\/h2>\n<p>Beim Besuch des \u00f6ffentlich zug\u00e4nglichen MediaWiki werden Logdaten durch das jeweilige Wiki-System verarbeitet. Empf\u00e4nger der dort anfallenden Daten ist die Universit\u00e4t Paderborn (verantwortliche Stelle f\u00fcr das MediaWiki). Bei der Nutzung von Bearbeitungsfunktionen k\u00f6nnen zus\u00e4tzlich Benutzerkonten oder Bearbeitungshistorien gespeichert werden. Eine gemeinsame Verantwortlichkeit nach Art. 26 DS-GVO besteht nicht. Die Nutzung des Wikis erfolgt vollst\u00e4ndig getrennt vom Blogsystem. F\u00fcr die Nutzung des MediaWiki gelten die dort hinterlegten Datenschutzinformationen der Universit\u00e4t Paderborn. Diese k\u00f6nnen Sie unter<\/p>\n<p><a href=\"https:\/\/www.mediawiki.org\/wiki\/GDPR_(General_Data_Protection_Regulation)_and_MediaWiki_software\/de\">\u00a0DSGVO (Allgemeine Datenschutzgrundverordnung) und MediaWiki-Software &#8211;<\/a><\/p>\n<p><a href=\"https:\/\/www.mediawiki.org\/wiki\/GDPR_(General_Data_Protection_Regulation)_and_MediaWiki_software\/de\">\u00a0MediaWiki <\/a>einsehen.<\/p>\n<h2>Interne Empf\u00e4nger*innen innerhalb der Universit\u00e4t Paderborn<\/h2>\n<p>Innerhalb der Universit\u00e4t erhalten personenbezogene Daten nur diejenigen Stellen bzw. Besch\u00e4ftigten,<\/p>\n<ul>\n<li>die auf Grundlage ihrer Aufgaben hierzu befugt sind und<\/li>\n<li>die die Daten zur Erf\u00fcllung der genannten Zwecke ben\u00f6tigen. Dies betrifft insbesondere:<\/li>\n<li>Technische Administration (z. ZIM)<\/li>\n<li>Projektverantwortliche des KOKODIL-Projekts<\/li>\n<\/ul>\n<h2>Keine Weitergabe zu Marketingzwecken oder Profilbildung<\/h2>\n<p>Eine \u00dcbermittlung personenbezogener Daten an Dritte zu Werbe-, Tracking-, Analyse- oder Profilbildungszwecken findet nicht statt.<\/p>\n<h1><\/h1>\n<h1>4.\u00a0\u00a0\u00a0\u00a0 \u00dcbermittlung Ihrer personenbezogenen Daten au\u00dferhalb der EU<\/h1>\n<p>Es werden grunds\u00e4tzlich keine personenbezogenen Daten in L\u00e4nder au\u00dferhalb des europ\u00e4ischen Wirtschaftsraums und assoziierter L\u00e4nder \u00fcbermittelt (kein \u201eDrittlandtransfer\u201c). Sofern dies erforderlich sein sollte, informiert die Universit\u00e4t Paderborn Sie gesondert.<\/p>\n<h2>Social\/Plugins und\/oder Soziale Medien<\/h2>\n<p>Social\/Plugins und oder Soziale Medien werden im Rahmen der Nutzung der zentralen Blog-\/WordPress-Installation nicht verwendet.<\/p>\n<h2>Das m\u00fcssen Sie noch wissen, wenn Ihre Aufnahmen im Internet zug\u00e4nglich gemacht werden:<\/h2>\n<p>Blog-Beitr\u00e4ge k\u00f6nnen personenbezogene Daten enthalten, sofern diese nicht anonymisiert werden oder die Weitergabe in Einverst\u00e4ndnis mit der Administration erfolgt. Die Universit\u00e4t Paderborn macht darauf aufmerksam, dass bei jeder Ver\u00f6ffentlichung personenbezogener Daten im Internet weltweit von jedermann auf die personenbezogenen Daten \u2013 auch mit Hilfe von Suchmaschinen (bspw. Google) \u2013 zugegriffen werden kann. Auf diese Weise k\u00f6nnen Pers\u00f6nlichkeitsprofile erstellt werden, indem diese Daten mit weiteren im Internet \u00fcber Sie verf\u00fcgbaren Daten verkn\u00fcpft werden. Ebenso k\u00f6nnen die Daten von Dritten auf diese Weise zu anderen Zwecken genutzt werden, ohne dass die Universit\u00e4t Paderborn darauf vollst\u00e4ndigen Einfluss haben. Archivfunktionen von Suchmaschinen (siehe bspw.www.archive.org) erm\u00f6glichen gegebenenfalls auch dann noch einen Zugriff auf die Daten, wenn sie aus den oben genannten Internet-Angeboten der Hochschule bereits entfernt oder ge\u00e4ndert wurden. Mit der Verwendung Ihrer personenbezogenen Daten innerhalb des Internets k\u00f6nnen auch Daten in L\u00e4nder au\u00dferhalb der EU \u00fcbertragen und dort ggf. f\u00fcr nicht bekannte Zwecke gespeichert und genutzt werden. Es kann sein, dass in dem Empf\u00e4ngerland die Datenschutzgesetze oder -regelungen oder deren Anwendung ein schlechteres Schutzniveau haben als in der EU und Sie dort nicht Ihre Rechte geltend machen k\u00f6nnen.<\/p>\n<h1>5.\u00a0\u00a0\u00a0\u00a0 Dauer der Speicherung Ihrer personenbezogenen Daten<\/h1>\n<p>Soweit in dieser Datenschutzerkl\u00e4rung bei den jeweiligen Verarbeitungszwecken keine abweichenden Speicherfristen genannt sind, werden Ihre personenbezogenen Daten nur so lange gespeichert, wie dies f\u00fcr die Erf\u00fcllung der genannten Zwecke erforderlich ist. F\u00fcr im Rahmen des Projekts KoKoDiL entstehende Unterlagen kann nach Abschluss des Projekts eine \u00dcbernahme in das Universit\u00e4tsarchiv erfolgen; dort erfolgt eine in der Regel dauerhafte Aufbewahrung nach den archivrechtlichen Vorgaben. Beruht die Verarbeitung Ihrer personenbezogenen Daten auf einer Einwilligung, werden die betreffenden Daten grunds\u00e4tzlich nur bis zu einem Widerruf Ihrer Einwilligung gespeichert, sofern keine andere Rechtsgrundlage f\u00fcr eine weitere Verarbeitung besteht (Art. 17 Abs. 1 lit. b DSGVO).<\/p>\n<h1>Betroffenenrechte<\/h1>\n<p>Sie k\u00f6nnen als betroffene Person jederzeit die Ihnen durch die DS-GVO gew\u00e4hrten Rechte geltend machen; diese sind:<\/p>\n<ul>\n<li>das Recht auf Auskunft, ob und welche Daten von Ihnen verarbeitet werden nach Ma\u00dfgabe des 15 DS-GVO, \u00a7 12 DSG NRW;<\/li>\n<li>das Recht, die Berichtigung oder Vervollst\u00e4ndigung der Sie betreffenden Daten zu verlangen nach Ma\u00dfgabe des 16 DS-GVO;<\/li>\n<li>das Recht auf L\u00f6schung der Sie betreffenden Daten nach Ma\u00dfgabe des 17 DS-GVO, \u00a7 10 DSG NRW;<\/li>\n<li>das Recht einer Einschr\u00e4nkung der Verarbeitung der Sie betreffenden Daten nach Ma\u00dfgabe des 18 DS-GVO;<\/li>\n<li>das Recht auf Daten\u00fcbertragung der Sie betreffenden Daten nach Ma\u00dfgabe des Art. 20 DS-GVO<\/li>\n<\/ul>\n<h1>6.\u00a0\u00a0\u00a0\u00a0 Widerspruch gegen die Verarbeitung Ihrer personenbezogenen Daten und Widerruflichkeit Ihrer Einwilligung<\/h1>\n<p>Eine etwa erteilte Einwilligung kann jederzeit ohne Angabe von Gr\u00fcnden ganz oder teilweise widerrufen werden. Durch den Widerruf wird die Rechtm\u00e4\u00dfigkeit der aufgrund der Einwilligung bis zum Widerruf erfolgten Verarbeitung nicht ber\u00fchrt (Art. 7 Abs. 3 DS-GVO). Dies hat zur Folge, dass die Universit\u00e4t Paderborn die Datenverarbeitung, die auf dieser Einwilligung beruht, f\u00fcr die Zukunft nicht mehr fortf\u00fchren darf und Ihre Daten l\u00f6schen muss, es sei denn, es besteht auch eine andere Rechtsgrundlage f\u00fcr die Verarbeitung (Art. 17 Abs. 1 lit. b) DS-GVO). M\u00f6chten Sie Ihre Einwilligungserkl\u00e4rung ganz oder teilweise widerrufen, wenden Sie sich bitte an die o.g. Kontaktperson oder schreiben Sie unter Angabe des Betreffs eine E-Mail an: datenschutz@uni-paderborn.de.<\/p>\n<p>Sie haben das Recht, aus Gr\u00fcnden, die sich aus Ihrer besonderen Situation ergeben, jederzeit gegen die Verarbeitung Sie betreffender personenbezogener Daten, die aufgrund von Art. 6 Abs. 1 UAbs. 1 lit. e) DS-GVO erfolgt, Widerspruch nach Ma\u00dfgabe des Art. 21 DS-GVO einzulegen. Das Recht auf Widerspruch gem\u00e4\u00df Art. 21 DS-GVO gegen\u00fcber einer \u00f6ffentlichen Stelle besteht nicht, soweit an der Verarbeitung ein zwingendes \u00f6ffentliches Interesse besteht, das die Interessen der betroffenen Person \u00fcberwiegt, oder eine Rechtsvorschrift zur Verarbeitung verpflichtet (\u00a7 14 DSG NRW). M\u00f6chten Sie von Ihrem Widerspruchsrecht gem\u00e4\u00df Art. 21 DS-GVO Gebrauch machen, gen\u00fcgt eine E-Mail an<a href=\"mailto:datenschutz@uni-paderborn.de\"> datenschutz@uni-paderborn.de<\/a>.<\/p>\n<h1>7.\u00a0\u00a0\u00a0\u00a0 Recht auf Beschwerde<\/h1>\n<p>Sie haben \u00fcber die genannten Rechte hinaus das Recht, eine Beschwerde bei der datenschutzrechtlichen Aufsichtsbeh\u00f6rde einzureichen (Art. 77 DS-GVO), wenn Sie der Ansicht sind, dass die Verarbeitung der Sie betreffenden personenbezogenen Daten gegen die datenschutzrechtlichen Anforderungen verst\u00f6\u00dft; zum Beispiel bei der f\u00fcr die Hochschule zust\u00e4ndigen Landesbeauftragten f\u00fcr Datenschutz und Informationsfreiheit Nordrhein-Westfalen, Kavalleriestr. 2-4, 40213 D\u00fcsseldorf, Telefon: 0211\/38424-0, E-Mail:<a href=\"mailto:poststelle@ldi.nrw.de\"> poststelle@ldi.nrw.de<\/a>.<\/p>\n<h1><\/h1>\n<h1>8.\u00a0\u00a0\u00a0\u00a0 Automatisierte Entscheidungsfindung\/Profilbildung<\/h1>\n<p>Es findet keine automatisierte Entscheidungsfindung oder ein Profiling gem\u00e4\u00df Art. 22 DS-GVO statt<em>.<\/em><\/p>\n<h1>9.\u00a0\u00a0\u00a0\u00a0 G\u00fcltigkeit der Datenschutzerkl\u00e4rung<\/h1>\n<p>Die Universit\u00e4t Paderborn beh\u00e4lt sich das Recht vor, diese Datenschutzerkl\u00e4rung abzu\u00e4ndern, um sie gegebenenfalls an \u00c4nderungen relevanter Gesetze bzw.<\/p>\n<p>Vorschriften anzupassen oder Ihren Bed\u00fcrfnissen besser gerecht zu werden. Diese Datenschutzerkl\u00e4rung gilt in der jeweils zuletzt durch die Universit\u00e4t Paderborn ver\u00f6ffentlichten Fassung. Bitte beachten Sie daher die aktuelle Versionsnummer der Datenschutzerkl\u00e4rung.<\/p>\n","protected":false},"excerpt":{"rendered":"<p>Informationen \u00fcber die Verarbeitung Ihrer personenbezogenen Daten im Rahmen der Nutzung der zentralen Blog-\/WordPress-Installation von der Universit\u00e4t Paderborn gem\u00e4\u00df Art. 13 der Datenschutz-Grundverordnung (DS-GVO) Version 1.0, 10.12.2025 Diese Datenschutzerkl\u00e4rung beschreibt die Verarbeitung Ihrer personenbezogenen Daten im Rahmen der Nutzung der &hellip; <a href=\"https:\/\/blogs.uni-paderborn.de\/kokodil\/datenschutzerklaerung\/\">Weiterlesen <span class=\"meta-nav\">&rarr;<\/span><\/a><\/p>\n","protected":false},"author":9542,"featured_media":0,"parent":0,"menu_order":0,"comment_status":"closed","ping_status":"closed","template":"","meta":{"footnotes":""},"class_list":["post-146","page","type-page","status-publish","hentry"],"_links":{"self":[{"href":"https:\/\/blogs.uni-paderborn.de\/kokodil\/wp-json\/wp\/v2\/pages\/146","targetHints":{"allow":["GET"]}}],"collection":[{"href":"https:\/\/blogs.uni-paderborn.de\/kokodil\/wp-json\/wp\/v2\/pages"}],"about":[{"href":"https:\/\/blogs.uni-paderborn.de\/kokodil\/wp-json\/wp\/v2\/types\/page"}],"author":[{"embeddable":true,"href":"https:\/\/blogs.uni-paderborn.de\/kokodil\/wp-json\/wp\/v2\/users\/9542"}],"replies":[{"embeddable":true,"href":"https:\/\/blogs.uni-paderborn.de\/kokodil\/wp-json\/wp\/v2\/comments?post=146"}],"version-history":[{"count":9,"href":"https:\/\/blogs.uni-paderborn.de\/kokodil\/wp-json\/wp\/v2\/pages\/146\/revisions"}],"predecessor-version":[{"id":680,"href":"https:\/\/blogs.uni-paderborn.de\/kokodil\/wp-json\/wp\/v2\/pages\/146\/revisions\/680"}],"wp:attachment":[{"href":"https:\/\/blogs.uni-paderborn.de\/kokodil\/wp-json\/wp\/v2\/media?parent=146"}],"curies":[{"name":"wp","href":"https:\/\/api.w.org\/{rel}","templated":true}]}}