{"id":125,"date":"2021-01-26T09:50:54","date_gmt":"2021-01-26T08:50:54","guid":{"rendered":"https:\/\/blogs.uni-paderborn.de\/kibi-z\/?page_id=125"},"modified":"2024-11-27T15:54:00","modified_gmt":"2024-11-27T14:54:00","slug":"unser-kibiz","status":"publish","type":"page","link":"https:\/\/blogs.uni-paderborn.de\/kibi-z\/unser-kibiz\/","title":{"rendered":"Das KiBi-Z (H5.242)"},"content":{"rendered":"<div class=\"twoclick_social_bookmarks_post_125 social_share_privacy clearfix 1.6.4 locale-de_DE sprite-de_DE\"><\/div><div class=\"twoclick-js\"><script type=\"text\/javascript\">\/* <![CDATA[ *\/\njQuery(document).ready(function($){if($('.twoclick_social_bookmarks_post_125')){$('.twoclick_social_bookmarks_post_125').socialSharePrivacy({\"txt_help\":\"Wenn Sie diese Felder durch einen Klick aktivieren, werden Informationen an Facebook, Twitter, Flattr, Xing, t3n, LinkedIn, Pinterest oder Google eventuell ins Ausland \\u00fcbertragen und unter Umst\\u00e4nden auch dort gespeichert. N\\u00e4heres erfahren Sie durch einen Klick auf das <em>i<\\\/em>.\",\"settings_perma\":\"Dauerhaft aktivieren und Daten\\u00fcber-tragung zustimmen:\",\"info_link\":\"http:\\\/\\\/www.heise.de\\\/ct\\\/artikel\\\/2-Klicks-fuer-mehr-Datenschutz-1333879.html\",\"uri\":\"https:\\\/\\\/blogs.uni-paderborn.de\\\/kibi-z\\\/unser-kibiz\\\/\",\"post_id\":125,\"post_title_referrer_track\":\"Das+KiBi-Z+%28H5.242%29\",\"display_infobox\":\"on\"});}});\n\/* ]]> *\/<\/script><\/div>\n<p><strong>Unsere \u00d6ffnungszeiten in der Vorlesungszeit im Wintersemester 2024\/25:<\/strong><\/p>\n\n\n\n<p><strong>Dienstags: geschlossen<\/strong><br><strong>Mittwochs: 9-13 und 14-16 Uhr<\/strong><br><strong>Donnerstags: 11-13 Uhr<\/strong><\/p>\n\n\n<div class=\"wp-block-image\">\n<figure class=\"alignright size-large is-resized\"><img loading=\"lazy\" decoding=\"async\" width=\"1024\" height=\"683\" src=\"https:\/\/blogs.uni-paderborn.de\/kibi-z\/files\/2022\/04\/IMG_3076-1024x683.jpg\" alt=\"\" class=\"wp-image-433\" style=\"width:256px;height:171px\" srcset=\"https:\/\/blogs.uni-paderborn.de\/kibi-z\/files\/2022\/04\/IMG_3076-1024x683.jpg 1024w, https:\/\/blogs.uni-paderborn.de\/kibi-z\/files\/2022\/04\/IMG_3076-300x200.jpg 300w, https:\/\/blogs.uni-paderborn.de\/kibi-z\/files\/2022\/04\/IMG_3076-768x512.jpg 768w, https:\/\/blogs.uni-paderborn.de\/kibi-z\/files\/2022\/04\/IMG_3076-1536x1024.jpg 1536w, https:\/\/blogs.uni-paderborn.de\/kibi-z\/files\/2022\/04\/IMG_3076-2048x1365.jpg 2048w, https:\/\/blogs.uni-paderborn.de\/kibi-z\/files\/2022\/04\/IMG_3076-450x300.jpg 450w\" sizes=\"auto, (max-width: 1024px) 100vw, 1024px\" \/><\/figure>\n<\/div>\n\n\n<p><strong>Forschendes Lernen &#8211; begleitetes Forschen<\/strong><\/p>\n\n\n\n<p>Das KiBi-Z ist ein Ort f\u00fcr individuelle Beratung sowie Kommunikation unter den Studierenden und Wissenschaftler:innen. Hier finden Sie die M\u00f6glichkeit sich f\u00fcr Methodensprechstunden und Workshops anzumelden oder sich mit Ihnen Kommiliton:innen auszutauschen.  <\/p>\n\n\n\n<p>Auf Sie warten au\u00dferdem eine umfangreiche Ausstattung: Fachliteratur, Abschlussarbeiten (BA und MA), Laptop mit Software, Videoarchiv, Leihm\u00f6glichkeiten von Kamera- und Tonequipment, und vieles mehr&#8230;<\/p>\n\n\n\n<p><strong>In unserem <a href=\"https:\/\/videos.uni-paderborn.de\/video\/KiBi-Z-Image-Film\/ca4830a78dbe66f0a20c1cb9ec84343a\">Image Film<\/a> k\u00f6nnen Sie das KiBi-Z kennenlernen<\/strong>:<\/p>\n\n\n\n<figure class=\"wp-block-image\"><img loading=\"lazy\" decoding=\"async\" width=\"1422\" height=\"801\" src=\"https:\/\/blogs.uni-paderborn.de\/kibi-z\/files\/2021\/03\/KiBi-Z-Bild2.png\" alt=\"\" class=\"wp-image-282\" \/><\/figure>\n\n\n\n<figure class=\"wp-block-video aligncenter\"><video height=\"720\" style=\"aspect-ratio: 402 \/ 720;\" width=\"402\" controls muted src=\"https:\/\/blogs.uni-paderborn.de\/kibi-z\/files\/2022\/04\/KiBiZ_Rundumblick-2.mov\"><\/video><\/figure>\n\n\n\n<p><\/p>\n","protected":false},"excerpt":{"rendered":"<p>Unsere \u00d6ffnungszeiten in der Vorlesungszeit im Wintersemester 2024\/25: Dienstags: geschlossenMittwochs: 9-13 und 14-16 UhrDonnerstags: 11-13 Uhr Forschendes Lernen &#8211; begleitetes Forschen Das KiBi-Z ist ein Ort f\u00fcr individuelle Beratung sowie Kommunikation unter den Studierenden und Wissenschaftler:innen. Hier finden Sie die &hellip; <a href=\"https:\/\/blogs.uni-paderborn.de\/kibi-z\/unser-kibiz\/\">Weiterlesen <span class=\"meta-nav\">&rarr;<\/span><\/a><\/p>\n","protected":false},"author":8826,"featured_media":0,"parent":0,"menu_order":1,"comment_status":"closed","ping_status":"closed","template":"","meta":{"footnotes":""},"class_list":["post-125","page","type-page","status-publish","hentry"],"_links":{"self":[{"href":"https:\/\/blogs.uni-paderborn.de\/kibi-z\/wp-json\/wp\/v2\/pages\/125","targetHints":{"allow":["GET"]}}],"collection":[{"href":"https:\/\/blogs.uni-paderborn.de\/kibi-z\/wp-json\/wp\/v2\/pages"}],"about":[{"href":"https:\/\/blogs.uni-paderborn.de\/kibi-z\/wp-json\/wp\/v2\/types\/page"}],"author":[{"embeddable":true,"href":"https:\/\/blogs.uni-paderborn.de\/kibi-z\/wp-json\/wp\/v2\/users\/8826"}],"replies":[{"embeddable":true,"href":"https:\/\/blogs.uni-paderborn.de\/kibi-z\/wp-json\/wp\/v2\/comments?post=125"}],"version-history":[{"count":34,"href":"https:\/\/blogs.uni-paderborn.de\/kibi-z\/wp-json\/wp\/v2\/pages\/125\/revisions"}],"predecessor-version":[{"id":681,"href":"https:\/\/blogs.uni-paderborn.de\/kibi-z\/wp-json\/wp\/v2\/pages\/125\/revisions\/681"}],"wp:attachment":[{"href":"https:\/\/blogs.uni-paderborn.de\/kibi-z\/wp-json\/wp\/v2\/media?parent=125"}],"curies":[{"name":"wp","href":"https:\/\/api.w.org\/{rel}","templated":true}]}}