{"id":4,"date":"2019-03-26T11:53:26","date_gmt":"2019-03-26T10:53:26","guid":{"rendered":"https:\/\/blogs.uni-paderborn.de\/itrettung\/?page_id=2"},"modified":"2019-04-30T08:44:49","modified_gmt":"2019-04-30T06:44:49","slug":"beispiel-seite","status":"publish","type":"page","link":"https:\/\/blogs.uni-paderborn.de\/itrettung\/beispiel-seite\/","title":{"rendered":"Termine &amp; Einreichung"},"content":{"rendered":"<div class=\"twoclick_social_bookmarks_post_4 social_share_privacy clearfix 1.6.4 locale-de_DE sprite-de_DE\"><\/div><div class=\"twoclick-js\"><script type=\"text\/javascript\">\/* <![CDATA[ *\/\njQuery(document).ready(function($){if($('.twoclick_social_bookmarks_post_4')){$('.twoclick_social_bookmarks_post_4').socialSharePrivacy({\"txt_help\":\"Wenn Sie diese Felder durch einen Klick aktivieren, werden Informationen an Facebook, Twitter, Flattr, Xing, t3n, LinkedIn, Pinterest oder Google eventuell ins Ausland \\u00fcbertragen und unter Umst\\u00e4nden auch dort gespeichert. N\\u00e4heres erfahren Sie durch einen Klick auf das <em>i<\\\/em>.\",\"settings_perma\":\"Dauerhaft aktivieren und Daten\\u00fcber-tragung zustimmen:\",\"info_link\":\"http:\\\/\\\/www.heise.de\\\/ct\\\/artikel\\\/2-Klicks-fuer-mehr-Datenschutz-1333879.html\",\"uri\":\"https:\\\/\\\/blogs.uni-paderborn.de\\\/itrettung\\\/beispiel-seite\\\/\",\"post_id\":4,\"post_title_referrer_track\":\"Termine+%26amp%3B+Einreichung\",\"display_infobox\":\"on\"});}});\n\/* ]]> *\/<\/script><\/div><p><span style=\"color: #ff0000\"><strong>01.05.2019<\/strong><\/span> \u00a0 \u00a0 \u00a0 \u00a0 \u00a0 \u00a0 \u00a0 Einreichungsfrist f\u00fcr Workshop-Beitr\u00e4ge<br \/>\n<strong>31.05.2019<\/strong> \u00a0 \u00a0 \u00a0 \u00a0 \u00a0 \u00a0 \u00a0 Benachrichtigung<br \/>\n<strong>20.06.2019<\/strong> \u00a0 \u00a0 \u00a0 \u00a0 \u00a0 \u00a0\u00a0 Abgabe der Druckversion<br \/>\n<strong>23.-24.09.2019<\/strong> \u00a0\u00a0 Workshops<\/p>\n<p>Regul\u00e4re Beitr\u00e4ge d\u00fcrfen maximal 14 Seiten lang sein. <span style=\"float: none;background-color: transparent;color: #333333;cursor: text;font-family: 'Libre Franklin','Helvetica Neue',helvetica,arial,sans-serif;font-size: 16px;font-style: normal;font-variant: normal;font-weight: 400;letter-spacing: normal;text-align: left;text-decoration: none;text-indent: 0px\">Sie erscheinen in einem eigenen Volume der Tagungs-Proceedings (Volume II).<\/span> Es gelten die Formatvorgaben der LNI Proceedings (siehe <a href=\"https:\/\/informatik2019.de\/workshops\/\">Workshop-Site der Tagung<\/a>).<\/p>\n<p>Die Einreichung erfolgt \u00fcber das System <a href=\"https:\/\/easychair.org\/conferences\/?conf=itrettung2019\">easychair:\u00a0https:\/\/easychair.org\/conferences\/?conf=itrettung2019<\/a><\/p>\n","protected":false},"excerpt":{"rendered":"<p>01.05.2019 \u00a0 \u00a0 \u00a0 \u00a0 \u00a0 \u00a0 \u00a0 Einreichungsfrist f\u00fcr Workshop-Beitr\u00e4ge 31.05.2019 \u00a0 \u00a0 \u00a0 \u00a0 \u00a0 \u00a0 \u00a0 Benachrichtigung 20.06.2019 \u00a0 \u00a0 \u00a0 \u00a0 \u00a0 \u00a0\u00a0 Abgabe der Druckversion 23.-24.09.2019 \u00a0\u00a0 Workshops Regul\u00e4re Beitr\u00e4ge d\u00fcrfen maximal 14 Seiten lang sein. Sie erscheinen in einem eigenen Volume der Tagungs-Proceedings (Volume II). Es gelten die Formatvorgaben &hellip; <\/p>\n<p class=\"link-more\"><a href=\"https:\/\/blogs.uni-paderborn.de\/itrettung\/beispiel-seite\/\" class=\"more-link\"><span class=\"screen-reader-text\">\u201eTermine &amp; Einreichung\u201c <\/span>weiterlesen<\/a><\/p>\n","protected":false},"author":4581,"featured_media":0,"parent":0,"menu_order":0,"comment_status":"closed","ping_status":"open","template":"","meta":{"footnotes":""},"class_list":["post-4","page","type-page","status-publish","hentry"],"_links":{"self":[{"href":"https:\/\/blogs.uni-paderborn.de\/itrettung\/wp-json\/wp\/v2\/pages\/4","targetHints":{"allow":["GET"]}}],"collection":[{"href":"https:\/\/blogs.uni-paderborn.de\/itrettung\/wp-json\/wp\/v2\/pages"}],"about":[{"href":"https:\/\/blogs.uni-paderborn.de\/itrettung\/wp-json\/wp\/v2\/types\/page"}],"author":[{"embeddable":true,"href":"https:\/\/blogs.uni-paderborn.de\/itrettung\/wp-json\/wp\/v2\/users\/4581"}],"replies":[{"embeddable":true,"href":"https:\/\/blogs.uni-paderborn.de\/itrettung\/wp-json\/wp\/v2\/comments?post=4"}],"version-history":[{"count":6,"href":"https:\/\/blogs.uni-paderborn.de\/itrettung\/wp-json\/wp\/v2\/pages\/4\/revisions"}],"predecessor-version":[{"id":73,"href":"https:\/\/blogs.uni-paderborn.de\/itrettung\/wp-json\/wp\/v2\/pages\/4\/revisions\/73"}],"wp:attachment":[{"href":"https:\/\/blogs.uni-paderborn.de\/itrettung\/wp-json\/wp\/v2\/media?parent=4"}],"curies":[{"name":"wp","href":"https:\/\/api.w.org\/{rel}","templated":true}]}}