{"id":12,"date":"2024-08-15T22:58:59","date_gmt":"2024-08-15T20:58:59","guid":{"rendered":"https:\/\/blogs.uni-paderborn.de\/forscherkoffer\/?page_id=12"},"modified":"2024-11-26T09:44:49","modified_gmt":"2024-11-26T08:44:49","slug":"download","status":"publish","type":"page","link":"https:\/\/blogs.uni-paderborn.de\/forscherkoffer\/download\/","title":{"rendered":"DOWNLOAD"},"content":{"rendered":"<div class=\"twoclick_social_bookmarks_post_12 social_share_privacy clearfix 1.6.4 locale-de_DE sprite-de_DE\"><\/div><div class=\"twoclick-js\"><script type=\"text\/javascript\">\/* <![CDATA[ *\/\njQuery(document).ready(function($){if($('.twoclick_social_bookmarks_post_12')){$('.twoclick_social_bookmarks_post_12').socialSharePrivacy({\"txt_help\":\"Wenn Sie diese Felder durch einen Klick aktivieren, werden Informationen an Facebook, Twitter, Flattr, Xing, t3n, LinkedIn, Pinterest oder Google eventuell ins Ausland \\u00fcbertragen und unter Umst\\u00e4nden auch dort gespeichert. N\\u00e4heres erfahren Sie durch einen Klick auf das <em>i<\\\/em>.\",\"settings_perma\":\"Dauerhaft aktivieren und Daten\\u00fcber-tragung zustimmen:\",\"info_link\":\"http:\\\/\\\/www.heise.de\\\/ct\\\/artikel\\\/2-Klicks-fuer-mehr-Datenschutz-1333879.html\",\"uri\":\"https:\\\/\\\/blogs.uni-paderborn.de\\\/forscherkoffer\\\/download\\\/\",\"post_id\":12,\"post_title_referrer_track\":\"DOWNLOAD\",\"display_infobox\":\"on\"});}});\n\/* ]]> *\/<\/script><\/div>\n<p class=\"has-medium-font-size\"><strong><strong>Laden Sie sich hier das Material des Forscherkoffers herunter!<\/strong><\/strong><\/p>\n\n\n\n<h2 class=\"wp-block-heading\">Download-Material: Forscherkoffer f\u00fcr Lehrkr\u00e4fte<\/h2>\n\n\n\n<div class=\"wp-block-group is-nowrap is-layout-flex wp-container-core-group-is-layout-ad2f72ca wp-block-group-is-layout-flex\">\n<div data-wp-interactive=\"core\/file\" class=\"wp-block-file\"><object data-wp-bind--hidden=\"!state.hasPdfPreview\" hidden class=\"wp-block-file__embed\" data=\"https:\/\/blogs.uni-paderborn.de\/forscherkoffer\/files\/2024\/11\/Leitfaden_Lehrkraefte.pdf\" type=\"application\/pdf\" style=\"width:100%;height:420px\" aria-label=\"Einbettung von Leitfaden_Lehrkraefte.\"><\/object><a id=\"wp-block-file--media-58829f02-6eaa-4688-949d-9c8ad6e1e30f\" href=\"https:\/\/blogs.uni-paderborn.de\/forscherkoffer\/files\/2024\/11\/Leitfaden_Lehrkraefte.pdf\">Leitfaden_Lehrkraefte<\/a><a href=\"https:\/\/blogs.uni-paderborn.de\/forscherkoffer\/files\/2024\/11\/Leitfaden_Lehrkraefte.pdf\" class=\"wp-block-file__button wp-element-button\" download aria-describedby=\"wp-block-file--media-58829f02-6eaa-4688-949d-9c8ad6e1e30f\">Herunterladen<\/a><\/div>\n\n\n\n<div style=\"height:100px;width:33px\" aria-hidden=\"true\" class=\"wp-block-spacer wp-container-content-67de619e\"><\/div>\n\n\n\n<div data-wp-interactive=\"core\/file\" class=\"wp-block-file\"><object data-wp-bind--hidden=\"!state.hasPdfPreview\" hidden class=\"wp-block-file__embed\" data=\"https:\/\/blogs.uni-paderborn.de\/forscherkoffer\/files\/2024\/11\/Lexikon_Lehrkraefte.pdf\" type=\"application\/pdf\" style=\"width:100%;height:420px\" aria-label=\"Einbettung von Lexikon_Lehrkraefte.\"><\/object><a id=\"wp-block-file--media-16076fa8-2273-4df0-bc38-7d6be42a8c1e\" href=\"https:\/\/blogs.uni-paderborn.de\/forscherkoffer\/files\/2024\/11\/Lexikon_Lehrkraefte.pdf\">Lexikon_Lehrkraefte<\/a><a href=\"https:\/\/blogs.uni-paderborn.de\/forscherkoffer\/files\/2024\/11\/Lexikon_Lehrkraefte.pdf\" class=\"wp-block-file__button wp-element-button\" download aria-describedby=\"wp-block-file--media-16076fa8-2273-4df0-bc38-7d6be42a8c1e\">Herunterladen<\/a><\/div>\n<\/div>\n\n\n\n<div style=\"height:25px\" aria-hidden=\"true\" class=\"wp-block-spacer\"><\/div>\n\n\n\n<div class=\"wp-block-group is-nowrap is-layout-flex wp-container-core-group-is-layout-ad2f72ca wp-block-group-is-layout-flex\">\n<div data-wp-interactive=\"core\/file\" class=\"wp-block-file\"><object data-wp-bind--hidden=\"!state.hasPdfPreview\" hidden class=\"wp-block-file__embed\" data=\"https:\/\/blogs.uni-paderborn.de\/forscherkoffer\/files\/2024\/11\/Materialpaket_Lehrkraefte.pdf\" type=\"application\/pdf\" style=\"width:100%;height:440px\" aria-label=\"Einbettung von Materialpaket_Lehrkraefte.\"><\/object><a id=\"wp-block-file--media-95040264-edc1-43f6-8e1f-99c9009b8238\" href=\"https:\/\/blogs.uni-paderborn.de\/forscherkoffer\/files\/2024\/11\/Materialpaket_Lehrkraefte.pdf\">Materialpaket_Lehrkraefte<\/a><a href=\"https:\/\/blogs.uni-paderborn.de\/forscherkoffer\/files\/2024\/11\/Materialpaket_Lehrkraefte.pdf\" class=\"wp-block-file__button wp-element-button\" download aria-describedby=\"wp-block-file--media-95040264-edc1-43f6-8e1f-99c9009b8238\">Herunterladen<\/a><\/div>\n\n\n\n<div style=\"height:100px;width:295px\" aria-hidden=\"true\" class=\"wp-block-spacer wp-container-content-50744dce\"><\/div>\n\n\n\n<div style=\"height:100px;width:362px\" aria-hidden=\"true\" class=\"wp-block-spacer wp-container-content-b79938eb\"><\/div>\n<\/div>\n\n\n\n<div style=\"height:27px\" aria-hidden=\"true\" class=\"wp-block-spacer\"><\/div>\n\n\n\n<div data-wp-interactive=\"core\/file\" class=\"wp-block-file\"><object data-wp-bind--hidden=\"!state.hasPdfPreview\" hidden class=\"wp-block-file__embed\" data=\"https:\/\/blogs.uni-paderborn.de\/forscherkoffer\/files\/2024\/11\/Methodenkarten_Lehrkraefte.pdf\" type=\"application\/pdf\" style=\"width:100%;height:200px\" aria-label=\"Einbettung von Methodenkarten_Lehrkraefte.\"><\/object><a id=\"wp-block-file--media-c69b278a-06e2-487d-9a66-247d034f782a\" href=\"https:\/\/blogs.uni-paderborn.de\/forscherkoffer\/files\/2024\/11\/Methodenkarten_Lehrkraefte.pdf\">Methodenkarten_Lehrkraefte<\/a><a href=\"https:\/\/blogs.uni-paderborn.de\/forscherkoffer\/files\/2024\/11\/Methodenkarten_Lehrkraefte.pdf\" class=\"wp-block-file__button wp-element-button\" download aria-describedby=\"wp-block-file--media-c69b278a-06e2-487d-9a66-247d034f782a\">Herunterladen<\/a><\/div>\n\n\n\n<div class=\"wp-block-group is-nowrap is-layout-flex wp-container-core-group-is-layout-ad2f72ca wp-block-group-is-layout-flex\">\n<div style=\"height:100px;width:720px\" aria-hidden=\"true\" class=\"wp-block-spacer wp-container-content-0e34c2e4\"><\/div>\n<\/div>\n\n\n\n<h2 class=\"wp-block-heading\">Download-Material: Forscherkoffer f\u00fcr Kinder<\/h2>\n\n\n\n<div class=\"wp-block-group is-nowrap is-layout-flex wp-container-core-group-is-layout-ad2f72ca wp-block-group-is-layout-flex\">\n<div data-wp-interactive=\"core\/file\" class=\"wp-block-file\"><object data-wp-bind--hidden=\"!state.hasPdfPreview\" hidden class=\"wp-block-file__embed\" data=\"https:\/\/blogs.uni-paderborn.de\/forscherkoffer\/files\/2024\/11\/Materialpaket_Kinder.pdf\" type=\"application\/pdf\" style=\"width:100%;height:440px\" aria-label=\"Einbettung von Materialpaket_Kinder.\"><\/object><a id=\"wp-block-file--media-0a0aed00-6beb-4c37-87f6-6f4bc6e5aeb0\" href=\"https:\/\/blogs.uni-paderborn.de\/forscherkoffer\/files\/2024\/11\/Materialpaket_Kinder.pdf\">Materialpaket_Kinder<\/a><a href=\"https:\/\/blogs.uni-paderborn.de\/forscherkoffer\/files\/2024\/11\/Materialpaket_Kinder.pdf\" class=\"wp-block-file__button wp-element-button\" download aria-describedby=\"wp-block-file--media-0a0aed00-6beb-4c37-87f6-6f4bc6e5aeb0\">Herunterladen<\/a><\/div>\n\n\n\n<div style=\"height:100px;width:16px\" aria-hidden=\"true\" class=\"wp-block-spacer wp-container-content-f9bd05ee\"><\/div>\n\n\n\n<div data-wp-interactive=\"core\/file\" class=\"wp-block-file\"><object data-wp-bind--hidden=\"!state.hasPdfPreview\" hidden class=\"wp-block-file__embed\" data=\"https:\/\/blogs.uni-paderborn.de\/forscherkoffer\/files\/2024\/11\/Lexikonkarten_Kinder.pdf\" type=\"application\/pdf\" style=\"width:100%;height:200px\" aria-label=\"Einbettung von Lexikonkarten_Kinder.\"><\/object><a id=\"wp-block-file--media-d545e6f1-84db-4936-b52a-f9a6f34af539\" href=\"https:\/\/blogs.uni-paderborn.de\/forscherkoffer\/files\/2024\/11\/Lexikonkarten_Kinder.pdf\">Lexikonkarten_Kinder<\/a><a href=\"https:\/\/blogs.uni-paderborn.de\/forscherkoffer\/files\/2024\/11\/Lexikonkarten_Kinder.pdf\" class=\"wp-block-file__button wp-element-button\" download aria-describedby=\"wp-block-file--media-d545e6f1-84db-4936-b52a-f9a6f34af539\">Herunterladen<\/a><\/div>\n<\/div>\n\n\n\n<div style=\"height:32px\" aria-hidden=\"true\" class=\"wp-block-spacer\"><\/div>\n\n\n\n<div data-wp-interactive=\"core\/file\" class=\"wp-block-file\"><object data-wp-bind--hidden=\"!state.hasPdfPreview\" hidden class=\"wp-block-file__embed\" data=\"https:\/\/blogs.uni-paderborn.de\/forscherkoffer\/files\/2024\/11\/Methodenkarten_Kinder.pdf\" type=\"application\/pdf\" style=\"width:100%;height:230px\" aria-label=\"Einbettung von Methodenkarten_Kinder.\"><\/object><a id=\"wp-block-file--media-27903793-34a4-43b4-a234-528bbab9815e\" href=\"https:\/\/blogs.uni-paderborn.de\/forscherkoffer\/files\/2024\/11\/Methodenkarten_Kinder.pdf\">Methodenkarten_Kinder<\/a><a href=\"https:\/\/blogs.uni-paderborn.de\/forscherkoffer\/files\/2024\/11\/Methodenkarten_Kinder.pdf\" class=\"wp-block-file__button wp-element-button\" download aria-describedby=\"wp-block-file--media-27903793-34a4-43b4-a234-528bbab9815e\">Herunterladen<\/a><\/div>\n\n\n\n<div style=\"height:100px\" aria-hidden=\"true\" class=\"wp-block-spacer\"><\/div>\n\n\n\n<div class=\"wp-block-group has-background\" style=\"background-color:#fff18857\"><div class=\"wp-block-group__inner-container is-layout-constrained wp-block-group-is-layout-constrained\">\n<p><strong>Wie kann ich den Forscherkoffer als Open Educational Ressource (OER) nutzen?<\/strong><\/p>\n\n\n\n<p>\u201eOpen Educational Resources (OER) sind Bildungsmaterialien jeglicher Art und in jedem Medium, die unter einer offenen Lizenz ver\u00f6ffentlicht werden. Eine solche Lizenz erm\u00f6glicht den kostenlosen Zugang sowie die kostenlose Nutzung, Bearbeitung und Weiterverbreitung durch Dritte ohne oder mit geringf\u00fcgigen Einschr\u00e4nkungen. Dabei bestimmen die Urhebenden selbst, welche Nutzungsreche sie einr\u00e4umen und welche Rechte sie sich vorbehalten.\u201c (Quelle:&nbsp;<a href=\"https:\/\/www.unesco.de\/bildung\/open-educational-resources\">UNESCO Definition<\/a>)<\/p>\n\n\n\n<p>Der Forscherkoffer ist unter der&nbsp;<a href=\"https:\/\/creativecommons.org\/licenses\/by-sa\/4.0\/\"><strong>Lizenz CC BY SA<\/strong><\/a>&nbsp;ver\u00f6ffentlicht. Bei der Weiterverwendung m\u00fcssen die Namen der Urhebenden genannt werden und falls Sie das Material weiterentwickeln, dann d\u00fcrfen Sie dieses nur unter derselben Lizenz (also CC BY SA) ver\u00f6ffentlichen (Quelle:&nbsp;<a href=\"https:\/\/open-educational-resources.de\/was-ist-oer-3-2\/\">oer.info<\/a>)<\/p>\n\n\n\n<p class=\"has-dark-gray-color has-text-color has-link-color wp-elements-2cf5cd67cbad67a8660f705a66726648\"><strong>Beispiel: <\/strong><br>\u00a9 2024 von <em>Marie Muster<\/em> basierend auf dem Werk <em>&#8222;Kinder als Forscher:innen in eigener und gemeinsamer Sache &#8211; der Forscherkoffer&#8220;<\/em> von <em>Hannah Fernhomberg, Petra B\u00fcker &amp; Stefan Wolf<\/em>, lizensiert unter der Lizenz <em>CC BY-SA 4.0<\/em>. \u00c4nderungen: <em>Vertonung der Methodenkarten durch Marie Muster<\/em>. Eine Kopie der Lizenz finden Sie unter: <a href=\"https:\/\/creativecommons.org\/licenses\/by-sa\/4.0\/\">https:\/\/creativecommons.org\/licenses\/by-sa\/4.0\/<\/a><\/p>\n\n\n\n<p>Das&nbsp;<strong>Material des Forscherkoffers<\/strong>&nbsp;d\u00fcrfen Sie als OER&nbsp;<strong>unter Beachtung der angegebenen Lizenz<\/strong>&nbsp;wie folgt nutzen:&nbsp;<\/p>\n\n\n\n<ul class=\"wp-block-list\">\n<li>Sie d\u00fcrfen das Material mit Nennung der Urheber:innen und unter der gleichen Lizenz&nbsp;<strong>verwenden<\/strong><\/li>\n\n\n\n<li>Sie d\u00fcrfen das Material mit Nennung der Urheber:innen und unter der gleichen Lizenz&nbsp;<strong>verwahren<\/strong>&nbsp;und&nbsp;<strong>vervielf\u00e4ltigen<\/strong><\/li>\n\n\n\n<li>Sie d\u00fcrfen das Material mit Nennung der Urheber:innen und unter der gleichen Lizenz&nbsp;<strong>ver\u00e4ndern<\/strong><\/li>\n\n\n\n<li>Sie d\u00fcrfen das Material mit Nennung der Urheber:innen und unter der gleichen Lizenz&nbsp;<strong>vermischen<\/strong><\/li>\n\n\n\n<li>Sie d\u00fcrfen das Material mit Nennung der Urheber:innen und unter der gleichen Lizenz&nbsp;<strong>verbreiten<\/strong><\/li>\n<\/ul>\n\n\n\n<p>(Quelle:&nbsp;<a href=\"https:\/\/open-educational-resources.de\/oerklaert-5v-freiheiten-in-der-gegenueberstellung-erklaert\/\">#OERkl\u00e4rt \u2013 die 5V-Gegen\u00fcberstellung<\/a>)<\/p>\n<\/div><\/div>\n\n\n\n<p><\/p>\n","protected":false},"excerpt":{"rendered":"<p>Laden Sie sich hier das Material des Forscherkoffers herunter! Download-Material: Forscherkoffer f\u00fcr Lehrkr\u00e4fte Download-Material: Forscherkoffer f\u00fcr Kinder Wie kann ich den Forscherkoffer als Open Educational Ressource (OER) nutzen? \u201eOpen Educational Resources (OER) sind Bildungsmaterialien jeglicher Art und in jedem Medium, die unter einer offenen Lizenz ver\u00f6ffentlicht werden. Eine solche Lizenz erm\u00f6glicht den kostenlosen Zugang sowie [&hellip;]<\/p>\n","protected":false},"author":9273,"featured_media":0,"parent":0,"menu_order":0,"comment_status":"closed","ping_status":"closed","template":"","meta":{"footnotes":""},"class_list":["post-12","page","type-page","status-publish","hentry"],"_links":{"self":[{"href":"https:\/\/blogs.uni-paderborn.de\/forscherkoffer\/wp-json\/wp\/v2\/pages\/12","targetHints":{"allow":["GET"]}}],"collection":[{"href":"https:\/\/blogs.uni-paderborn.de\/forscherkoffer\/wp-json\/wp\/v2\/pages"}],"about":[{"href":"https:\/\/blogs.uni-paderborn.de\/forscherkoffer\/wp-json\/wp\/v2\/types\/page"}],"author":[{"embeddable":true,"href":"https:\/\/blogs.uni-paderborn.de\/forscherkoffer\/wp-json\/wp\/v2\/users\/9273"}],"replies":[{"embeddable":true,"href":"https:\/\/blogs.uni-paderborn.de\/forscherkoffer\/wp-json\/wp\/v2\/comments?post=12"}],"version-history":[{"count":23,"href":"https:\/\/blogs.uni-paderborn.de\/forscherkoffer\/wp-json\/wp\/v2\/pages\/12\/revisions"}],"predecessor-version":[{"id":254,"href":"https:\/\/blogs.uni-paderborn.de\/forscherkoffer\/wp-json\/wp\/v2\/pages\/12\/revisions\/254"}],"wp:attachment":[{"href":"https:\/\/blogs.uni-paderborn.de\/forscherkoffer\/wp-json\/wp\/v2\/media?parent=12"}],"curies":[{"name":"wp","href":"https:\/\/api.w.org\/{rel}","templated":true}]}}