{"id":8001,"date":"2016-05-20T10:15:04","date_gmt":"2016-05-20T08:15:04","guid":{"rendered":"https:\/\/blogs.uni-paderborn.de\/campuslauf\/?page_id=8001"},"modified":"2019-12-18T10:25:52","modified_gmt":"2019-12-18T08:25:52","slug":"rahmenprogramm-2","status":"publish","type":"page","link":"https:\/\/blogs.uni-paderborn.de\/campuslauf\/rahmenprogramm-2\/","title":{"rendered":"Rahmenprogramm"},"content":{"rendered":"<h1><span style=\"color: #000000\"><strong>Programm 2019:\u00a0<\/strong><\/span><\/h1>\n<ul>\n<li>Massagebank Campus Physio<\/li>\n<li>Auftritte Hochschulsportgruppen ( Bollywoodtanz, Chearleader Paderborn, Hornets, AFC Dolphins, Improtheater)<\/li>\n<li>RedBull Event Car (Musik)<\/li>\n<li>Rechargebike<\/li>\n<\/ul>\n<h1><strong>Kinderprogramm:<\/strong><\/h1>\n<ul>\n<li>H\u00fcpfburg<\/li>\n<li>Leinw\u00e4nde mit Fingerfarbe<\/li>\n<\/ul>\n<h1><strong>Messest\u00e4nde:<\/strong><\/h1>\n<ul>\n<li>Swiss Life<\/li>\n<li>TK<\/li>\n<li>Campus Physio<\/li>\n<li>Westf\u00e4lisches Volksblatt<\/li>\n<li>Red Bull<\/li>\n<li>Bad Driburger<\/li>\n<li>\u201eW\u00fcnschewagen\u201c<\/li>\n<li>PaderSprinter<\/li>\n<\/ul>\n<h1><strong>Verpflegung:<\/strong><\/h1>\n<ul>\n<li>Getr\u00e4nkestand der Fachschaft Sportwissenschaft<\/li>\n<\/ul>\n<p><a href=\"https:\/\/blogs.uni-paderborn.de\/campuslauf\/files\/2017\/06\/FS-Sport.jpg\"><img loading=\"lazy\" decoding=\"async\" class=\"alignnone size-thumbnail wp-image-8836\" src=\"https:\/\/blogs.uni-paderborn.de\/campuslauf\/files\/2017\/06\/FS-Sport-150x150.jpg\" alt=\"\" width=\"150\" height=\"150\" srcset=\"https:\/\/blogs.uni-paderborn.de\/campuslauf\/files\/2017\/06\/FS-Sport-150x150.jpg 150w, https:\/\/blogs.uni-paderborn.de\/campuslauf\/files\/2017\/06\/FS-Sport-300x300.jpg 300w, https:\/\/blogs.uni-paderborn.de\/campuslauf\/files\/2017\/06\/FS-Sport-768x768.jpg 768w, https:\/\/blogs.uni-paderborn.de\/campuslauf\/files\/2017\/06\/FS-Sport-1024x1024.jpg 1024w, https:\/\/blogs.uni-paderborn.de\/campuslauf\/files\/2017\/06\/FS-Sport.jpg 2048w\" sizes=\"auto, (max-width: 150px) 100vw, 150px\" \/><\/a><\/p>\n<div class=\"twoclick_social_bookmarks_post_8001 social_share_privacy clearfix 1.6.4 locale-de_DE sprite-de_DE\"><\/div><div class=\"twoclick-js\"><script type=\"text\/javascript\">\/* <![CDATA[ *\/\njQuery(document).ready(function($){if($('.twoclick_social_bookmarks_post_8001')){$('.twoclick_social_bookmarks_post_8001').socialSharePrivacy({\"services\":{\"facebook\":{\"status\":\"on\",\"txt_info\":\"2 Klicks f\\u00fcr mehr Datenschutz: Erst wenn Sie hier klicken, wird der Button aktiv und Sie k\\u00f6nnen Ihre Empfehlung an Facebook senden. Schon beim Aktivieren werden Daten an Dritte \\u00fcbertragen - siehe <em>i<\\\/em>.\",\"perma_option\":\"off\",\"action\":\"recommend\",\"language\":\"de_DE\"}},\"txt_help\":\"Wenn Sie diese Felder durch einen Klick aktivieren, werden Informationen an Facebook, Twitter, Flattr, Xing, t3n, LinkedIn, Pinterest oder Google eventuell ins Ausland \\u00fcbertragen und unter Umst\\u00e4nden auch dort gespeichert. N\\u00e4heres erfahren Sie durch einen Klick auf das <em>i<\\\/em>.\",\"settings_perma\":\"Dauerhaft aktivieren und Daten\\u00fcber-tragung zustimmen:\",\"info_link\":\"http:\\\/\\\/www.heise.de\\\/ct\\\/artikel\\\/2-Klicks-fuer-mehr-Datenschutz-1333879.html\",\"uri\":\"https:\\\/\\\/blogs.uni-paderborn.de\\\/campuslauf\\\/rahmenprogramm-2\\\/\",\"post_id\":8001,\"post_title_referrer_track\":\"Rahmenprogramm\",\"display_infobox\":\"on\"});}});\n\/* ]]> *\/<\/script><\/div>","protected":false},"excerpt":{"rendered":"<p>Programm 2019:\u00a0 Massagebank Campus Physio Auftritte Hochschulsportgruppen ( Bollywoodtanz, Chearleader Paderborn, Hornets, AFC Dolphins, Improtheater) RedBull Event Car (Musik) Rechargebike Kinderprogramm: H\u00fcpfburg Leinw\u00e4nde mit Fingerfarbe Messest\u00e4nde: Swiss Life TK Campus Physio Westf\u00e4lisches Volksblatt Red Bull Bad Driburger \u201eW\u00fcnschewagen\u201c PaderSprinter Verpflegung: &hellip; <a href=\"https:\/\/blogs.uni-paderborn.de\/campuslauf\/rahmenprogramm-2\/\">Weiterlesen <span class=\"meta-nav\">&rarr;<\/span><\/a><\/p>\n","protected":false},"author":6701,"featured_media":0,"parent":0,"menu_order":1,"comment_status":"closed","ping_status":"closed","template":"","meta":{"footnotes":""},"class_list":["post-8001","page","type-page","status-publish","hentry"],"_links":{"self":[{"href":"https:\/\/blogs.uni-paderborn.de\/campuslauf\/wp-json\/wp\/v2\/pages\/8001","targetHints":{"allow":["GET"]}}],"collection":[{"href":"https:\/\/blogs.uni-paderborn.de\/campuslauf\/wp-json\/wp\/v2\/pages"}],"about":[{"href":"https:\/\/blogs.uni-paderborn.de\/campuslauf\/wp-json\/wp\/v2\/types\/page"}],"author":[{"embeddable":true,"href":"https:\/\/blogs.uni-paderborn.de\/campuslauf\/wp-json\/wp\/v2\/users\/6701"}],"replies":[{"embeddable":true,"href":"https:\/\/blogs.uni-paderborn.de\/campuslauf\/wp-json\/wp\/v2\/comments?post=8001"}],"version-history":[{"count":25,"href":"https:\/\/blogs.uni-paderborn.de\/campuslauf\/wp-json\/wp\/v2\/pages\/8001\/revisions"}],"predecessor-version":[{"id":9477,"href":"https:\/\/blogs.uni-paderborn.de\/campuslauf\/wp-json\/wp\/v2\/pages\/8001\/revisions\/9477"}],"wp:attachment":[{"href":"https:\/\/blogs.uni-paderborn.de\/campuslauf\/wp-json\/wp\/v2\/media?parent=8001"}],"curies":[{"name":"wp","href":"https:\/\/api.w.org\/{rel}","templated":true}]}}