{"id":341,"date":"2013-04-29T15:08:15","date_gmt":"2013-04-29T13:08:15","guid":{"rendered":"http:\/\/blogs.uni-paderborn.de\/campuslauf\/?page_id=341"},"modified":"2020-01-26T20:43:14","modified_gmt":"2020-01-26T18:43:14","slug":"anmeldung-2","status":"publish","type":"page","link":"https:\/\/blogs.uni-paderborn.de\/campuslauf\/anmeldung-2\/","title":{"rendered":"Anmeldung 2020"},"content":{"rendered":"<p>Die Anmeldung zum Campuslauf erfolgt \u00fcber das <a href=\"http:\/\/www.buchsys.de\/paderborn\/sportarten\/aktueller_zeitraum\/_Campuslauf.html\">Buchungstool<\/a> des Hochschulsports und ist dort wie ein herk\u00f6mmlicher Kurs im Hochschulsport-Programm der Universit\u00e4t angelegt:<\/p>\n<p>Kosten:<\/p>\n<ul>\n<li>5 km und 10 km Lauf: 6 \u20ac pro Person<\/li>\n<li>Staffellauf: 16 \u20ac pro Gruppe<\/li>\n<li>Bambini-L\u00e4ufe kostenlos<\/li>\n<\/ul>\n<p>Sonstiges:<\/p>\n<ul>\n<li>F\u00fcr den Staffellauf wird ein Teamname ben\u00f6tigt.<\/li>\n<li>Die Startnummern k\u00f6nnen am Wettkampftag um 15:00 Uhr am Meldeb\u00fcro auf dem Sportplatz abgeholt werden.<\/li>\n<li>Die Anmeldung f\u00fcr die Bambini-L\u00e4ufe erfolgt ebenfalls \u00fcber den Buchungstool des Hochschulsports.<\/li>\n<\/ul>\n<div class=\"twoclick_social_bookmarks_post_341 social_share_privacy clearfix 1.6.4 locale-de_DE sprite-de_DE\"><\/div><div class=\"twoclick-js\"><script type=\"text\/javascript\">\/* <![CDATA[ *\/\njQuery(document).ready(function($){if($('.twoclick_social_bookmarks_post_341')){$('.twoclick_social_bookmarks_post_341').socialSharePrivacy({\"services\":{\"facebook\":{\"status\":\"on\",\"txt_info\":\"2 Klicks f\\u00fcr mehr Datenschutz: Erst wenn Sie hier klicken, wird der Button aktiv und Sie k\\u00f6nnen Ihre Empfehlung an Facebook senden. Schon beim Aktivieren werden Daten an Dritte \\u00fcbertragen - siehe <em>i<\\\/em>.\",\"perma_option\":\"off\",\"action\":\"recommend\",\"language\":\"de_DE\"}},\"txt_help\":\"Wenn Sie diese Felder durch einen Klick aktivieren, werden Informationen an Facebook, Twitter, Flattr, Xing, t3n, LinkedIn, Pinterest oder Google eventuell ins Ausland \\u00fcbertragen und unter Umst\\u00e4nden auch dort gespeichert. N\\u00e4heres erfahren Sie durch einen Klick auf das <em>i<\\\/em>.\",\"settings_perma\":\"Dauerhaft aktivieren und Daten\\u00fcber-tragung zustimmen:\",\"info_link\":\"http:\\\/\\\/www.heise.de\\\/ct\\\/artikel\\\/2-Klicks-fuer-mehr-Datenschutz-1333879.html\",\"uri\":\"https:\\\/\\\/blogs.uni-paderborn.de\\\/campuslauf\\\/anmeldung-2\\\/\",\"post_id\":341,\"post_title_referrer_track\":\"Anmeldung+2020\",\"display_infobox\":\"on\"});}});\n\/* ]]> *\/<\/script><\/div>","protected":false},"excerpt":{"rendered":"<p>Die Anmeldung zum Campuslauf erfolgt \u00fcber das Buchungstool des Hochschulsports und ist dort wie ein herk\u00f6mmlicher Kurs im Hochschulsport-Programm der Universit\u00e4t angelegt: Kosten: 5 km und 10 km Lauf: 6 \u20ac pro Person Staffellauf: 16 \u20ac pro Gruppe Bambini-L\u00e4ufe kostenlos &hellip; <a href=\"https:\/\/blogs.uni-paderborn.de\/campuslauf\/anmeldung-2\/\">Weiterlesen <span class=\"meta-nav\">&rarr;<\/span><\/a><\/p>\n","protected":false},"author":3301,"featured_media":0,"parent":0,"menu_order":3,"comment_status":"closed","ping_status":"closed","template":"","meta":{"footnotes":""},"class_list":["post-341","page","type-page","status-publish","hentry"],"_links":{"self":[{"href":"https:\/\/blogs.uni-paderborn.de\/campuslauf\/wp-json\/wp\/v2\/pages\/341","targetHints":{"allow":["GET"]}}],"collection":[{"href":"https:\/\/blogs.uni-paderborn.de\/campuslauf\/wp-json\/wp\/v2\/pages"}],"about":[{"href":"https:\/\/blogs.uni-paderborn.de\/campuslauf\/wp-json\/wp\/v2\/types\/page"}],"author":[{"embeddable":true,"href":"https:\/\/blogs.uni-paderborn.de\/campuslauf\/wp-json\/wp\/v2\/users\/3301"}],"replies":[{"embeddable":true,"href":"https:\/\/blogs.uni-paderborn.de\/campuslauf\/wp-json\/wp\/v2\/comments?post=341"}],"version-history":[{"count":30,"href":"https:\/\/blogs.uni-paderborn.de\/campuslauf\/wp-json\/wp\/v2\/pages\/341\/revisions"}],"predecessor-version":[{"id":9506,"href":"https:\/\/blogs.uni-paderborn.de\/campuslauf\/wp-json\/wp\/v2\/pages\/341\/revisions\/9506"}],"wp:attachment":[{"href":"https:\/\/blogs.uni-paderborn.de\/campuslauf\/wp-json\/wp\/v2\/media?parent=341"}],"curies":[{"name":"wp","href":"https:\/\/api.w.org\/{rel}","templated":true}]}}