{"id":996,"date":"2020-03-17T22:08:07","date_gmt":"2020-03-17T21:08:07","guid":{"rendered":"https:\/\/blogs.uni-paderborn.de\/brauerhoch\/?page_id=996"},"modified":"2020-08-09T21:44:19","modified_gmt":"2020-08-09T19:44:19","slug":"dore-o","status":"publish","type":"page","link":"https:\/\/blogs.uni-paderborn.de\/brauerhoch\/dore-o\/","title":{"rendered":"Dore O."},"content":{"rendered":"<div class=\"twoclick_social_bookmarks_post_996 social_share_privacy clearfix 1.6.4 locale-de_DE sprite-de_DE\"><\/div><div class=\"twoclick-js\"><script type=\"text\/javascript\">\/* <![CDATA[ *\/\njQuery(document).ready(function($){if($('.twoclick_social_bookmarks_post_996')){$('.twoclick_social_bookmarks_post_996').socialSharePrivacy({\"txt_help\":\"Wenn Sie diese Felder durch einen Klick aktivieren, werden Informationen an Facebook, Twitter, Flattr, Xing, t3n, LinkedIn, Pinterest oder Google eventuell ins Ausland \\u00fcbertragen und unter Umst\\u00e4nden auch dort gespeichert. N\\u00e4heres erfahren Sie durch einen Klick auf das <em>i<\\\/em>.\",\"settings_perma\":\"Dauerhaft aktivieren und Daten\\u00fcber-tragung zustimmen:\",\"info_link\":\"http:\\\/\\\/www.heise.de\\\/ct\\\/artikel\\\/2-Klicks-fuer-mehr-Datenschutz-1333879.html\",\"uri\":\"https:\\\/\\\/blogs.uni-paderborn.de\\\/brauerhoch\\\/dore-o\\\/\",\"post_id\":996,\"post_title_referrer_track\":\"Dore+O.\",\"display_infobox\":\"on\"});}});\n\/* ]]> *\/<\/script><\/div>\n<h3 class=\"wp-block-heading\">Blindman&#8217;s Ball<\/h3>\n\n\n\n<figure class=\"wp-block-image\"><a href=\"https:\/\/blogs.uni-paderborn.de\/brauerhoch\/files\/2020\/03\/blindman.jpg\"><img loading=\"lazy\" decoding=\"async\" width=\"300\" height=\"225\" src=\"https:\/\/blogs.uni-paderborn.de\/brauerhoch\/files\/2020\/03\/blindman.jpg\" alt=\"\" class=\"wp-image-1122\" \/><\/a><\/figure>\n\n\n\n<p>BRD 1988<br>35 min<br>Farbe<br>Lichtton<br>16mm<br>Kamera: Dore O., Serge Roman<br>Musik: Anthony Moore<br>Produktion: Werner Nekes Filmproduktion<\/p>\n\n\n\n<p><\/p>\n\n\n\n<figure class=\"wp-block-video alignleft\"><video controls src=\"https:\/\/groups.uni-paderborn.de\/brauerhoch\/blindman.mp4\"><\/video><\/figure>\n\n\n\n<p><\/p>\n\n\n\n<p><\/p>\n\n\n\n<p><\/p>\n\n\n\n<p><\/p>\n\n\n\n<br \/><br \/><br \/><br \/><br \/><br \/><br \/><br \/><br \/><br \/><br \/><br \/>\n\n\n\n<p>Ein poetisch-malerischer Experimentalfilm mit narrativen Elementen. Ein offenbar blinder Mann wird von einer Frau gepflegt. Sie zieht ihn aus, legt Verb\u00e4nde an und bekleidet ihn. Die Handlung wird auf gegeneinanderlaufenden Zeitachsen gezeigt, so da\u00df die Beziehung des Paares im Zustand der Stagnation erscheint. Dazwischen sind innere Bilder der Protagonisten zu sehen: Alptr\u00e4ume, eine optische Maschine, aber auch erotische Tr\u00e4ume aus einer vielleicht besseren Zeit. Tango-Motive und eine Arie (Musik: Anthony Moore) verst\u00e4rken den Eindruck eines romantischen Kammerspiels.<\/p>\n\n\n\n<p>Die Blindheit des Mannes bezieht sich auf Joseph Plateau, einen Pysiker und Pionier f\u00fcr die sp\u00e4tere Entwicklung des Films, der seinen Augapfel durch Nachbildforschungen zerst\u00f6rte.<br>Die Bildtechnik, in der Schicht auf Schicht \u00fcberblendet wird, erinnert an die \u00dcbermalungen im Leinwand-\u0152uvre der Autorin.<br><a rel=\"noreferrer noopener\" aria-label=\" (\u00f6ffnet in neuem Tab)\" href=\"http:\/\/www.medienkunstnetz.de\/werke\/blindmans-ball\/bilder\/9\/#reiter\" target=\"_blank\">http:\/\/www.medienkunstnetz.de\/werke\/blindmans-ball\/bilder\/9\/#reiter<\/a><\/p>\n\n\n\n<p>BLINDMAN&#8217;S BALL is a lyrical film. It neither describes events nor incidents, but conditions, situation and memory, dream. A man is sick. He is afraid to become blind. His wife nurses him. She is tender, but she also &#8218;possesses&#8216; the helpless man. He has nightmares, in which memories of trite moments of the past are included.<\/p>\n\n\n\n<p>The spectator has no viewpoint anymore; the moving film images attack him and make him omnipotent in his way of seeing at the same time. In Dore O.&#8217;s newest and most important film, the world turns into a kaleidoscope, into a pile of broken mirror fragments, into icy boulders which seem to fall down on the spectator. A playing with filmtime. A playing with all the possibilities of the logic of combining images. A FILM, not a filmed piece of literature. Inspiring.<br><em>Eva M.J. Schmid \u2013 In: Katalog Braunschweiger Filmfest 1989.<\/em><\/p>\n","protected":false},"excerpt":{"rendered":"<p>Blindman&#8217;s Ball BRD 198835 minFarbeLichtton16mmKamera: Dore O., Serge RomanMusik: Anthony MooreProduktion: Werner Nekes Filmproduktion Ein poetisch-malerischer Experimentalfilm mit narrativen Elementen. Ein offenbar blinder Mann wird von einer Frau gepflegt. Sie zieht ihn aus, legt Verb\u00e4nde an und bekleidet ihn. Die Handlung wird auf gegeneinanderlaufenden Zeitachsen gezeigt, so da\u00df die Beziehung des Paares im Zustand der [&hellip;]<\/p>\n","protected":false},"author":8606,"featured_media":0,"parent":0,"menu_order":0,"comment_status":"closed","ping_status":"closed","template":"","meta":{"footnotes":""},"class_list":["post-996","page","type-page","status-publish","hentry"],"_links":{"self":[{"href":"https:\/\/blogs.uni-paderborn.de\/brauerhoch\/wp-json\/wp\/v2\/pages\/996","targetHints":{"allow":["GET"]}}],"collection":[{"href":"https:\/\/blogs.uni-paderborn.de\/brauerhoch\/wp-json\/wp\/v2\/pages"}],"about":[{"href":"https:\/\/blogs.uni-paderborn.de\/brauerhoch\/wp-json\/wp\/v2\/types\/page"}],"author":[{"embeddable":true,"href":"https:\/\/blogs.uni-paderborn.de\/brauerhoch\/wp-json\/wp\/v2\/users\/8606"}],"replies":[{"embeddable":true,"href":"https:\/\/blogs.uni-paderborn.de\/brauerhoch\/wp-json\/wp\/v2\/comments?post=996"}],"version-history":[{"count":13,"href":"https:\/\/blogs.uni-paderborn.de\/brauerhoch\/wp-json\/wp\/v2\/pages\/996\/revisions"}],"predecessor-version":[{"id":1780,"href":"https:\/\/blogs.uni-paderborn.de\/brauerhoch\/wp-json\/wp\/v2\/pages\/996\/revisions\/1780"}],"wp:attachment":[{"href":"https:\/\/blogs.uni-paderborn.de\/brauerhoch\/wp-json\/wp\/v2\/media?parent=996"}],"curies":[{"name":"wp","href":"https:\/\/api.w.org\/{rel}","templated":true}]}}