{"id":978,"date":"2020-03-17T22:04:49","date_gmt":"2020-03-17T21:04:49","guid":{"rendered":"https:\/\/blogs.uni-paderborn.de\/brauerhoch\/?page_id=978"},"modified":"2020-06-19T15:13:29","modified_gmt":"2020-06-19T13:13:29","slug":"maria-lang","status":"publish","type":"page","link":"https:\/\/blogs.uni-paderborn.de\/brauerhoch\/maria-lang\/","title":{"rendered":"Maria Lang"},"content":{"rendered":"<div class=\"twoclick_social_bookmarks_post_978 social_share_privacy clearfix 1.6.4 locale-de_DE sprite-de_DE\"><\/div><div class=\"twoclick-js\"><script type=\"text\/javascript\">\/* <![CDATA[ *\/\njQuery(document).ready(function($){if($('.twoclick_social_bookmarks_post_978')){$('.twoclick_social_bookmarks_post_978').socialSharePrivacy({\"txt_help\":\"Wenn Sie diese Felder durch einen Klick aktivieren, werden Informationen an Facebook, Twitter, Flattr, Xing, t3n, LinkedIn, Pinterest oder Google eventuell ins Ausland \\u00fcbertragen und unter Umst\\u00e4nden auch dort gespeichert. N\\u00e4heres erfahren Sie durch einen Klick auf das <em>i<\\\/em>.\",\"settings_perma\":\"Dauerhaft aktivieren und Daten\\u00fcber-tragung zustimmen:\",\"info_link\":\"http:\\\/\\\/www.heise.de\\\/ct\\\/artikel\\\/2-Klicks-fuer-mehr-Datenschutz-1333879.html\",\"uri\":\"https:\\\/\\\/blogs.uni-paderborn.de\\\/brauerhoch\\\/maria-lang\\\/\",\"post_id\":978,\"post_title_referrer_track\":\"Maria+Lang\",\"display_infobox\":\"on\"});}});\n\/* ]]> *\/<\/script><\/div>\n<h3 class=\"wp-block-heading\">Familiengruft \u2013 ein Liebesgedicht an meine Mutter<\/h3>\n\n\n\n<figure class=\"wp-block-image\"><a href=\"https:\/\/blogs.uni-paderborn.de\/brauerhoch\/files\/2020\/03\/lang.jpg\"><img loading=\"lazy\" decoding=\"async\" width=\"300\" height=\"222\" src=\"https:\/\/blogs.uni-paderborn.de\/brauerhoch\/files\/2020\/03\/lang.jpg\" alt=\"\" class=\"wp-image-1260\" \/><\/a><\/figure>\n\n\n\n<p>BRD 1981\/82<br>12 min<br>s\/w<br>Lichtton<br>16mm<br>Produktion: Inter Nationes<\/p>\n\n\n\n<figure class=\"wp-block-video\"><video controls src=\"https:\/\/groups.upb.de\/brauerhoch\/familiengruft.mp4\"><\/video><\/figure>\n\n\n\n<p>Ein Dokumentarfilm mit einer getrennten und sehr widerspr\u00fcchlichen Sprach- und Bildebene. Im Bild wird gezeigt, wie der Vater einen Hasen schlachtet und die Mutter Hefeteig macht. Der Bruder taucht nur auf Familienphotos auf. \u201eIm Ton erz\u00e4hle ich \u00fcber die Familie, das Schweigen, die Verachtung, die Liebe. Der Ton scheint dem Bild zu widersprechen, manchmal kommen die beiden Ebenen auch zusammen und l\u00f6sen sich wieder.\u201c (Maria Lang)<br><em>Filmblatt Westdeutsche Kurzfilmtage Oberhausen 1983.<\/em><\/p>\n\n\n\n<p>Vom Allgemeinen zum Besonderen, vom Sachlichen zum Pers\u00f6nlichen: ein altes Familienfoto, auf dem der Vater in Uniform der deutschen Wehrmacht zu sehen ist, wird im Kommentar beschrieben. \u201aDas ist eine Familie, Vater, Mutter, Sohn\u2019. Erst im n\u00e4chsten Satz gibt die Erz\u00e4hlerin durch ein beil\u00e4ufiges \u201aich\u2019 diese Familie als die eigene zu erkennen. Gleich im \u00fcbern\u00e4chsten wehrt sie Identifikation und libidn\u00f6se Besetzung ab. Kein Wunschkind und dazu ein M\u00e4dchen. \u201aDer Gedanke an Abtreibung kam auf.\u2019 \u2013 Das also ist eine Familie, ihre Familie; sie ist patriarchalisch.<br><em>Heide Schl\u00fcpmann \u2013 In: Westdeutsche Kurzfilmtage Oberhausen 1983, Bericht.<\/em><\/p>\n\n\n\n<p>HIER IST ES ZUR ZEIT SEHR SCH\u00d6N ist ein Triptychon. Den ersten Teil MARIA UND DIE WELT filmte Ute Aurand 1995. Komponiert aus einer Vielzahl kleiner Einheiten, entstehen Bilder aus Marias Leben auf dem Land, wohin sie zur\u00fcckgegangen ist, nachdem die Mutter sich alleine nicht mehr zurechtfand. Marias eigener Film FAMILIENGRUFT \u2013 EIN LIEBES-GEDICHT AN MEINE MUTTER (1981) steht in der Mitte der Trilogie. Hier spricht Maria, die Tochter, \u00fcber sich und ihre Mutter, ihren Vater und ihren Bruder. Sie spricht \u00fcber das, was wir oft verschweigen, \u00fcber die Mauern, die Grenzen, aber auch \u00fcber die Liebe. 22 Jahre sp\u00e4ter filmte Ute Aurand Maria bei der t\u00e4glichen Pflege ihrer Mutter, die inzwischen 96 Jahre alt ist. Geschnitten und fertiggestellt von beiden Filmemacherinnen entsteht 2006 DER SCHMETTERLING IM WINTER \u2013 der dritte Teil des Triptychon.<br><a href=\"http:\/\/films.arsenal-berlin.de\/index.php\/Detail\/Object\/Show\/object_id\/8963\" target=\"_blank\" rel=\"noreferrer noopener\" aria-label=\" (\u00f6ffnet in neuem Tab)\">http:\/\/films.arsenal-berlin.de\/index.php\/Detail\/Object\/Show\/object_id\/8963<\/a><\/p>\n\n\n\n<p><em>Festivals<\/em><br>Oberhausen 1983, 2004<br>femme totale 1989<\/p>\n\n\n\n<p><em>Preise<\/em><br>F\u00f6rderpreis der AG der Filmjournalisten 1983<br>Preis der Unterzeichner des Oberhausener Manifests (ex aequo) 1983<\/p>\n","protected":false},"excerpt":{"rendered":"<p>Familiengruft \u2013 ein Liebesgedicht an meine Mutter BRD 1981\/8212 mins\/wLichtton16mmProduktion: Inter Nationes Ein Dokumentarfilm mit einer getrennten und sehr widerspr\u00fcchlichen Sprach- und Bildebene. Im Bild wird gezeigt, wie der Vater einen Hasen schlachtet und die Mutter Hefeteig macht. Der Bruder taucht nur auf Familienphotos auf. \u201eIm Ton erz\u00e4hle ich \u00fcber die Familie, das Schweigen, die [&hellip;]<\/p>\n","protected":false},"author":8606,"featured_media":0,"parent":0,"menu_order":0,"comment_status":"closed","ping_status":"closed","template":"","meta":{"footnotes":""},"class_list":["post-978","page","type-page","status-publish","hentry"],"_links":{"self":[{"href":"https:\/\/blogs.uni-paderborn.de\/brauerhoch\/wp-json\/wp\/v2\/pages\/978","targetHints":{"allow":["GET"]}}],"collection":[{"href":"https:\/\/blogs.uni-paderborn.de\/brauerhoch\/wp-json\/wp\/v2\/pages"}],"about":[{"href":"https:\/\/blogs.uni-paderborn.de\/brauerhoch\/wp-json\/wp\/v2\/types\/page"}],"author":[{"embeddable":true,"href":"https:\/\/blogs.uni-paderborn.de\/brauerhoch\/wp-json\/wp\/v2\/users\/8606"}],"replies":[{"embeddable":true,"href":"https:\/\/blogs.uni-paderborn.de\/brauerhoch\/wp-json\/wp\/v2\/comments?post=978"}],"version-history":[{"count":3,"href":"https:\/\/blogs.uni-paderborn.de\/brauerhoch\/wp-json\/wp\/v2\/pages\/978\/revisions"}],"predecessor-version":[{"id":1557,"href":"https:\/\/blogs.uni-paderborn.de\/brauerhoch\/wp-json\/wp\/v2\/pages\/978\/revisions\/1557"}],"wp:attachment":[{"href":"https:\/\/blogs.uni-paderborn.de\/brauerhoch\/wp-json\/wp\/v2\/media?parent=978"}],"curies":[{"name":"wp","href":"https:\/\/api.w.org\/{rel}","templated":true}]}}