{"id":1046,"date":"2020-03-17T22:24:49","date_gmt":"2020-03-17T21:24:49","guid":{"rendered":"https:\/\/blogs.uni-paderborn.de\/brauerhoch\/?page_id=1046"},"modified":"2020-06-19T17:30:31","modified_gmt":"2020-06-19T15:30:31","slug":"ula-stoeckl","status":"publish","type":"page","link":"https:\/\/blogs.uni-paderborn.de\/brauerhoch\/ula-stoeckl\/","title":{"rendered":"Ula St\u00f6ckl"},"content":{"rendered":"<div class=\"twoclick_social_bookmarks_post_1046 social_share_privacy clearfix 1.6.4 locale-de_DE sprite-de_DE\"><\/div><div class=\"twoclick-js\"><script type=\"text\/javascript\">\/* <![CDATA[ *\/\njQuery(document).ready(function($){if($('.twoclick_social_bookmarks_post_1046')){$('.twoclick_social_bookmarks_post_1046').socialSharePrivacy({\"txt_help\":\"Wenn Sie diese Felder durch einen Klick aktivieren, werden Informationen an Facebook, Twitter, Flattr, Xing, t3n, LinkedIn, Pinterest oder Google eventuell ins Ausland \\u00fcbertragen und unter Umst\\u00e4nden auch dort gespeichert. N\\u00e4heres erfahren Sie durch einen Klick auf das <em>i<\\\/em>.\",\"settings_perma\":\"Dauerhaft aktivieren und Daten\\u00fcber-tragung zustimmen:\",\"info_link\":\"http:\\\/\\\/www.heise.de\\\/ct\\\/artikel\\\/2-Klicks-fuer-mehr-Datenschutz-1333879.html\",\"uri\":\"https:\\\/\\\/blogs.uni-paderborn.de\\\/brauerhoch\\\/ula-stoeckl\\\/\",\"post_id\":1046,\"post_title_referrer_track\":\"Ula+St%C3%B6ckl\",\"display_infobox\":\"on\"});}});\n\/* ]]> *\/<\/script><\/div>\n<h3 class=\"wp-block-heading\">Antigone<\/h3>\n\n\n\n<figure class=\"wp-block-image\"><a href=\"https:\/\/blogs.uni-paderborn.de\/brauerhoch\/files\/2020\/03\/antigone.jpg\"><img loading=\"lazy\" decoding=\"async\" width=\"283\" height=\"213\" src=\"https:\/\/blogs.uni-paderborn.de\/brauerhoch\/files\/2020\/03\/antigone.jpg\" alt=\"\" class=\"wp-image-1294\" \/><\/a><\/figure>\n\n\n\n<p><br>BRD 1964<br>7 min<br>s\/w<br>Lichtton<br>35mm auf 16mm<br>Buch und Regie: Ula St\u00f6ckl <br>Darsteller: Heide Sparmann (Antigone), Surja Balodis (Theiresias), Robert Roeschke (Kreon), Rainer von Dietz (Haimon)<\/p>\n\n\n\n<figure class=\"wp-block-video\"><video controls src=\"https:\/\/groups.upb.de\/brauerhoch\/antigone.mp4\"><\/video><\/figure>\n\n\n\n<p>Das klassische Epos auf seine reinen Handlungsmomente reduziert. Trotz der turbulenten Handlung in sieben Minuten, ein \u201elangsamer\u201d Film: Im Krieg gegen Kreon k\u00e4mpft ein Bruder Antigones f\u00fcr den K\u00f6nig, einer gegen ihn. Beide sterben. Einer erh\u00e4lt ein Begr\u00e4bnis, der andere bleibt auf der Stra\u00dfe liegen.<\/p>\n\n\n\n<p>Antigone widersetzt sich dem K\u00f6nig und will den Bruder begraben. Antigone wird lebendig eingemauert, zur Strafe.<\/p>\n\n\n\n<p>Ihr Verlobter Haimon st\u00fcrzt sich aus Kummer hier\u00fcber in den Tod. Aus Kummer \u00fcber diesen Tod erh\u00e4ngt sich Eurydike, Haimons Mutter. Und wie der weise Seher voraussagt, erw\u00e4chst dem K\u00f6nig Kreon aus all diesem Sterben kein Gl\u00fcck: er wird umgebracht. Macht insgesamt sechs Tote. Obwohl der Krieg vorbei ist.<\/p>\n\n\n\n<p>01: Mit ANTIGONE, ihrem ersten Film, hat Ula St\u00f6ckl bereits die Tendenz festgelegt, der alle ihre sp\u00e4teren Filme folgen sollten. Sie benutzt ihren eigenen Erfahrungshintergrund als Fundus f\u00fcr ihre Themen, ohne dabei einfach autobiographisch zu arbeiten und sich selbst zum Mittelpunkt des Films zu machen. Sie inszeniert ihre Filme mit scharfem Blick f\u00fcr die Realit\u00e4t, ohne sie jedoch direkt abbilden zu wollen. Gerade dadurch deckt sie deren Strukturen auf und erreicht damit die Umsetzung der konzeptionellen Anspr\u00fcche, dabei die Grenzen des Dokumentarfilms verschiebend.<br><em>Daniela Sannwald \u2013 In: Anschauung und Begriff: die Arbeiten des Instituts f\u00fcr Filmgestaltung Ulm 1962-1995. Hg. von Klaus Eder, G\u00fcnther H\u00f6rmann u.a., Frankfurt am Main 1995, S. 41.<\/em><\/p>\n\n\n\n<p>Ula St\u00f6ckl, 1964: Mein wirklich erster Film ist ANTIGONE. Warum Antigone? Warum Antigone so? Antigone als Mensch hat ein Schicksal, das einen Archetypus menschlichen Verhaltens darstellt: Sie vermittelt zwischen den g\u00f6ttlichen und den menschlichen Autorit\u00e4ten. Das hei\u00dft, das G\u00f6ttliche der an den Menschen gestellten Forderungen ist der Respekt vor dem anderen Menschen noch im Tode. Die Leiche eines im Kriege gefallenen Mannes darf nicht auch noch zum Spott und zur Schande auf der Stra\u00dfe liegen bleiben, wie es die k\u00f6nigliche, die Staatsmacht befielt. Weil ich nicht wei\u00df, wie die Menschen damals wirklich gesprochen haben, ist die Sprache nicht lippensynchron. Es soll nur auf die Tatsache hingewiesen werden, da\u00df auch damals gesprochen wurde. Warum diese Form? Siebeneinhalb Minuten? Weil ich mir vorstellte, Antigones Geschichte als eine Art Abendzeitungsbericht zu lesen. Beides, die Form der Berichterstattung und die Geschichte haben mit unserer Realit\u00e4t zu tun.<br><em>Ula St\u00f6ckl<\/em><\/p>\n\n\n\n<p><em>Links<\/em><br><a rel=\"noreferrer noopener\" aria-label=\" (\u00f6ffnet in neuem Tab)\" href=\"http:\/\/www.ula-stoeckl.com\/\" target=\"_blank\">www.ula-stoeckl.com<\/a><br><a href=\"http:\/\/www.ula-stoeckl.com\/Film-Seiten\/01_Antigone_E.html\" target=\"_blank\" rel=\"noreferrer noopener\" aria-label=\"http:\/\/www.ula-stoeckl.com\/Film-Seiten\/01_Antigone_E.html (\u00f6ffnet in neuem Tab)\">http:\/\/www.ula-stoeckl.com\/Film-Seiten\/01_Antigone_E.html<\/a><\/p>\n\n\n\n<p><em>Festivals<\/em><br>Westdeutsche Kurzfilmtage Oberhausen 1964<\/p>\n","protected":false},"excerpt":{"rendered":"<p>Antigone BRD 19647 mins\/wLichtton35mm auf 16mmBuch und Regie: Ula St\u00f6ckl Darsteller: Heide Sparmann (Antigone), Surja Balodis (Theiresias), Robert Roeschke (Kreon), Rainer von Dietz (Haimon) Das klassische Epos auf seine reinen Handlungsmomente reduziert. Trotz der turbulenten Handlung in sieben Minuten, ein \u201elangsamer\u201d Film: Im Krieg gegen Kreon k\u00e4mpft ein Bruder Antigones f\u00fcr den K\u00f6nig, einer gegen [&hellip;]<\/p>\n","protected":false},"author":8606,"featured_media":0,"parent":0,"menu_order":0,"comment_status":"closed","ping_status":"closed","template":"","meta":{"footnotes":""},"class_list":["post-1046","page","type-page","status-publish","hentry"],"_links":{"self":[{"href":"https:\/\/blogs.uni-paderborn.de\/brauerhoch\/wp-json\/wp\/v2\/pages\/1046","targetHints":{"allow":["GET"]}}],"collection":[{"href":"https:\/\/blogs.uni-paderborn.de\/brauerhoch\/wp-json\/wp\/v2\/pages"}],"about":[{"href":"https:\/\/blogs.uni-paderborn.de\/brauerhoch\/wp-json\/wp\/v2\/types\/page"}],"author":[{"embeddable":true,"href":"https:\/\/blogs.uni-paderborn.de\/brauerhoch\/wp-json\/wp\/v2\/users\/8606"}],"replies":[{"embeddable":true,"href":"https:\/\/blogs.uni-paderborn.de\/brauerhoch\/wp-json\/wp\/v2\/comments?post=1046"}],"version-history":[{"count":5,"href":"https:\/\/blogs.uni-paderborn.de\/brauerhoch\/wp-json\/wp\/v2\/pages\/1046\/revisions"}],"predecessor-version":[{"id":1639,"href":"https:\/\/blogs.uni-paderborn.de\/brauerhoch\/wp-json\/wp\/v2\/pages\/1046\/revisions\/1639"}],"wp:attachment":[{"href":"https:\/\/blogs.uni-paderborn.de\/brauerhoch\/wp-json\/wp\/v2\/media?parent=1046"}],"curies":[{"name":"wp","href":"https:\/\/api.w.org\/{rel}","templated":true}]}}