{"id":101,"date":"2019-12-14T15:30:59","date_gmt":"2019-12-14T14:30:59","guid":{"rendered":"https:\/\/blogs.uni-paderborn.de\/brauerhoch\/?page_id=101"},"modified":"2020-06-04T12:45:45","modified_gmt":"2020-06-04T10:45:45","slug":"filmwissenschaften","status":"publish","type":"page","link":"https:\/\/blogs.uni-paderborn.de\/brauerhoch\/filmwissenschaften\/","title":{"rendered":"Filmwissenschaften"},"content":{"rendered":"<div class=\"twoclick_social_bookmarks_post_101 social_share_privacy clearfix 1.6.4 locale-de_DE sprite-de_DE\"><\/div><div class=\"twoclick-js\"><script type=\"text\/javascript\">\/* <![CDATA[ *\/\njQuery(document).ready(function($){if($('.twoclick_social_bookmarks_post_101')){$('.twoclick_social_bookmarks_post_101').socialSharePrivacy({\"txt_help\":\"Wenn Sie diese Felder durch einen Klick aktivieren, werden Informationen an Facebook, Twitter, Flattr, Xing, t3n, LinkedIn, Pinterest oder Google eventuell ins Ausland \\u00fcbertragen und unter Umst\\u00e4nden auch dort gespeichert. N\\u00e4heres erfahren Sie durch einen Klick auf das <em>i<\\\/em>.\",\"settings_perma\":\"Dauerhaft aktivieren und Daten\\u00fcber-tragung zustimmen:\",\"info_link\":\"http:\\\/\\\/www.heise.de\\\/ct\\\/artikel\\\/2-Klicks-fuer-mehr-Datenschutz-1333879.html\",\"uri\":\"https:\\\/\\\/blogs.uni-paderborn.de\\\/brauerhoch\\\/filmwissenschaften\\\/\",\"post_id\":101,\"post_title_referrer_track\":\"Filmwissenschaften\",\"display_infobox\":\"on\"});}});\n\/* ]]> *\/<\/script><\/div>\n<p>Filmwissenschaft am Institut f\u00fcr Medienwissenschaften vermittelt Grundlagen f\u00fcr eine historisch-kritische Analyse und ein umfassendes Verst\u00e4ndnis von Kino und Film in Kultur und Gesellschaft. In Paderborn bietet der Bereich Film- und Fernsehwissenschaft im Unterschied zu anderen medienwissenschaftlichen Instituten der Bundesrepublik mit einem Kinoseminarraum, 16mm- sowie Super 8-Projektion und Filmarchiven die M\u00f6glichkeit und Erfahrung des medialen Vergleichs zwischen analog und digital in der Lehre, der Praxis und Forschung.<\/p>\n\n\n\n<figure class=\"wp-block-image\"><a href=\"https:\/\/blogs.uni-paderborn.de\/brauerhoch\/files\/2019\/12\/Seminarraum-Filmwissenschaft-300x213.jpg\"><img loading=\"lazy\" decoding=\"async\" width=\"300\" height=\"213\" src=\"https:\/\/blogs.uni-paderborn.de\/brauerhoch\/files\/2019\/12\/Seminarraum-Filmwissenschaft-300x213.jpg\" alt=\"Filmseminarraum\" class=\"wp-image-269\" \/><\/a><\/figure>\n\n\n\n<p><strong>Generelle Zielsetzung:<\/strong><\/p>\n\n\n\n<p>Filmwissenschaft bildet eine eigenst\u00e4ndige Disziplin, die sich wie die Medienwissenschaft, bezogen aber auf ein konkretes Medium, mit der Geschichte, Theorie und \u00c4sthetik des Films auseinandersetzt. Zum Film geh\u00f6ren seine Bedeutung als Massenmedium, seine Materialit\u00e4t als \u00e4sthetisches und \u00f6konomisches Element, seine institutionellen Formen der Produktion, Distribution, Projektion und Rezeption, die Analyse wahrnehmungspsychologischer Dimensionen und ideologischer Formationen, seine gesellschaftliche Voraussetzung und Bedeutung.<\/p>\n\n\n\n<figure class=\"wp-block-image\"><a href=\"https:\/\/blogs.uni-paderborn.de\/brauerhoch\/files\/2019\/12\/Lehrstuhl-Filmwissenschaft-Vorfuehrraum-300x225.jpg\"><img loading=\"lazy\" decoding=\"async\" width=\"300\" height=\"225\" src=\"https:\/\/blogs.uni-paderborn.de\/brauerhoch\/files\/2019\/12\/Lehrstuhl-Filmwissenschaft-Vorfuehrraum-300x225.jpg\" alt=\"Projektionskabine\" class=\"wp-image-271\" \/><\/a><\/figure>\n\n\n\n<p><strong>Schwerpunkte:<\/strong><\/p>\n\n\n\n<p>Filmwissenschaft in Paderborn wird als Kinowissenschaft betrieben, insofern sie den Ort und die Bedingungen der Filmwahrnehmung in der Projektion zum Gegenstand der Wahrnehmung und Analyse macht. Dies geschieht zum einen in enger Zusammenarbeit mit der seit 2002 bestehenden studentischen Initiative Lichtblick, Programmkino in Paderborn, die Veranstaltungen im Kino ebenso wie im Kinoseminarraum organisiert. Zum anderen durch den Ankauf von Filmkopien, die im Filmseminarraum zur Vorf\u00fchrung kommen.<\/p>\n\n\n\n<figure class=\"wp-block-image\"><a href=\"https:\/\/blogs.uni-paderborn.de\/brauerhoch\/files\/2019\/12\/Lehrstuhl-Filmwissenschaft-Filmarchiv-300x225.jpg\"><img loading=\"lazy\" decoding=\"async\" width=\"300\" height=\"225\" src=\"https:\/\/blogs.uni-paderborn.de\/brauerhoch\/files\/2019\/12\/Lehrstuhl-Filmwissenschaft-Filmarchiv-300x225.jpg\" alt=\"Filmarchiv\" class=\"wp-image-273\" \/><\/a><\/figure>\n\n\n\n<p>Diese Praxis bildet die Grundlage f\u00fcr eine materielle \u00c4sthetik des Films: Studierende sollen bef\u00e4higt werden, mediale Differenzen wahrzunehmen, darzustellen und kritisch zu w\u00fcrdigen. Die M\u00f6glichkeiten dazu werden im konkreten Umgang mit dem Material am Schneidetisch, in der Projektion und in der gemeinsamen Filmsichtung gegeben.<br>Film (einschlie\u00dflich des Fernsehfilms) bildet (auf unterschiedlichen Tr\u00e4germaterialien und in unterschiedlichen \u00dcbertragungs- und Rezeptionsmodi wie Zelluloid, Magnetband, DVD, download) ein \u00e4sthetisches wie ein kommunikatives Gebilde. Diese Dimensionen gilt es in ihrem Verh\u00e4ltnis zu benachbarten Disziplinen (der Soziologie, Kunstwissenschaft, Semiotik) auszuloten, wie in ihren Abh\u00e4ngigkeiten von technologischen und gesellschaftlichen Prozessen zu analysieren.<\/p>\n\n\n\n<p>Einzelne Seminare bieten beispielsweise:<\/p>\n\n\n\n<ul class=\"wp-block-list\"><li>Einf\u00fchrungen in den Gegenstand und die Methoden der Filmwissenschaft<\/li><li>sozial- und kulturhistorische Zusammenh\u00e4nge der Entwicklung bestimmter Genres und Stilrichtungen<\/li><li>klassische und moderne Filmtheorien<\/li><li>Film und Genderfragen, feministische Filmtheorie<\/li><li>Filmgeschichte und Filmhistoriographie<\/li><li>Fernsehtheorien<\/li><\/ul>\n\n\n\n<p>Dar\u00fcber hinaus werden regelm\u00e4\u00dfig Exkursionen zu Filmfestivals angeboten.<\/p>\n","protected":false},"excerpt":{"rendered":"<p>Filmwissenschaft am Institut f\u00fcr Medienwissenschaften vermittelt Grundlagen f\u00fcr eine historisch-kritische Analyse und ein umfassendes Verst\u00e4ndnis von Kino und Film in Kultur und Gesellschaft. In Paderborn bietet der Bereich Film- und Fernsehwissenschaft im Unterschied zu anderen medienwissenschaftlichen Instituten der Bundesrepublik mit einem Kinoseminarraum, 16mm- sowie Super 8-Projektion und Filmarchiven die M\u00f6glichkeit und Erfahrung des medialen Vergleichs [&hellip;]<\/p>\n","protected":false},"author":8248,"featured_media":0,"parent":0,"menu_order":0,"comment_status":"closed","ping_status":"closed","template":"","meta":{"footnotes":""},"class_list":["post-101","page","type-page","status-publish","hentry"],"_links":{"self":[{"href":"https:\/\/blogs.uni-paderborn.de\/brauerhoch\/wp-json\/wp\/v2\/pages\/101","targetHints":{"allow":["GET"]}}],"collection":[{"href":"https:\/\/blogs.uni-paderborn.de\/brauerhoch\/wp-json\/wp\/v2\/pages"}],"about":[{"href":"https:\/\/blogs.uni-paderborn.de\/brauerhoch\/wp-json\/wp\/v2\/types\/page"}],"author":[{"embeddable":true,"href":"https:\/\/blogs.uni-paderborn.de\/brauerhoch\/wp-json\/wp\/v2\/users\/8248"}],"replies":[{"embeddable":true,"href":"https:\/\/blogs.uni-paderborn.de\/brauerhoch\/wp-json\/wp\/v2\/comments?post=101"}],"version-history":[{"count":6,"href":"https:\/\/blogs.uni-paderborn.de\/brauerhoch\/wp-json\/wp\/v2\/pages\/101\/revisions"}],"predecessor-version":[{"id":1452,"href":"https:\/\/blogs.uni-paderborn.de\/brauerhoch\/wp-json\/wp\/v2\/pages\/101\/revisions\/1452"}],"wp:attachment":[{"href":"https:\/\/blogs.uni-paderborn.de\/brauerhoch\/wp-json\/wp\/v2\/media?parent=101"}],"curies":[{"name":"wp","href":"https:\/\/api.w.org\/{rel}","templated":true}]}}